000
CDUS43 KJKL 011136
CLILOZ

CLIMATE REPORT
NATIONAL WEATHER SERVICE JACKSON KY
636 AM EST MON JAN 1 2018

...................................

...THE LONDON KY CLIMATE SUMMARY FOR DECEMBER 31 2017...

CLIMATE NORMAL PERIOD 1981 TO 2010
CLIMATE RECORD PERIOD 1954 TO 2017


WEATHER ITEM   OBSERVED TIME   RECORD YEAR NORMAL DEPARTURE LAST
                VALUE   (LST)  VALUE       VALUE  FROM      YEAR
                                                  NORMAL
..................................................................

TEMPERATURE (F)
 YESTERDAY
  MAXIMUM         20    457 PM  70    1974  45    -25       45
  MINIMUM         10    817 AM   1    1976  27    -17       28
  AVERAGE         15                        36    -21       37

PRECIPITATION (IN)
  YESTERDAY        0.00          1.02 1973   0.12  -0.12     0.10
  MONTH TO DATE    2.91                      4.24  -1.33     6.30
  SINCE DEC 1      2.91                      4.24  -1.33     6.30

SNOWFALL (IN)
  YESTERDAY       MM
  MONTH TO DATE   MM
  SINCE DEC 1     MM
  SINCE JUL 1     MM
  SNOW DEPTH      MM

DEGREE DAYS
 HEATING
  YESTERDAY       50                        29     21       28
  MONTH TO DATE  884                       822     62      794
  SINCE DEC 1    884                       822     62      794
  SINCE JUL 1   1665                      1652     13     1385

 COOLING
  YESTERDAY        0                         0      0        0
  MONTH TO DATE    0                         1     -1        0
  SINCE DEC 1      0                         1     -1        0
  SINCE JAN 1   1141                      1191    -50     1507
..................................................................

WIND (MPH)
  HIGHEST WIND SPEED    14   HIGHEST WIND DIRECTION     N (340)
  HIGHEST GUST SPEED    20   HIGHEST GUST DIRECTION     N (350)
  AVERAGE WIND SPEED     7.6


SKY COVER
  POSSIBLE SUNSHINE  MM
  AVERAGE SKY COVER 0.5


WEATHER CONDITIONS
 THE FOLLOWING WEATHER WAS RECORDED YESTERDAY.
  NO SIGNIFICANT WEATHER WAS OBSERVED.


RELATIVE HUMIDITY (PERCENT)
 HIGHEST    76           300 AM
 LOWEST     43           200 PM
 AVERAGE    60
..........................................................

THE LONDON KY CLIMATE NORMALS FOR TODAY
                         NORMAL    RECORD    YEAR
 MAXIMUM TEMPERATURE (F)   45        68      1985
 MINIMUM TEMPERATURE (F)   27        -4      1977


SUNRISE AND SUNSET
JANUARY  1 2018.......SUNRISE   750 AM EST   SUNSET   530 PM EST
JANUARY  2 2018.......SUNRISE   750 AM EST   SUNSET   531 PM EST


-  INDICATES NEGATIVE NUMBERS.
R  INDICATES RECORD WAS SET OR TIED.
MM INDICATES DATA IS MISSING.
T  INDICATES TRACE AMOUNT.
$$
