000
CDUS43 KJKL 090601
CLILOZ

CLIMATE REPORT
NATIONAL WEATHER SERVICE JACKSON KY
201 AM EDT FRI JUN 9 2017
...................................

...THE JACKSON KY CLIMATE SUMMARY FOR JUNE 8 2017...

CLIMATE NORMAL PERIOD 1981 TO 2010
CLIMATE RECORD PERIOD 1981 TO 2017

WEATHER ITEM   OBSERVED TIME   RECORD YEAR NORMAL DEPARTURE LAST
                VALUE   (LST)  VALUE       VALUE  FROM      YEAR
                                                  NORMAL
..................................................................
TEMPERATURE (F)
 YESTERDAY
  MAXIMUM         74    234 PM  92    2011  80     -6       73
  MINIMUM         53    623 AM  50    1983  61     -8       54
  AVERAGE         64                        70     -6       64

PRECIPITATION (IN)
  YESTERDAY        0.00          2.03 1982   0.17  -0.17     0.00
  MONTH TO DATE    1.35                      1.34   0.01     1.44
  SINCE JUN 1      1.35                      1.34   0.01     1.44
  SINCE JAN 1     24.77                     21.85   2.92    24.24

SNOWFALL (IN)
  YESTERDAY        0.0                       0.0    0.0      0.0
  MONTH TO DATE    0.0                       0.0    0.0      0.0
  SINCE JUN 1      0.0                       0.0    0.0      0.0
  SINCE JUL 1      4.8                      23.5  -18.7     32.5
  SNOW DEPTH       0

DEGREE DAYS
 HEATING
  YESTERDAY        1                         1      0        1
  MONTH TO DATE    4                         8     -4        1
  SINCE JUN 1      4                         8     -4        1
  SINCE JUL 1   3213                      4230  -1017     3455

 COOLING
  YESTERDAY        0                         6     -6        0
  MONTH TO DATE   26                        43    -17       64
  SINCE JUN 1     26                        43    -17       64
  SINCE JAN 1    225                       179     46      205
..................................................................

WIND (MPH)
  HIGHEST WIND SPEED     8   HIGHEST WIND DIRECTION    NW (310)
  HIGHEST GUST SPEED    11   HIGHEST GUST DIRECTION    NW (310)
  AVERAGE WIND SPEED     1.0

SKY COVER
  POSSIBLE SUNSHINE  MM
  AVERAGE SKY COVER 0.5

WEATHER CONDITIONS
 THE FOLLOWING WEATHER WAS RECORDED YESTERDAY.
  NO SIGNIFICANT WEATHER WAS OBSERVED.

RELATIVE HUMIDITY (PERCENT)
 HIGHEST    93           200 AM
 LOWEST     57           300 PM
 AVERAGE    75
..........................................................

THE JACKSON KY CLIMATE NORMALS FOR TODAY
                         NORMAL    RECORD    YEAR
 MAXIMUM TEMPERATURE (F)   80        90      2008
                                             1999
 MINIMUM TEMPERATURE (F)   61        49      1988

SUNRISE AND SUNSET
JUNE  9 2017..........SUNRISE   612 AM EDT   SUNSET   854 PM EDT
JUNE 10 2017..........SUNRISE   611 AM EDT   SUNSET   854 PM EDT

-  INDICATES NEGATIVE NUMBERS.
R  INDICATES RECORD WAS SET OR TIED.
MM INDICATES DATA IS MISSING.
T  INDICATES TRACE AMOUNT.

$$
