000
CDUS43 KJKL 210603
CLILOZ

CLIMATE REPORT
NATIONAL WEATHER SERVICE JACKSON KY
103 AM EST MON NOV 21 2016
...................................

...THE LONDON KY CLIMATE SUMMARY FOR NOVEMBER 20 2016...

CLIMATE NORMAL PERIOD 1981 TO 2010
CLIMATE RECORD PERIOD 1954 TO 2016

WEATHER ITEM   OBSERVED TIME   RECORD YEAR NORMAL DEPARTURE LAST
                VALUE   (LST)  VALUE       VALUE  FROM      YEAR
                                                  NORMAL
..................................................................
TEMPERATURE (F)
 YESTERDAY
  MAXIMUM         43    337 PM  73    1994  57    -14       53
  MINIMUM         26   1159 PM  20    1969  36    -10       30
  AVERAGE         35                        46    -11       42

PRECIPITATION (IN)
  YESTERDAY        0.00          1.69 1988   0.14  -0.14     0.00
  MONTH TO DATE    0.25                      2.42  -2.17     1.45
  SINCE SEP 1      2.33                      8.81  -6.48     8.51

SNOWFALL (IN)
  YESTERDAY       MM
  MONTH TO DATE   MM
  SINCE SEP 1     MM
  SINCE JUL 1     MM
  SNOW DEPTH      MM

DEGREE DAYS
 HEATING
  YESTERDAY       30                        19     11       23
  MONTH TO DATE  269                       317    -48      229
  SINCE SEP 1    405                       622   -217      485
  SINCE JUL 1    405                       623   -218      485

 COOLING
  YESTERDAY        0                         0      0        0
  MONTH TO DATE    7                         0      7        5
  SINCE SEP 1    284                       164    120      216
  SINCE JAN 1   1507                      1188    319     1387
..................................................................

WIND (MPH)
  HIGHEST WIND SPEED    16   HIGHEST WIND DIRECTION     W (280)
  HIGHEST GUST SPEED    21   HIGHEST GUST DIRECTION     W (290)
  AVERAGE WIND SPEED     5.9

SKY COVER
  POSSIBLE SUNSHINE  MM
  AVERAGE SKY COVER 0.2

WEATHER CONDITIONS
 THE FOLLOWING WEATHER WAS RECORDED YESTERDAY.
  NO SIGNIFICANT WEATHER WAS OBSERVED.

RELATIVE HUMIDITY (PERCENT)
 HIGHEST    75           700 AM
 LOWEST     30           300 PM
 AVERAGE    53
..........................................................

THE LONDON KY CLIMATE NORMALS FOR TODAY
                         NORMAL    RECORD    YEAR
 MAXIMUM TEMPERATURE (F)   56        75      1979
 MINIMUM TEMPERATURE (F)   35        15      1964

SUNRISE AND SUNSET
NOVEMBER 21 2016......SUNRISE   722 AM EST   SUNSET   523 PM EST
NOVEMBER 22 2016......SUNRISE   723 AM EST   SUNSET   522 PM EST

-  INDICATES NEGATIVE NUMBERS.
R  INDICATES RECORD WAS SET OR TIED.
MM INDICATES DATA IS MISSING.
T  INDICATES TRACE AMOUNT.

$$
