000
CDUS43 KJKL 190604
CLILOZ

CLIMATE REPORT
NATIONAL WEATHER SERVICE JACKSON KY
104 AM EST THU FEB 19 2015

...................................

...THE LONDON KY CLIMATE SUMMARY FOR FEBRUARY 18 2015...

CLIMATE NORMAL PERIOD 1981 TO 2010
CLIMATE RECORD PERIOD 1954 TO 2015

WEATHER ITEM   OBSERVED TIME   RECORD YEAR NORMAL DEPARTURE LAST
                VALUE   (LST)  VALUE       VALUE  FROM      YEAR
                                                  NORMAL
..................................................................
TEMPERATURE (F)
 YESTERDAY
  MAXIMUM         24   1227 PM  71    1986  51    -27       60
  MINIMUM          3    120 AM  -4    1958  30    -27       31
  AVERAGE         14                        40    -26       46

PRECIPITATION (IN)
  YESTERDAY        0.04          1.30 1991   0.13  -0.09     0.00
  MONTH TO DATE    2.09                      2.34  -0.25     3.07
  SINCE DEC 1      8.28                     10.12  -1.84    11.79
  SINCE JAN 1      4.47                      5.88  -1.41     5.35

SNOWFALL (IN)
  YESTERDAY       MM
  MONTH TO DATE   MM
  SINCE DEC 1     MM
  SINCE JUL 1     MM
  SNOW DEPTH      MM

DEGREE DAYS
 HEATING
  YESTERDAY       51                        25     26       19
  MONTH TO DATE  602                       479    123      547
  SINCE DEC 1   2267                      2212     55     2411
  SINCE JUL 1   3211                      3042    169     3278

 COOLING
  YESTERDAY        0                         0      0        0
  MONTH TO DATE    0                         0      0        0
  SINCE DEC 1      0                         1     -1        0
  SINCE JAN 1      0                         0      0        0
..................................................................

WIND (MPH)
  HIGHEST WIND SPEED    28   HIGHEST WIND DIRECTION     W (290)
  HIGHEST GUST SPEED    39   HIGHEST GUST DIRECTION     W (290)
  AVERAGE WIND SPEED    11.6

SKY COVER
  POSSIBLE SUNSHINE  MM
  AVERAGE SKY COVER 0.7

WEATHER CONDITIONS
 THE FOLLOWING WEATHER WAS RECORDED YESTERDAY.
  HEAVY SNOW
  SNOW
  LIGHT SNOW
  HAZE

RELATIVE HUMIDITY (PERCENT)
 HIGHEST    80           300 AM
 LOWEST     39           200 PM
 AVERAGE    60

..........................................................

THE LONDON KY CLIMATE NORMALS FOR TODAY
                         NORMAL    RECORD    YEAR
 MAXIMUM TEMPERATURE (F)   51        72      1994
 MINIMUM TEMPERATURE (F)   30        -2      1958

SUNRISE AND SUNSET
FEBRUARY 19 2015......SUNRISE   721 AM EST   SUNSET   620 PM EST
FEBRUARY 20 2015......SUNRISE   719 AM EST   SUNSET   621 PM EST

-  INDICATES NEGATIVE NUMBERS.
R  INDICATES RECORD WAS SET OR TIED.
MM INDICATES DATA IS MISSING.
T  INDICATES TRACE AMOUNT.

$$
