000
CDUS43 KJKL 050544
CLILOZ

CLIMATE REPORT
NATIONAL WEATHER SERVICE JACKSON KY
1229 AM EST FRI JAN 5 2018

...................................

...THE LONDON KY CLIMATE SUMMARY FOR JANUARY 4 2018...

CLIMATE NORMAL PERIOD 1981 TO 2010
CLIMATE RECORD PERIOD 1954 TO 2018

WEATHER ITEM   OBSERVED TIME   RECORD YEAR NORMAL DEPARTURE LAST
                VALUE   (LST)  VALUE       VALUE  FROM      YEAR
                                                  NORMAL
..................................................................
TEMPERATURE (F)
 YESTERDAY
  MAXIMUM         24   1230 AM  69    1993  45    -21       48
  MINIMUM         12   1159 PM  -8    1969  27    -15       25
  AVERAGE         18                        36    -18       37

PRECIPITATION (IN)
  YESTERDAY        T             2.20 1971   0.12  -0.12      T
  MONTH TO DATE    T                         0.46  -0.46     0.72
  SINCE DEC 1      2.91                      4.70  -1.79     7.02
  SINCE JAN 1      T                         0.46  -0.46     0.72

SNOWFALL (IN)
  YESTERDAY       MM
  MONTH TO DATE   MM
  SINCE DEC 1     MM
  SINCE JUL 1     MM
  SNOW DEPTH      MM

DEGREE DAYS
 HEATING
  YESTERDAY       47                        29              28

 COOLING
  YESTERDAY        0                         0      0        0
  MONTH TO DATE    0                         0      0        0
  SINCE DEC 1      0                         1     -1        0
  SINCE JAN 1      0                         0      0        0
..................................................................

WIND (MPH)
  HIGHEST WIND SPEED    16   HIGHEST WIND DIRECTION     W (290)
  HIGHEST GUST SPEED    27   HIGHEST GUST DIRECTION    NW (320)
  AVERAGE WIND SPEED    10.1

SKY COVER
  POSSIBLE SUNSHINE  MM
  AVERAGE SKY COVER 1.0

WEATHER CONDITIONS
 THE FOLLOWING WEATHER WAS RECORDED YESTERDAY.
  LIGHT SNOW
  FOG

RELATIVE HUMIDITY (PERCENT)
 HIGHEST    73           300 AM
 LOWEST     49           300 PM
 AVERAGE    61
..........................................................

THE LONDON KY CLIMATE NORMALS FOR TODAY
                         NORMAL    RECORD    YEAR
 MAXIMUM TEMPERATURE (F)   44        68      2007
 MINIMUM TEMPERATURE (F)   27       -12      1969

SUNRISE AND SUNSET
JANUARY  5 2018.......SUNRISE   750 AM EST   SUNSET   534 PM EST
JANUARY  6 2018.......SUNRISE   750 AM EST   SUNSET   534 PM EST

-  INDICATES NEGATIVE NUMBERS.
R  INDICATES RECORD WAS SET OR TIED.
MM INDICATES DATA IS MISSING.
T  INDICATES TRACE AMOUNT.

$$

SHALLENBERGER
