000
CDUS43 KJKL 312046
CLILOZ

CLIMATE REPORT
NATIONAL WEATHER SERVICE JACKSON KY
446 PM EDT TUE OCT 31 2017

...................................

...THE LONDON KY CLIMATE SUMMARY FOR OCTOBER 31 2017...
VALID TODAY AS OF 0400 PM LOCAL TIME.

CLIMATE NORMAL PERIOD 1981 TO 2010
CLIMATE RECORD PERIOD 1954 TO 2017

WEATHER ITEM   OBSERVED TIME   RECORD YEAR NORMAL DEPARTURE LAST
                VALUE   (LST)  VALUE       VALUE  FROM      YEAR
                                                  NORMAL
..................................................................
TEMPERATURE (F)
 TODAY
  MAXIMUM         55    259 PM  81    1984  65    -10       79
  MINIMUM         36    650 AM  24    1980  41     -5       53
  AVERAGE         46                        53     -7       66

PRECIPITATION (IN)
  TODAY            0.00          1.29 1956   0.11  -0.11     0.00
  MONTH TO DATE    5.30                      3.02   2.28     0.90
  SINCE SEP 1      7.09                      6.39   0.70     2.08

SNOWFALL (IN)
  TODAY           MM
  MONTH TO DATE   MM
  SINCE SEP 1     MM
  SINCE JUL 1     MM
  SNOW DEPTH      MM

DEGREE DAYS
 HEATING
  TODAY           19                        12      7        0
  MONTH TO DATE  226                       260    -34      115
  SINCE SEP 1    267                       305    -38      136
  SINCE JUL 1    267                       306    -39      136

 COOLING
  TODAY            0                         0      0        1
  MONTH TO DATE   42                        21     21       45
  SINCE SEP 1    166                       164      2      277
  SINCE JAN 1   1135                      1188    -53     1500
..................................................................

WIND (MPH)
  HIGHEST WIND SPEED     9   HIGHEST WIND DIRECTION     W (280)
  HIGHEST GUST SPEED    14   HIGHEST GUST DIRECTION     W (280)
  AVERAGE WIND SPEED     2.7

SKY COVER
  POSSIBLE SUNSHINE  MM
  AVERAGE SKY COVER 0.4

WEATHER CONDITIONS
 THE FOLLOWING WEATHER WAS RECORDED TODAY.
  NO SIGNIFICANT WEATHER WAS OBSERVED.

RELATIVE HUMIDITY (PERCENT)
 HIGHEST    86           500 AM
 LOWEST     41           200 PM
 AVERAGE    64

..........................................................

THE LONDON KY CLIMATE NORMALS FOR TOMORROW
                         NORMAL    RECORD    YEAR
 MAXIMUM TEMPERATURE (F)   64        83      2016
 MINIMUM TEMPERATURE (F)   41        27      1962

SUNRISE AND SUNSET
OCTOBER 31 2017.......SUNRISE   800 AM EDT   SUNSET   640 PM EDT
NOVEMBER  1 2017......SUNRISE   801 AM EDT   SUNSET   639 PM EDT

-  INDICATES NEGATIVE NUMBERS.
R  INDICATES RECORD WAS SET OR TIED.
MM INDICATES DATA IS MISSING.
T  INDICATES TRACE AMOUNT.

$$
