000
CDUS43 KJKL 120640
CLILOZ

CLIMATE REPORT
NATIONAL WEATHER SERVICE JACKSON KY
240 AM EDT WED APR 12 2017

...................................

...THE LONDON KY CLIMATE SUMMARY FOR APRIL 11 2017...

CLIMATE NORMAL PERIOD 1981 TO 2010
CLIMATE RECORD PERIOD 1954 TO 2017

WEATHER ITEM   OBSERVED TIME   RECORD YEAR NORMAL DEPARTURE LAST
                VALUE   (LST)  VALUE       VALUE  FROM      YEAR
                                                  NORMAL
..................................................................
TEMPERATURE (F)
 YESTERDAY
  MAXIMUM         80    411 PM  86    1977  67     13       71
  MINIMUM         59   1159 PM  22    1960  43     16       52
  AVERAGE         70                        55     15       62

PRECIPITATION (IN)
  YESTERDAY        0.01          1.48 1962   0.13  -0.12     0.07
  MONTH TO DATE    0.76                      1.42  -0.66     0.86
  SINCE MAR 1      5.79                      5.47   0.32     2.99

SNOWFALL (IN)
  YESTERDAY       MM
  MONTH TO DATE   MM
  SINCE MAR 1     MM
  SINCE JUL 1     MM
  SNOW DEPTH      MM

DEGREE DAYS
 HEATING
  YESTERDAY        0                        10    -10        3
  MONTH TO DATE   88                       129    -41      177
  SINCE MAR 1    601                       678    -77      576
  SINCE JUL 1   3196                      3954   -758     3492

 COOLING
  YESTERDAY        5                         1      4        0
  MONTH TO DATE    6                         3      3        0
  SINCE MAR 1      9                         6      3        0
  SINCE JAN 1      9                         6      3        0
..................................................................

WIND (MPH)
  HIGHEST WIND SPEED    23   HIGHEST WIND DIRECTION     N (340)
  HIGHEST GUST SPEED    33   HIGHEST GUST DIRECTION     N (340)
  AVERAGE WIND SPEED     7.6

SKY COVER
  POSSIBLE SUNSHINE  MM
  AVERAGE SKY COVER 0.3

WEATHER CONDITIONS
 THE FOLLOWING WEATHER WAS RECORDED YESTERDAY.
  THUNDERSTORM

RELATIVE HUMIDITY (PERCENT)
 HIGHEST    84          1100 PM
 LOWEST     34          1200 AM
 AVERAGE    59

..........................................................

THE LONDON KY CLIMATE NORMALS FOR TODAY
                         NORMAL    RECORD    YEAR
 MAXIMUM TEMPERATURE (F)   68        86      1977
 MINIMUM TEMPERATURE (F)   43        25      1989

SUNRISE AND SUNSET
APRIL 12 2017.........SUNRISE   706 AM EDT   SUNSET   809 PM EDT
APRIL 13 2017.........SUNRISE   704 AM EDT   SUNSET   810 PM EDT

-  INDICATES NEGATIVE NUMBERS.
R  INDICATES RECORD WAS SET OR TIED.
MM INDICATES DATA IS MISSING.
T  INDICATES TRACE AMOUNT.

$$
