000
CDUS43 KJKL 072125
CLILOZ

CLIMATE REPORT
NATIONAL WEATHER SERVICE JACKSON KY
425 PM EST FRI NOV 7 2014

...................................

...THE LONDON KY CLIMATE SUMMARY FOR NOVEMBER 7 2014...
VALID TODAY AS OF 0400 PM LOCAL TIME.

CLIMATE NORMAL PERIOD 1981 TO 2010
CLIMATE RECORD PERIOD 1954 TO 2014


WEATHER ITEM   OBSERVED TIME   RECORD YEAR NORMAL DEPARTURE LAST
                VALUE   (LST)  VALUE       VALUE  FROM      YEAR
                                                  NORMAL
..................................................................
TEMPERATURE (F)
 TODAY
  MAXIMUM         47    359 PM  75    1996  62    -15       61
  MINIMUM         40    851 AM  20    1960  39      1       32
  AVERAGE         44                        51     -7       47

PRECIPITATION (IN)
  TODAY            0.00          2.39 1995   0.10  -0.10     0.28
  MONTH TO DATE    1.27                      0.80   0.47     0.70
  SINCE SEP 1     11.01                      7.19   3.82     6.86
  SINCE JAN 1       MM                      39.87    MM     47.90

SNOWFALL (IN)
  TODAY           MM
  MONTH TO DATE   MM
  SINCE SEP 1     MM
  SINCE JUL 1     MM
  SNOW DEPTH      MM

DEGREE DAYS
 HEATING
  TODAY           21                        15      6       18
  MONTH TO DATE  130                        96     34       81
  SINCE SEP 1    375                       401    -26      325
  SINCE JUL 1    375                       402    -27      325

 COOLING
  TODAY            0                         0      0        0
  MONTH TO DATE    0                         0      0        0
  SINCE SEP 1    193                       164     29      191
  SINCE JAN 1     MM                      1188     MM     1083
..................................................................

WIND (MPH)
  HIGHEST WIND SPEED    14   HIGHEST WIND DIRECTION    NW (310)
  HIGHEST GUST SPEED    20   HIGHEST GUST DIRECTION    NW (300)
  AVERAGE WIND SPEED     6.8

SKY COVER
  POSSIBLE SUNSHINE  MM
  AVERAGE SKY COVER 0.9

WEATHER CONDITIONS
 THE FOLLOWING WEATHER WAS RECORDED TODAY.
  NO SIGNIFICANT WEATHER WAS OBSERVED.

RELATIVE HUMIDITY (PERCENT)
 HIGHEST    76          1200 AM
 LOWEST     53           400 PM
 AVERAGE    65

..........................................................

THE LONDON KY CLIMATE NORMALS FOR TOMORROW
                         NORMAL    RECORD    YEAR
 MAXIMUM TEMPERATURE (F)   62        77      2005
                                             1975
 MINIMUM TEMPERATURE (F)   39        19      1967

SUNRISE AND SUNSET
NOVEMBER  7 2014......SUNRISE   707 AM EST   SUNSET   533 PM EST
NOVEMBER  8 2014......SUNRISE   708 AM EST   SUNSET   532 PM EST

-  INDICATES NEGATIVE NUMBERS.
R  INDICATES RECORD WAS SET OR TIED.
MM INDICATES DATA IS MISSING.
T  INDICATES TRACE AMOUNT.

$$

CARICO
