000
CDUS43 KJKL 040636
CLILOZ

CLIMATE REPORT
NATIONAL WEATHER SERVICE JACKSON KY
236 AM EDT THU MAY 4 2017

...................................

...THE LONDON KY CLIMATE SUMMARY FOR MAY 3 2017...

CLIMATE NORMAL PERIOD 1981 TO 2010
CLIMATE RECORD PERIOD 1954 TO 2017

WEATHER ITEM   OBSERVED TIME   RECORD YEAR NORMAL DEPARTURE LAST
                VALUE   (LST)  VALUE       VALUE  FROM      YEAR
                                                  NORMAL
..................................................................
TEMPERATURE (F)
 YESTERDAY
  MAXIMUM         72    536 PM  87    1959  73     -1       65
  MINIMUM         47    155 AM  32    2005  50     -3       54
                                      1961
  AVERAGE         60                        62     -2       60

PRECIPITATION (IN)
  YESTERDAY        0.00          2.67 2009   0.16  -0.16     0.00
  MONTH TO DATE    0.82                      0.46   0.36     0.00
  SINCE MAR 1     11.18                      8.56   2.62     5.03

SNOWFALL (IN)
  YESTERDAY       MM
  MONTH TO DATE   MM
  SINCE MAR 1     MM
  SINCE JUL 1     MM
  SNOW DEPTH      MM

DEGREE DAYS
 HEATING
  YESTERDAY        5                         5      0        5
  MONTH TO DATE    8                        15     -7        6
  SINCE MAR 1    645                       840   -195      636
  SINCE JUL 1   3240                      4116   -876     3552

 COOLING
  YESTERDAY        0                         1     -1        0
  MONTH TO DATE    0                         3     -3        6
  SINCE MAR 1     57                        29     28       28
  SINCE JAN 1     57                        29     28       28
..................................................................

WIND (MPH)
  HIGHEST WIND SPEED     9   HIGHEST WIND DIRECTION     E (80)
  HIGHEST GUST SPEED    14   HIGHEST GUST DIRECTION     E (80)
  AVERAGE WIND SPEED     4.2

SKY COVER
  POSSIBLE SUNSHINE  MM
  AVERAGE SKY COVER 0.2

WEATHER CONDITIONS
 THE FOLLOWING WEATHER WAS RECORDED YESTERDAY.
  NO SIGNIFICANT WEATHER WAS OBSERVED.

RELATIVE HUMIDITY (PERCENT)
 HIGHEST    82           200 AM
 LOWEST     35           400 PM
 AVERAGE    59

..........................................................

THE LONDON KY CLIMATE NORMALS FOR TODAY
                         NORMAL    RECORD    YEAR
 MAXIMUM TEMPERATURE (F)   74        87      1955
 MINIMUM TEMPERATURE (F)   50        29      1971

SUNRISE AND SUNSET
MAY  4 2017...........SUNRISE   638 AM EDT   SUNSET   828 PM EDT
MAY  5 2017...........SUNRISE   637 AM EDT   SUNSET   829 PM EDT

-  INDICATES NEGATIVE NUMBERS.
R  INDICATES RECORD WAS SET OR TIED.
MM INDICATES DATA IS MISSING.
T  INDICATES TRACE AMOUNT.

$$
