000
CDUS43 KJKL 120749
CLILOZ

CLIMATE REPORT
NATIONAL WEATHER SERVICE JACKSON KY
349 AM EDT TUE AUG 12 2014

...................................

...THE LONDON KY CLIMATE SUMMARY FOR AUGUST 11 2014...

CLIMATE NORMAL PERIOD 1981 TO 2010
CLIMATE RECORD PERIOD 1954 TO 2014


WEATHER ITEM   OBSERVED TIME   RECORD YEAR NORMAL DEPARTURE LAST
                VALUE   (LST)  VALUE       VALUE  FROM      YEAR
                                                  NORMAL
..................................................................

TEMPERATURE (F)
 YESTERDAY
  MAXIMUM         79   1020 AM  94    2010  86     -7       85
                                      1999
                                      1983
  MINIMUM         70   1159 PM  50    1962  65      5       71
  AVERAGE         75                        76     -1       78

PRECIPITATION (IN)
  YESTERDAY        0.42          0.70 2001   0.13   0.29     0.27
  MONTH TO DATE    1.99                      1.42   0.57     1.05
  SINCE JUN 1     MM                         9.86  MM       15.48
  SINCE JAN 1     MM                        30.39  MM       38.49

SNOWFALL (IN)
  YESTERDAY       MM
  MONTH TO DATE   MM
  SINCE JUN 1     MM
  SINCE JUL 1     MM
  SNOW DEPTH      MM

DEGREE DAYS
 HEATING
  YESTERDAY        0                         0      0        0
  MONTH TO DATE    0                         0      0        0
  SINCE JUN 1     MM                         9     MM        0
  SINCE JUL 1      0                         0      0        0

 COOLING
  YESTERDAY       10                        11     -1       13
  MONTH TO DATE  106                       121    -15      103
  SINCE JUN 1     MM                       714     MM      605
  SINCE JAN 1     MM                       828     MM      705
..................................................................

WIND (MPH)
  HIGHEST WIND SPEED    22   HIGHEST WIND DIRECTION     W (280)
  HIGHEST GUST SPEED    28   HIGHEST GUST DIRECTION     W (290)
  AVERAGE WIND SPEED     4.3


SKY COVER
  POSSIBLE SUNSHINE  MM
  AVERAGE SKY COVER 0.4


WEATHER CONDITIONS
 THE FOLLOWING WEATHER WAS RECORDED YESTERDAY.
  THUNDERSTORM
  HEAVY RAIN
  RAIN
  LIGHT RAIN
  FOG
  HAZE


RELATIVE HUMIDITY (PERCENT)
 HIGHEST    93           400 AM
 LOWEST     79          1000 AM
 AVERAGE    86
..........................................................

THE LONDON KY CLIMATE NORMALS FOR TODAY
                         NORMAL    RECORD    YEAR
 MAXIMUM TEMPERATURE (F)   86        95      2007
 MINIMUM TEMPERATURE (F)   65        52      1967


SUNRISE AND SUNSET
AUGUST 12 2014........SUNRISE   650 AM EDT   SUNSET   832 PM EDT
AUGUST 13 2014........SUNRISE   651 AM EDT   SUNSET   830 PM EDT


-  INDICATES NEGATIVE NUMBERS.
R  INDICATES RECORD WAS SET OR TIED.
MM INDICATES DATA IS MISSING.
T  INDICATES TRACE AMOUNT.
$$
