000
CDUS43 KJKL 192029
CLILOZ

CLIMATE REPORT
NATIONAL WEATHER SERVICE JACKSON KY
429 PM EDT SAT APR 19 2014

...................................

...THE LONDON KY CLIMATE SUMMARY FOR APRIL 19 2014...
VALID TODAY AS OF 0400 PM LOCAL TIME.

CLIMATE NORMAL PERIOD 1981 TO 2010
CLIMATE RECORD PERIOD 1954 TO 2014

WEATHER ITEM   OBSERVED TIME   RECORD YEAR NORMAL DEPARTURE LAST
                VALUE   (LST)  VALUE       VALUE  FROM      YEAR
                                                  NORMAL
..................................................................
TEMPERATURE (F)
 TODAY
  MAXIMUM         75    256 PM  87    2002  70      5       73
                                      1970
  MINIMUM         52    559 AM  24    1983  46      6       40
  AVERAGE         64                        58      6       57

PRECIPITATION (IN)
  TODAY            0.00          1.14 2013   0.14  -0.14     1.14
  MONTH TO DATE    1.75                      2.48  -0.73     4.34
  SINCE MAR 1      6.92                      6.53   0.39     9.79
  SINCE JAN 1     13.43                     13.78  -0.35    16.58

SNOWFALL (IN)
  TODAY           MM
  MONTH TO DATE   MM
  SINCE MAR 1     MM
  SINCE JUL 1     MM
  SNOW DEPTH      MM

DEGREE DAYS
 HEATING
  TODAY            1                         8     -7        8
  MONTH TO DATE  142                       202    -60      168
  SINCE MAR 1    793                       751     42      960
  SINCE JUL 1   4300                      4027    273     4308

 COOLING
  TODAY            0                         1     -1        0
  MONTH TO DATE   16                        11      5       20
  SINCE MAR 1     16                        14      2       20
  SINCE JAN 1     16                        14      2       20
..................................................................

WIND (MPH)
  HIGHEST WIND SPEED    20   HIGHEST WIND DIRECTION    NE (40)
  HIGHEST GUST SPEED    27   HIGHEST GUST DIRECTION     N (20)
  AVERAGE WIND SPEED     7.8

SKY COVER
  POSSIBLE SUNSHINE  MM
  AVERAGE SKY COVER 0.0

WEATHER CONDITIONS
 THE FOLLOWING WEATHER WAS RECORDED TODAY.
  NO SIGNIFICANT WEATHER WAS OBSERVED.

RELATIVE HUMIDITY (PERCENT)
 HIGHEST    66           100 AM
 LOWEST     25           300 PM
 AVERAGE    46
..........................................................

THE LONDON KY CLIMATE NORMALS FOR TOMORROW
                         NORMAL    RECORD    YEAR
 MAXIMUM TEMPERATURE (F)   70        88      1964
 MINIMUM TEMPERATURE (F)   46        23      1983

SUNRISE AND SUNSET
APRIL 19 2014.........SUNRISE   657 AM EDT   SUNSET   815 PM EDT
APRIL 20 2014.........SUNRISE   655 AM EDT   SUNSET   816 PM EDT

-  INDICATES NEGATIVE NUMBERS.
R  INDICATES RECORD WAS SET OR TIED.
MM INDICATES DATA IS MISSING.
T  INDICATES TRACE AMOUNT.

$$

TAB
