000
CDUS43 KJKL 140548
CLILOZ

CLIMATE REPORT
NATIONAL WEATHER SERVICE JACKSON KY
1247 AM EST FRI NOV 14 2014
...................................

...THE LONDON KY CLIMATE SUMMARY FOR NOVEMBER 13 2014...

CLIMATE NORMAL PERIOD 1981 TO 2010
CLIMATE RECORD PERIOD 1954 TO 2014

WEATHER ITEM   OBSERVED TIME   RECORD YEAR NORMAL DEPARTURE LAST
                VALUE   (LST)  VALUE       VALUE  FROM      YEAR
                                                  NORMAL
..................................................................
TEMPERATURE (F)
 YESTERDAY
  MAXIMUM         36    116 AM  77    1978  60    -24       41
  MINIMUM         26   1159 PM  13    1976  37    -11       20
  AVERAGE         31                        48    -17       31

PRECIPITATION (IN)
  YESTERDAY        0.02          0.58 2008   0.12  -0.10     0.00
  MONTH TO DATE    1.46                      1.48  -0.02     0.73
  SINCE SEP 1     11.20                      7.87   3.33     6.89
  SINCE JAN 1        MM                     40.55     MM    47.93

SNOWFALL (IN)
  YESTERDAY       MM
  MONTH TO DATE   MM
  SINCE SEP 1     MM
  SINCE JUL 1     MM
  SNOW DEPTH      MM

DEGREE DAYS
 HEATING
  YESTERDAY       34                        17     17       34
  MONTH TO DATE  254                       191     63      219
  SINCE SEP 1    499                       496      3      463
  SINCE JUL 1    499                       497      2      463

 COOLING
  YESTERDAY        0                         0      0        0
  MONTH TO DATE    0                         0      0        0
  SINCE SEP 1    193                       164     29      191
  SINCE JAN 1     MM                      1188     MM     1083
..................................................................

WIND (MPH)
  HIGHEST WIND SPEED    14   HIGHEST WIND DIRECTION     N (340)
  HIGHEST GUST SPEED    20   HIGHEST GUST DIRECTION    NW (330)
  AVERAGE WIND SPEED     7.9

SKY COVER
  POSSIBLE SUNSHINE  MM
  AVERAGE SKY COVER 1.0

WEATHER CONDITIONS
 THE FOLLOWING WEATHER WAS RECORDED YESTERDAY.
  LIGHT SNOW
  FOG
  HAZE

RELATIVE HUMIDITY (PERCENT)
 HIGHEST    85          1100 AM
 LOWEST     50          1100 PM
 AVERAGE    68
..........................................................

THE LONDON KY CLIMATE NORMALS FOR TODAY
                         NORMAL    RECORD    YEAR
 MAXIMUM TEMPERATURE (F)   59        79      1993
 MINIMUM TEMPERATURE (F)   37        12      1969

SUNRISE AND SUNSET
NOVEMBER 14 2014......SUNRISE   714 AM EST   SUNSET   527 PM EST
NOVEMBER 15 2014......SUNRISE   715 AM EST   SUNSET   526 PM EST

-  INDICATES NEGATIVE NUMBERS.
R  INDICATES RECORD WAS SET OR TIED.
MM INDICATES DATA IS MISSING.
T  INDICATES TRACE AMOUNT.

$$
