000
CDUS43 KJKL 180559
CLILOZ

CLIMATE REPORT
NATIONAL WEATHER SERVICE JACKSON KY
200 AM EDT MON AUG 18 2014

...................................

...THE LONDON KY CLIMATE SUMMARY FOR AUGUST 17 2014...

CLIMATE NORMAL PERIOD 1981 TO 2010
CLIMATE RECORD PERIOD 1954 TO 2014

WEATHER ITEM   OBSERVED TIME   RECORD YEAR NORMAL DEPARTURE LAST
                VALUE   (LST)  VALUE       VALUE  FROM      YEAR
                                                  NORMAL
..................................................................
TEMPERATURE (F)
 YESTERDAY
  MAXIMUM         80   1133 AM  99    1988  86     -6       76
  MINIMUM         68    605 AM  51    1979  65      3       64
  AVERAGE         74                        75     -1       70

PRECIPITATION (IN)
  YESTERDAY        0.51          2.06 2005   0.12   0.39     0.03
  MONTH TO DATE    2.57                      2.16   0.41     2.81
  SINCE JUN 1       MM                      10.60    MM     17.24
  SINCE JAN 1       MM                      31.13    MM     40.25

SNOWFALL (IN)
  YESTERDAY       MM
  MONTH TO DATE   MM
  SINCE JUN 1     MM
  SINCE JUL 1     MM
  SNOW DEPTH      MM

DEGREE DAYS
 HEATING
  YESTERDAY        0                         0      0        0
  MONTH TO DATE    0                         0      0        0
  SINCE JUN 1     MM                         9     MM        0
  SINCE JUL 1      0                         0      0        0

 COOLING
  YESTERDAY        9                        10     -1        5
  MONTH TO DATE  141                       185    -44      134
  SINCE JUN 1     MM                       778     MM      636
  SINCE JAN 1     MM                       892     MM      736
..................................................................

WIND (MPH)
  HIGHEST WIND SPEED    14   HIGHEST WIND DIRECTION    SW (230)
  HIGHEST GUST SPEED    19   HIGHEST GUST DIRECTION    SW (240)
  AVERAGE WIND SPEED     2.6

SKY COVER
  POSSIBLE SUNSHINE  MM
  AVERAGE SKY COVER 0.6

WEATHER CONDITIONS
 THE FOLLOWING WEATHER WAS RECORDED YESTERDAY.
  THUNDERSTORM
  HEAVY RAIN
  RAIN
  LIGHT RAIN
  FOG
  HAZE

RELATIVE HUMIDITY (PERCENT)
 HIGHEST    90           800 PM
 LOWEST     62          1100 AM
 AVERAGE    76
..........................................................

THE LONDON KY CLIMATE NORMALS FOR TODAY
                         NORMAL    RECORD    YEAR
 MAXIMUM TEMPERATURE (F)   86        98      1988
 MINIMUM TEMPERATURE (F)   65        54      1976

SUNRISE AND SUNSET
AUGUST 18 2014........SUNRISE   655 AM EDT   SUNSET   824 PM EDT
AUGUST 19 2014........SUNRISE   656 AM EDT   SUNSET   823 PM EDT

-  INDICATES NEGATIVE NUMBERS.
R  INDICATES RECORD WAS SET OR TIED.
MM INDICATES DATA IS MISSING.
T  INDICATES TRACE AMOUNT.

$$
GREIF
