000
CDUS43 KJKL 290527
CLILOZ

CLIMATE REPORT
NATIONAL WEATHER SERVICE JACKSON KY
127 AM EDT SAT JUL 29 2017

...................................

...THE LONDON KY CLIMATE SUMMARY FOR JULY 28 2017...

CLIMATE NORMAL PERIOD 1981 TO 2010
CLIMATE RECORD PERIOD 1954 TO 2017

WEATHER ITEM   OBSERVED TIME   RECORD YEAR NORMAL DEPARTURE LAST
                VALUE   (LST)  VALUE       VALUE  FROM      YEAR
                                                  NORMAL
..................................................................
TEMPERATURE (F)
 YESTERDAY
  MAXIMUM         83    321 PM  96    1999  86     -3       79
  MINIMUM         70   1159 PM  54    2004  66      4       69
                                      1962
  AVERAGE         77                        76      1       74

PRECIPITATION (IN)
  YESTERDAY        1.66          2.44 1972   0.12   1.54     1.22
  MONTH TO DATE    6.58                      3.68   2.90     6.98
  SINCE JUN 1     11.06                      8.08   2.98     9.31

SNOWFALL (IN)
  YESTERDAY       MM
  MONTH TO DATE   MM
  SINCE JUN 1     MM
  SINCE JUL 1     MM
  SNOW DEPTH      MM

DEGREE DAYS
 HEATING
  YESTERDAY        0                         0      0        0
  MONTH TO DATE    0                         0      0        0
  SINCE JUN 1      3                         9     -6        2
  SINCE JUL 1      0                         0      0        0

 COOLING
  YESTERDAY       12                        11      1        9
  MONTH TO DATE  353                       308     45      377
  SINCE JUN 1    540                       551    -11      676
  SINCE JAN 1    691                       665     26      778
..................................................................

WIND (MPH)
  HIGHEST WIND SPEED    23   HIGHEST WIND DIRECTION     W (280)
  HIGHEST GUST SPEED    31   HIGHEST GUST DIRECTION     W (270)
  AVERAGE WIND SPEED     5.3

SKY COVER
  POSSIBLE SUNSHINE  MM
  AVERAGE SKY COVER 0.7

WEATHER CONDITIONS
 THE FOLLOWING WEATHER WAS RECORDED YESTERDAY.
  THUNDERSTORM
  HEAVY RAIN
  RAIN
  LIGHT RAIN
  FOG

RELATIVE HUMIDITY (PERCENT)
 HIGHEST   100           100 AM
 LOWEST     69           300 PM
 AVERAGE    85

..........................................................

THE LONDON KY CLIMATE NORMALS FOR TODAY
                         NORMAL    RECORD    YEAR
 MAXIMUM TEMPERATURE (F)   86        96      1999
 MINIMUM TEMPERATURE (F)   66        51      2013

SUNRISE AND SUNSET
JULY 29 2017..........SUNRISE   639 AM EDT   SUNSET   846 PM EDT
JULY 30 2017..........SUNRISE   640 AM EDT   SUNSET   845 PM EDT

-  INDICATES NEGATIVE NUMBERS.
R  INDICATES RECORD WAS SET OR TIED.
MM INDICATES DATA IS MISSING.
T  INDICATES TRACE AMOUNT.

$$
