000
CDUS43 KJKL 202022
CLILOZ

CLIMATE REPORT
NATIONAL WEATHER SERVICE JACKSON KY
422 PM EDT SAT JUN 20 2015

...................................

...THE LONDON KY CLIMATE SUMMARY FOR JUNE 20 2015...
VALID TODAY AS OF 0400 PM LOCAL TIME.

CLIMATE NORMAL PERIOD 1981 TO 2010
CLIMATE RECORD PERIOD 1954 TO 2015

WEATHER ITEM   OBSERVED TIME   RECORD YEAR NORMAL DEPARTURE LAST
                VALUE   (LST)  VALUE       VALUE  FROM      YEAR
                                                  NORMAL
..................................................................
TEMPERATURE (F)
 TODAY
  MAXIMUM         76    112 PM  93    1994  85     -9       88
  MINIMUM         73    234 PM  50    1959  64      9       68
  AVERAGE         75                        74      1       78

PRECIPITATION (IN)
  TODAY            0.43          0.94 1976   0.13   0.30     0.88
  MONTH TO DATE    3.17                      3.00   0.17     1.65
  SINCE JUN 1      3.17                      3.00   0.17     1.65
  SINCE JAN 1     23.09                     23.53  -0.44    20.64

SNOWFALL (IN)
  TODAY           MM
  MONTH TO DATE   MM
  SINCE JUN 1     MM
  SINCE JUL 1     MM
  SNOW DEPTH      MM

DEGREE DAYS
 HEATING
  TODAY            0                         0      0        0
  MONTH TO DATE    2                         7     -5        0
  SINCE JUN 1      2                         7     -5        0
  SINCE JUL 1   4382                      4203    179     4420

 COOLING
  TODAY           10                         9      1       13
  MONTH TO DATE  201                       142     59      159
  SINCE JUN 1    201                       142     59      159
  SINCE JAN 1    395                       256    139      325
..................................................................

WIND (MPH)
  HIGHEST WIND SPEED    23   HIGHEST WIND DIRECTION     W (250)
  HIGHEST GUST SPEED    31   HIGHEST GUST DIRECTION     W (250)
  AVERAGE WIND SPEED    10.7

SKY COVER
  POSSIBLE SUNSHINE  MM
  AVERAGE SKY COVER 0.6

WEATHER CONDITIONS
 THE FOLLOWING WEATHER WAS RECORDED TODAY.
  RAIN
  LIGHT RAIN

RELATIVE HUMIDITY (PERCENT)
 HIGHEST    84          1100 AM
 LOWEST     74           500 AM
 AVERAGE    79

..........................................................

THE LONDON KY CLIMATE NORMALS FOR TOMORROW
                         NORMAL    RECORD    YEAR
 MAXIMUM TEMPERATURE (F)   85        97      1994
 MINIMUM TEMPERATURE (F)   64        50      2003
                                             1968

SUNRISE AND SUNSET
JUNE 20 2015..........SUNRISE   617 AM EDT   SUNSET   859 PM EDT
JUNE 21 2015..........SUNRISE   617 AM EDT   SUNSET   859 PM EDT

-  INDICATES NEGATIVE NUMBERS.
R  INDICATES RECORD WAS SET OR TIED.
MM INDICATES DATA IS MISSING.
T  INDICATES TRACE AMOUNT.

$$

CARICO
