555
CDUS43 KJKL 182020
CLILOZ

CLIMATE REPORT
NATIONAL WEATHER SERVICE JACKSON KY
420 PM EDT TUE APR 18 2017

...................................

...THE LONDON KY CLIMATE SUMMARY FOR APRIL 18 2017...
VALID TODAY AS OF 0400 PM LOCAL TIME.

CLIMATE NORMAL PERIOD 1981 TO 2010
CLIMATE RECORD PERIOD 1954 TO 2017

WEATHER ITEM   OBSERVED TIME   RECORD YEAR NORMAL DEPARTURE LAST
                VALUE   (LST)  VALUE       VALUE  FROM      YEAR
                                                  NORMAL
..................................................................
TEMPERATURE (F)
 TODAY
  MAXIMUM         71    253 PM  88    1955  70      1       84
  MINIMUM         60    720 AM  28    1983  45     15       44
  AVERAGE         66                        57      9       64

PRECIPITATION (IN)
  TODAY            0.01          1.46 1998   0.13  -0.12     0.00
  MONTH TO DATE    1.55                      2.34  -0.79     0.98
  SINCE MAR 1      6.58                      6.39   0.19     3.11

SNOWFALL (IN)
  TODAY           MM
  MONTH TO DATE   MM
  SINCE MAR 1     MM
  SINCE JUL 1     MM
  SNOW DEPTH      MM

DEGREE DAYS
 HEATING
  TODAY            0                         8     -8        1
  MONTH TO DATE   90                       194   -104      216
  SINCE MAR 1    603                       743   -140      615
  SINCE JUL 1   3198                      4019   -821     3531

 COOLING
  TODAY            1                         1      0        0
  MONTH TO DATE   16                        10      6        1
  SINCE MAR 1     19                        13      6        1
  SINCE JAN 1     19                        13      6        1
..................................................................

WIND (MPH)
  HIGHEST WIND SPEED    15   HIGHEST WIND DIRECTION     S (190)
  HIGHEST GUST SPEED    20   HIGHEST GUST DIRECTION     S (180)
  AVERAGE WIND SPEED     4.9

SKY COVER
  POSSIBLE SUNSHINE  MM
  AVERAGE SKY COVER 0.9

WEATHER CONDITIONS
 THE FOLLOWING WEATHER WAS RECORDED TODAY.
  LIGHT RAIN

RELATIVE HUMIDITY (PERCENT)
 HIGHEST    90           500 AM
 LOWEST     61           300 PM
 AVERAGE    76
..........................................................

THE LONDON KY CLIMATE NORMALS FOR TOMORROW
                         NORMAL    RECORD    YEAR
 MAXIMUM TEMPERATURE (F)   70        87      2002
                                             1970
 MINIMUM TEMPERATURE (F)   46        24      1983

SUNRISE AND SUNSET
APRIL 18 2017.........SUNRISE   658 AM EDT   SUNSET   814 PM EDT
APRIL 19 2017.........SUNRISE   656 AM EDT   SUNSET   815 PM EDT

-  INDICATES NEGATIVE NUMBERS.
R  INDICATES RECORD WAS SET OR TIED.
MM INDICATES DATA IS MISSING.
T  INDICATES TRACE AMOUNT.

$$

TAB
