000
CDUS43 KJKL 172023
CLILOZ

CLIMATE REPORT
NATIONAL WEATHER SERVICE JACKSON KY
423 PM EDT THU JUL 17 2014

...................................

...THE LONDON KY CLIMATE SUMMARY FOR JULY 17 2014...
VALID TODAY AS OF 0400 PM LOCAL TIME.

CLIMATE NORMAL PERIOD 1981 TO 2010
CLIMATE RECORD PERIOD 1954 TO 2014

WEATHER ITEM   OBSERVED TIME   RECORD YEAR NORMAL DEPARTURE LAST
                VALUE   (LST)  VALUE       VALUE  FROM      YEAR
                                                  NORMAL
..................................................................
TEMPERATURE (F)
 TODAY
  MAXIMUM         79    240 PM  95    1977  87     -8       91
  MINIMUM         54    520 AM  53    1970  66    -12       70
  AVERAGE         67                        76     -9       81

PRECIPITATION (IN)
  TODAY            0.00          1.50 1959   0.13  -0.13      T
  MONTH TO DATE    4.57                      2.24   2.33     6.08
  SINCE JUN 1      7.28                      6.64   0.64    13.32
  SINCE JAN 1     26.27                     27.17  -0.90    36.33

SNOWFALL (IN)
  TODAY           MM
  MONTH TO DATE   MM
  SINCE JUN 1     MM
  SINCE JUL 1     MM
  SNOW DEPTH      MM

DEGREE DAYS
 HEATING
  TODAY            0                         0      0        0
  MONTH TO DATE    0                         0      0        0
  SINCE JUN 1      0                         9     -9        0
  SINCE JUL 1      0                         0      0        0

 COOLING
  TODAY            2                        11     -9       16
  MONTH TO DATE  171                       187    -16      166
  SINCE JUN 1    453                       430     23      397
  SINCE JAN 1    619                       544     75      497
..................................................................

WIND (MPH)
  HIGHEST WIND SPEED    10   HIGHEST WIND DIRECTION     E (70)
  HIGHEST GUST SPEED    15   HIGHEST GUST DIRECTION     E (90)
  AVERAGE WIND SPEED     2.5

SKY COVER
  POSSIBLE SUNSHINE  MM
  AVERAGE SKY COVER 0.2

WEATHER CONDITIONS
 THE FOLLOWING WEATHER WAS RECORDED TODAY.
  FOG

RELATIVE HUMIDITY (PERCENT)
 HIGHEST    86           200 AM
 LOWEST     43           100 PM
 AVERAGE    65

..........................................................

THE LONDON KY CLIMATE NORMALS FOR TOMORROW
                         NORMAL    RECORD    YEAR
 MAXIMUM TEMPERATURE (F)   87        94      1968
 MINIMUM TEMPERATURE (F)   66        50      1976

SUNRISE AND SUNSET
JULY 17 2014..........SUNRISE   630 AM EDT   SUNSET   855 PM EDT
JULY 18 2014..........SUNRISE   630 AM EDT   SUNSET   854 PM EDT

-  INDICATES NEGATIVE NUMBERS.
R  INDICATES RECORD WAS SET OR TIED.
MM INDICATES DATA IS MISSING.
T  INDICATES TRACE AMOUNT.

$$

CARICO
