000
CDUS43 KJKL 040522 RRA
CLILOZ

CLIMATE REPORT
NATIONAL WEATHER SERVICE JACKSON KY
1221 AM EST SAT MAR 4 2017

...................................

...THE LONDON KY CLIMATE SUMMARY FOR MARCH 3 2017...

CLIMATE NORMAL PERIOD 1981 TO 2010
CLIMATE RECORD PERIOD 1954 TO 2017


WEATHER ITEM   OBSERVED TIME   RECORD YEAR NORMAL DEPARTURE LAST
                VALUE   (LST)  VALUE       VALUE  FROM      YEAR
                                                  NORMAL
..................................................................
TEMPERATURE (F)
 YESTERDAY
  MAXIMUM         42    436 PM  77    1974  55    -13       40
  MINIMUM         26   1159 PM -12    1980  33     -7       28
  AVERAGE         34                        44    -10       34

PRECIPITATION (IN)
  YESTERDAY        0.01          1.37 1997   0.13  -0.12     0.02
  MONTH TO DATE    0.78                      0.41   0.37     0.58
  SINCE MAR 1      0.78                      0.41   0.37     0.58

SNOWFALL (IN)
  YESTERDAY       MM
  MONTH TO DATE   MM
  SINCE MAR 1     MM
  SINCE JUL 1     MM
  SNOW DEPTH      MM

DEGREE DAYS
 HEATING
  YESTERDAY       31                        21     10       31
  MONTH TO DATE   66                        65      1       80
  SINCE MAR 1     66                        65      1       80
  SINCE JUL 1   2661                      3341   -680     2996

 COOLING
  YESTERDAY        0                         0      0        0
  MONTH TO DATE    0                         0      0        0
  SINCE MAR 1      0                         0      0        0
  SINCE JAN 1      0                         0      0        0
..................................................................


WIND (MPH)
  HIGHEST WIND SPEED    20   HIGHEST WIND DIRECTION     W (290)
  HIGHEST GUST SPEED    28   HIGHEST GUST DIRECTION    NW (330)
  AVERAGE WIND SPEED     7.9


SKY COVER
  POSSIBLE SUNSHINE  MM
  AVERAGE SKY COVER 0.5


WEATHER CONDITIONS
 THE FOLLOWING WEATHER WAS RECORDED YESTERDAY.
  LIGHT SNOW


RELATIVE HUMIDITY (PERCENT)
 HIGHEST    89           500 AM
 LOWEST     27           400 PM
 AVERAGE    58

..........................................................


THE LONDON KY CLIMATE NORMALS FOR TODAY
                         NORMAL    RECORD    YEAR
 MAXIMUM TEMPERATURE (F)   55        82      1976
 MINIMUM TEMPERATURE (F)   33         2      1960


SUNRISE AND SUNSET
MARCH  4 2017.........SUNRISE   703 AM EST   SUNSET   634 PM EST
MARCH  5 2017.........SUNRISE   701 AM EST   SUNSET   635 PM EST


-  INDICATES NEGATIVE NUMBERS.
R  INDICATES RECORD WAS SET OR TIED.
MM INDICATES DATA IS MISSING.
T  INDICATES TRACE AMOUNT.




$$
