000
CDUS43 KJKL 122028
CLILOZ

CLIMATE REPORT
NATIONAL WEATHER SERVICE JACKSON KY
428 PM EDT SUN OCT 12 2014

...................................

...THE LONDON KY CLIMATE SUMMARY FOR OCTOBER 12 2014...
VALID TODAY AS OF 0400 PM LOCAL TIME.

CLIMATE NORMAL PERIOD 1981 TO 2010
CLIMATE RECORD PERIOD 1954 TO 2014

WEATHER ITEM   OBSERVED TIME   RECORD YEAR NORMAL DEPARTURE LAST
                VALUE   (LST)  VALUE       VALUE  FROM      YEAR
                                                  NORMAL
..................................................................
TEMPERATURE (F)
 TODAY
  MAXIMUM         76    259 PM  85    2008  71      5       79
  MINIMUM         54    247 AM  30    1964  46      8       50
                                      1988
  AVERAGE         65                        58      7       65

PRECIPITATION (IN)
  TODAY            0.01          0.84 1986   0.09  -0.08     0.00
  MONTH TO DATE    4.38                      1.14   3.24     2.11
  SINCE SEP 1      5.77                      4.51   1.26     4.72
  SINCE JAN 1      MM                       37.19   MM      45.76

SNOWFALL (IN)
  TODAY           MM
  MONTH TO DATE   MM
  SINCE SEP 1     MM
  SINCE JUL 1     MM
  SNOW DEPTH      MM

DEGREE DAYS
 HEATING
  TODAY            0                         7     -7        0
  MONTH TO DATE   50                        70    -20       21
  SINCE SEP 1     68                       116    -48       36
  SINCE JUL 1     68                       117    -49       36

 COOLING
  TODAY            0                         1     -1        0
  MONTH TO DATE   11                        14     -3       31
  SINCE SEP 1    184                       157     27      180
  SINCE JAN 1     MM                      1181     MM     1072
..................................................................

WIND (MPH)
  HIGHEST WIND SPEED    10   HIGHEST WIND DIRECTION     S (180)
  HIGHEST GUST SPEED    13   HIGHEST GUST DIRECTION     S (190)
  AVERAGE WIND SPEED     3.8

SKY COVER
  POSSIBLE SUNSHINE  MM
  AVERAGE SKY COVER 0.9

WEATHER CONDITIONS
 THE FOLLOWING WEATHER WAS RECORDED TODAY.
  LIGHT RAIN

RELATIVE HUMIDITY (PERCENT)
 HIGHEST    93          1200 AM
 LOWEST     64           300 PM
 AVERAGE    79

..........................................................

THE LONDON KY CLIMATE NORMALS FOR TOMORROW
                         NORMAL    RECORD    YEAR
 MAXIMUM TEMPERATURE (F)   70        86      2008
 MINIMUM TEMPERATURE (F)   46        26      1988

SUNRISE AND SUNSET
OCTOBER 12 2014.......SUNRISE   741 AM EDT   SUNSET   704 PM EDT
OCTOBER 13 2014.......SUNRISE   742 AM EDT   SUNSET   702 PM EDT

-  INDICATES NEGATIVE NUMBERS.
R  INDICATES RECORD WAS SET OR TIED.
MM INDICATES DATA IS MISSING.
T  INDICATES TRACE AMOUNT.

$$

CARICO
