000
CDUS43 KJKL 270533
CLILOZ

CLIMATE REPORT
NATIONAL WEATHER SERVICE JACKSON KY
132 AM EDT SAT JUN 27 2015

...................................

...THE LONDON KY CLIMATE SUMMARY FOR JUNE 26 2015...

CLIMATE NORMAL PERIOD 1981 TO 2010
CLIMATE RECORD PERIOD 1954 TO 2015


WEATHER ITEM   OBSERVED TIME   RECORD YEAR NORMAL DEPARTURE LAST
                VALUE   (LST)  VALUE       VALUE  FROM      YEAR
                                                  NORMAL
..................................................................
TEMPERATURE (F)
 YESTERDAY
  MAXIMUM         89    346 PM  97    1988  86      3       87
  MINIMUM         68   1159 PM  44    1974  65      3       66
  AVERAGE         79                        75      4       77

PRECIPITATION (IN)
  YESTERDAY        0.81          1.40 1992   0.13   0.68      T
  MONTH TO DATE    4.07                      3.83   0.24     2.37
  SINCE JUN 1      4.07                      3.83   0.24     2.37
  SINCE JAN 1     23.99                     24.36  -0.37    21.36

SNOWFALL (IN)
  YESTERDAY       MM
  MONTH TO DATE   MM
  SINCE JUN 1     MM
  SINCE JUL 1     MM
  SNOW DEPTH      MM

DEGREE DAYS
 HEATING
  YESTERDAY        0                         0      0        0
  MONTH TO DATE    2                         7     -5        0
  SINCE JUN 1      2                         7     -5        0
  SINCE JUL 1   4382                      4203    179     4420

 COOLING
  YESTERDAY       14                        10      4       12
  MONTH TO DATE  286                       201     85      232
  SINCE JUN 1    286                       201     85      232
  SINCE JAN 1    480                       315    165      398
..................................................................


WIND (MPH)
  HIGHEST WIND SPEED    28   HIGHEST WIND DIRECTION     W (280)
  HIGHEST GUST SPEED    37   HIGHEST GUST DIRECTION     W (270)
  AVERAGE WIND SPEED     5.1


SKY COVER
  POSSIBLE SUNSHINE  MM
  AVERAGE SKY COVER 0.4


WEATHER CONDITIONS
 THE FOLLOWING WEATHER WAS RECORDED YESTERDAY.
  THUNDERSTORM
  HEAVY RAIN
  RAIN
  LIGHT RAIN


RELATIVE HUMIDITY (PERCENT)
 HIGHEST    84           700 AM
 LOWEST     46           400 PM
 AVERAGE    65

..........................................................


THE LONDON KY CLIMATE NORMALS FOR TODAY
                         NORMAL    RECORD    YEAR
 MAXIMUM TEMPERATURE (F)   86        95      1978
 MINIMUM TEMPERATURE (F)   65        48      1961


SUNRISE AND SUNSET
JUNE 27 2015..........SUNRISE   618 AM EDT   SUNSET   900 PM EDT
JUNE 28 2015..........SUNRISE   619 AM EDT   SUNSET   900 PM EDT


-  INDICATES NEGATIVE NUMBERS.
R  INDICATES RECORD WAS SET OR TIED.
MM INDICATES DATA IS MISSING.
T  INDICATES TRACE AMOUNT.




$$
