000
CDUS43 KJKL 050614
CLILOZ

CLIMATE REPORT
NATIONAL WEATHER SERVICE JACKSON KY
1245 AM EST MON FEB 5 2018

...................................

...THE LONDON KY CLIMATE SUMMARY FOR FEBRUARY 4 2018...

CLIMATE NORMAL PERIOD 1981 TO 2010
CLIMATE RECORD PERIOD 1954 TO 2018

WEATHER ITEM   OBSERVED TIME   RECORD YEAR NORMAL DEPARTURE LAST
                VALUE   (LST)  VALUE       VALUE  FROM      YEAR
                                                  NORMAL
..................................................................
TEMPERATURE (F)
 YESTERDAY
  MAXIMUM         42    241 AM  73    1962  47     -5       43
  MINIMUM         30   1159 PM  -5    1970  27      3       14
  AVERAGE         36                        37     -1       29

PRECIPITATION (IN)
  YESTERDAY        0.69          1.04 1956   0.13   0.56     0.00
  MONTH TO DATE    1.04                      0.51   0.53     0.00
  SINCE DEC 1      5.46                      8.29  -2.83    10.38
  SINCE JAN 1      2.55                      4.05  -1.50     4.08

SNOWFALL (IN)
  YESTERDAY       MM
  MONTH TO DATE   MM
  SINCE DEC 1     MM
  SINCE JUL 1     MM
  SNOW DEPTH      MM

DEGREE DAYS
 HEATING
  YESTERDAY       29                        28      1       36
  MONTH TO DATE  132                       112     20      123

 COOLING
  YESTERDAY        0                         0      0        0
  MONTH TO DATE    0                         0      0        0
  SINCE DEC 1      0                         1     -1        0
  SINCE JAN 1      0                         0      0        0
..................................................................

WIND (MPH)
  HIGHEST WIND SPEED    23   HIGHEST WIND DIRECTION    NW (300)
  HIGHEST GUST SPEED    35   HIGHEST GUST DIRECTION     S (200)
  AVERAGE WIND SPEED     7.6

SKY COVER
  POSSIBLE SUNSHINE  MM
  AVERAGE SKY COVER 1.0

WEATHER CONDITIONS
 THE FOLLOWING WEATHER WAS RECORDED YESTERDAY.
  RAIN
  LIGHT RAIN
  LT FREEZING RAIN
  LIGHT SNOW
  FOG

RELATIVE HUMIDITY (PERCENT)
 HIGHEST   100           800 AM
 LOWEST     32           200 AM
 AVERAGE    66
..........................................................

THE LONDON KY CLIMATE NORMALS FOR TODAY
                         NORMAL    RECORD    YEAR
 MAXIMUM TEMPERATURE (F)   47        70      2008
 MINIMUM TEMPERATURE (F)   28         3      1965

SUNRISE AND SUNSET
FEBRUARY  5 2018......SUNRISE   735 AM EST   SUNSET   606 PM EST
FEBRUARY  6 2018......SUNRISE   734 AM EST   SUNSET   607 PM EST

-  INDICATES NEGATIVE NUMBERS.
R  INDICATES RECORD WAS SET OR TIED.
MM INDICATES DATA IS MISSING.
T  INDICATES TRACE AMOUNT.

$$

SHALLENBERGER
