833
CDUS43 KJKL 290542
CLILOZ

CLIMATE REPORT
NATIONAL WEATHER SERVICE JACKSON KY
1242 AM EST FRI JAN 29 2016
...................................

...THE LONDON KY CLIMATE SUMMARY FOR JANUARY 28 2016...

CLIMATE NORMAL PERIOD 1981 TO 2010
CLIMATE RECORD PERIOD 1954 TO 2016

WEATHER ITEM   OBSERVED TIME   RECORD YEAR NORMAL DEPARTURE LAST
                VALUE   (LST)  VALUE       VALUE  FROM      YEAR
                                                  NORMAL
..................................................................

TEMPERATURE (F)
 YESTERDAY
  MAXIMUM         46    412 PM  68    1975  46      0       40
  MINIMUM         14    753 AM -18    1963  27    -13       18
  AVERAGE         30                        36     -6       29

PRECIPITATION (IN)
  YESTERDAY        0.00          1.51 1957   0.11  -0.11     0.00
  MONTH TO DATE    2.08                      3.17  -1.09     2.29
  SINCE DEC 1      7.53                      7.41   0.12     6.10
  SINCE JAN 1      2.08                      3.17  -1.09     2.29

SNOWFALL (IN)
  YESTERDAY       MM
  MONTH TO DATE   MM
  SINCE DEC 1     MM
  SINCE JUL 1     MM
  SNOW DEPTH      MM

DEGREE DAYS
 HEATING
  YESTERDAY       35                        29      6       36
  MONTH TO DATE  965                       829    136      855
  SINCE DEC 1   1440                      1651   -211     1578
  SINCE JUL 1   2105                      2481   -376     2522

 COOLING
  YESTERDAY        0                         0      0        0
  MONTH TO DATE    0                         0      0        0
  SINCE DEC 1      0                         1     -1        0
  SINCE JAN 1      0                         0      0        0
..................................................................

WIND (MPH)
  HIGHEST WIND SPEED    16   HIGHEST WIND DIRECTION     W (250)
  HIGHEST GUST SPEED    23   HIGHEST GUST DIRECTION     W (260)
  AVERAGE WIND SPEED     3.1

SKY COVER
  POSSIBLE SUNSHINE  MM
  AVERAGE SKY COVER 0.2

WEATHER CONDITIONS
 THE FOLLOWING WEATHER WAS RECORDED YESTERDAY.
  FOG

RELATIVE HUMIDITY (PERCENT)
 HIGHEST    91           900 AM
 LOWEST     34           300 PM
 AVERAGE    63
..........................................................

THE LONDON KY CLIMATE NORMALS FOR TODAY
                         NORMAL    RECORD    YEAR
 MAXIMUM TEMPERATURE (F)   46        71      2002
 MINIMUM TEMPERATURE (F)   27        -7      1977

SUNRISE AND SUNSET
JANUARY 29 2016.......SUNRISE   742 AM EST   SUNSET   557 PM EST
JANUARY 30 2016.......SUNRISE   741 AM EST   SUNSET   559 PM EST

-  INDICATES NEGATIVE NUMBERS.
R  INDICATES RECORD WAS SET OR TIED.
MM INDICATES DATA IS MISSING.
T  INDICATES TRACE AMOUNT.

$$
