000
CDUS43 KJKL 120532
CLILOZ

CLIMATE REPORT
NATIONAL WEATHER SERVICE JACKSON KY
1232 AM EST SAT NOV 12 2016


...................................

...THE LONDON KY CLIMATE SUMMARY FOR NOVEMBER 11 2016...

CLIMATE NORMAL PERIOD 1981 TO 2010
CLIMATE RECORD PERIOD 1954 TO 2016


WEATHER ITEM   OBSERVED TIME   RECORD YEAR NORMAL DEPARTURE LAST
                VALUE   (LST)  VALUE       VALUE  FROM      YEAR
                                                  NORMAL
..................................................................
TEMPERATURE (F)
 YESTERDAY
  MAXIMUM         62    301 PM  73    2010  61      1       66
                                      1989
  MINIMUM         32    714 AM  16    1957  38     -6       30
  AVERAGE         47                        49     -2       48

PRECIPITATION (IN)
  YESTERDAY        0.00          1.05 1986   0.11  -0.11     0.00
  MONTH TO DATE    0.07                      1.24  -1.17     0.47
  SINCE SEP 1      2.15                      7.63  -5.48     7.53

SNOWFALL (IN)
  YESTERDAY       MM
  MONTH TO DATE   MM
  SINCE SEP 1     MM
  SINCE JUL 1     MM
  SNOW DEPTH      MM

DEGREE DAYS
 HEATING
  YESTERDAY       18                        16      2       17
  MONTH TO DATE  113                       158    -45       89
  SINCE SEP 1    249                       463   -214      345
  SINCE JUL 1    249                       464   -215      345

COOLING
  YESTERDAY        0                         0      0        0
  MONTH TO DATE    7                         0      7        5
  SINCE SEP 1    284                       164    120      216
  SINCE JAN 1   1507                      1188    319     1387
..................................................................


WIND (MPH)
  HIGHEST WIND SPEED    15   HIGHEST WIND DIRECTION    NE (30)
  HIGHEST GUST SPEED    20   HIGHEST GUST DIRECTION    NE (30)
  AVERAGE WIND SPEED     4.4


SKY COVER
  POSSIBLE SUNSHINE  MM
  AVERAGE SKY COVER 0.0


WEATHER CONDITIONS
 THE FOLLOWING WEATHER WAS RECORDED YESTERDAY.
  NO SIGNIFICANT WEATHER WAS OBSERVED.


RELATIVE HUMIDITY (PERCENT)
 HIGHEST    82           300 AM
 LOWEST     39           300 PM
 AVERAGE    61

..........................................................


THE LONDON KY CLIMATE NORMALS FOR TODAY
                         NORMAL    RECORD    YEAR
 MAXIMUM TEMPERATURE (F)   60        76      1978
 MINIMUM TEMPERATURE (F)   38        20      1976


SUNRISE AND SUNSET
NOVEMBER 12 2016......SUNRISE   712 AM EST   SUNSET   528 PM EST
NOVEMBER 13 2016......SUNRISE   713 AM EST   SUNSET   528 PM EST


-  INDICATES NEGATIVE NUMBERS.
R  INDICATES RECORD WAS SET OR TIED.
MM INDICATES DATA IS MISSING.
T  INDICATES TRACE AMOUNT.




$$
