000
CDUS43 KJKL 032021
CLILOZ

CLIMATE REPORT NATIONAL WEATHER SERVICE JACKSON KY

419 PM EDT WED AUG 3 2016


...................................

...THE LONDON KY CLIMATE SUMMARY FOR AUGUST 3 2016...
VALID TODAY AS OF 0400 PM LOCAL TIME.

CLIMATE NORMAL PERIOD 1981 TO 2010
CLIMATE RECORD PERIOD 1954 TO 2016


WEATHER ITEM   OBSERVED TIME   RECORD YEAR NORMAL DEPARTURE LAST
                VALUE   (LST)  VALUE       VALUE  FROM      YEAR
                                                  NORMAL
..................................................................
TEMPERATURE (F)
 TODAY
  MAXIMUM         89    232 PM  97    1987  86      3       90
  MINIMUM         69    635 AM  49    1965  66      3       62
  AVERAGE         79                        76      3       76

PRECIPITATION (IN)
  TODAY            0.00          1.65 2003   0.13  -0.13     0.00
  MONTH TO DATE    0.64                      0.37   0.27     0.00
  SINCE JUN 1     11.36                      8.81   2.55    16.20

SNOWFALL (IN)
  TODAY           MM
  MONTH TO DATE   MM
  SINCE JUN 1     MM
  SINCE JUL 1     MM
  SNOW DEPTH      MM

DEGREE DAYS
 HEATING
  TODAY            0                         0      0        0
  MONTH TO DATE    0                         0      0        0
  SINCE JUN 1      2                         9     -7        2
  SINCE JUL 1      0                         0      0        0

 COOLING
  TODAY           14                        11      3       11
  MONTH TO DATE   40                        33      7       30
  SINCE JUN 1    754                       626    128      727
  SINCE JAN 1    856                       740    116      921
..................................................................


WIND (MPH)
  HIGHEST WIND SPEED     8   HIGHEST WIND DIRECTION    SE (140)
  HIGHEST GUST SPEED    11   HIGHEST GUST DIRECTION    SE (120)
  AVERAGE WIND SPEED     1.5


SKY COVER
  POSSIBLE SUNSHINE  MM
  AVERAGE SKY COVER 0.5


WEATHER CONDITIONS
 THE FOLLOWING WEATHER WAS RECORDED TODAY.
  FOG
  FOG W/VISIBILITY <= 1/4 MILE


RELATIVE HUMIDITY (PERCENT)
 HIGHEST    97           300 AM
 LOWEST     48           200 PM
 AVERAGE    73

..........................................................


THE LONDON KY CLIMATE NORMALS FOR TOMORROW
                         NORMAL    RECORD    YEAR
 MAXIMUM TEMPERATURE (F)   86        95      2010
 MINIMUM TEMPERATURE (F)   66        50      1965


SUNRISE AND SUNSET
AUGUST  3 2016........SUNRISE   643 AM EDT   SUNSET   841 PM EDT
AUGUST  4 2016........SUNRISE   644 AM EDT   SUNSET   840 PM EDT


-  INDICATES NEGATIVE NUMBERS.
R  INDICATES RECORD WAS SET OR TIED.
MM INDICATES DATA IS MISSING.
T  INDICATES TRACE AMOUNT.




$$
