000
CDUS43 KJKL 290529
CLILOZ

CLIMATE REPORT
NATIONAL WEATHER SERVICE JACKSON KY
132 AM EDT SAT MAR 29 2014

...................................

...THE LONDON KY CLIMATE SUMMARY FOR MARCH 28 2014...

CLIMATE NORMAL PERIOD 1981 TO 2010
CLIMATE RECORD PERIOD 1954 TO 2014

WEATHER ITEM   OBSERVED TIME   RECORD YEAR NORMAL DEPARTURE LAST
                VALUE   (LST)  VALUE       VALUE  FROM      YEAR
                                                  NORMAL
..................................................................
TEMPERATURE (F)
 YESTERDAY
  MAXIMUM         66    148 PM  83    1989  63      3       51
                                      1983
  MINIMUM         50   1140 PM  20    2001  39     11       24
  AVERAGE         58                        51      7       38

PRECIPITATION (IN)
  YESTERDAY        0.19          1.27 1967   0.13   0.06     0.00
  MONTH TO DATE    3.43                      3.65  -0.22     5.08
  SINCE MAR 1      3.43                      3.65  -0.22     5.08
  SINCE JAN 1      9.94                     10.90  -0.96    11.87

SNOWFALL (IN)
  YESTERDAY       MM
  MONTH TO DATE   MM
  SINCE MAR 1     MM
  SINCE JUL 1     MM
  SNOW DEPTH      MM

DEGREE DAYS
 HEATING
  YESTERDAY        7                        14     -7       27
  MONTH TO DATE  596                       507     89      726
  SINCE MAR 1    596                       507     89      726
  SINCE JUL 1   4103                      3783    320     4074

 COOLING
  YESTERDAY        0                         0      0        0
  MONTH TO DATE    0                         0      0        0
  SINCE MAR 1      0                         0      0        0
  SINCE JAN 1      0                         0      0        0
..................................................................

WIND (MPH)
  HIGHEST WIND SPEED    18   HIGHEST WIND DIRECTION    SW (230)
  HIGHEST GUST SPEED    25   HIGHEST GUST DIRECTION     S (200)
  AVERAGE WIND SPEED     7.4

SKY COVER
  POSSIBLE SUNSHINE  MM
  AVERAGE SKY COVER 0.8

WEATHER CONDITIONS
 THE FOLLOWING WEATHER WAS RECORDED YESTERDAY.
  LIGHT RAIN

RELATIVE HUMIDITY (PERCENT)
 HIGHEST    89          1000 PM
 LOWEST     55           200 AM
 AVERAGE    72
..........................................................

THE LONDON KY CLIMATE NORMALS FOR TODAY
                         NORMAL    RECORD    YEAR
 MAXIMUM TEMPERATURE (F)   63        82      1998
                                             1977
 MINIMUM TEMPERATURE (F)   39        17      1966

SUNRISE AND SUNSET
MARCH 29 2014.........SUNRISE   727 AM EDT   SUNSET   756 PM EDT
MARCH 30 2014.........SUNRISE   725 AM EDT   SUNSET   757 PM EDT

-  INDICATES NEGATIVE NUMBERS.
R  INDICATES RECORD WAS SET OR TIED.
MM INDICATES DATA IS MISSING.
T  INDICATES TRACE AMOUNT.

$$

SHALLENBERGER
