203
CDUS43 KJKL 162022
CLILOZ

CLIMATE REPORT
NATIONAL WEATHER SERVICE JACKSON KY
423 PM EDT TUE MAY 16 2017

...................................

...THE LONDON KY CLIMATE SUMMARY FOR MAY 16 2017...
VALID TODAY AS OF 0400 PM LOCAL TIME.

CLIMATE NORMAL PERIOD 1981 TO 2010
CLIMATE RECORD PERIOD 1954 TO 2017

WEATHER ITEM   OBSERVED TIME   RECORD YEAR NORMAL DEPARTURE LAST
                VALUE   (LST)  VALUE       VALUE  FROM      YEAR
                                                  NORMAL
..................................................................
TEMPERATURE (F)
 TODAY
  MAXIMUM         87    253 PM  89    1962  76     11       63
  MINIMUM         56    557 AM  31    1997  53      3       40
  AVERAGE         72                        65      7       52

PRECIPITATION (IN)
  TODAY            0.00          1.39 2004   0.17  -0.17     0.02
  MONTH TO DATE    4.28                      2.67   1.61     2.73
  SINCE MAR 1     14.64                     10.77   3.87     7.76

SNOWFALL (IN)
  TODAY           MM
  MONTH TO DATE   MM
  SINCE MAR 1     MM
  SINCE JUL 1     MM
  SNOW DEPTH      MM

DEGREE DAYS
 HEATING
  TODAY            0                         3     -3       13
  MONTH TO DATE   75                        64     11       90
  SINCE MAR 1    712                       889   -177      720
  SINCE JUL 1   3307                      4165   -858     3636

 COOLING
  TODAY            7                         3      4        0
  MONTH TO DATE   23                        30     -7       25
  SINCE MAR 1     80                        56     24       47
  SINCE JAN 1     80                        56     24       47
..................................................................

WIND (MPH)
  HIGHEST WIND SPEED    14   HIGHEST WIND DIRECTION    SW (240)
  HIGHEST GUST SPEED    18   HIGHEST GUST DIRECTION     S (190)
  AVERAGE WIND SPEED     2.7

SKY COVER
  POSSIBLE SUNSHINE  MM
  AVERAGE SKY COVER 0.0

WEATHER CONDITIONS
 THE FOLLOWING WEATHER WAS RECORDED TODAY.
  FOG
  HAZE

RELATIVE HUMIDITY (PERCENT)
 HIGHEST    93           200 AM
 LOWEST     39           300 PM
 AVERAGE    66
..........................................................

THE LONDON KY CLIMATE NORMALS FOR TOMORROW
                         NORMAL    RECORD    YEAR
 MAXIMUM TEMPERATURE (F)   77        89      1962
 MINIMUM TEMPERATURE (F)   54        36      1983

SUNRISE AND SUNSET
MAY 16 2017...........SUNRISE   627 AM EDT   SUNSET   839 PM EDT
MAY 17 2017...........SUNRISE   626 AM EDT   SUNSET   840 PM EDT

-  INDICATES NEGATIVE NUMBERS.
R  INDICATES RECORD WAS SET OR TIED.
MM INDICATES DATA IS MISSING.
T  INDICATES TRACE AMOUNT.

$$

TAB
