000
CDUS43 KJKL 020536 RRA
CLILOZ

CLIMATE REPORT
NATIONAL WEATHER SERVICE JACKSON KY
136 AM EDT THU NOV 2 2017
...................................

...THE LONDON KY CLIMATE SUMMARY FOR NOVEMBER 1 2017...

CLIMATE NORMAL PERIOD 1981 TO 2010
CLIMATE RECORD PERIOD 1954 TO 2017

WEATHER ITEM   OBSERVED TIME   RECORD YEAR NORMAL DEPARTURE LAST
                VALUE   (LST)  VALUE       VALUE  FROM      YEAR
                                                  NORMAL
..................................................................
TEMPERATURE (F)
 YESTERDAY
  MAXIMUM         63    416 PM  83    2016  64     -1       83
  MINIMUM         44    651 AM  27    1962  41      3       55
  AVERAGE         54                        52      2       69

PRECIPITATION (IN)
  YESTERDAY        0.02          1.76 1967   0.12  -0.10     0.00
  MONTH TO DATE    0.02                      0.12  -0.10     0.00
  SINCE SEP 1      7.11                      6.51   0.60     2.08

SNOWFALL (IN)
  YESTERDAY       MM
  MONTH TO DATE   MM
  SINCE SEP 1     MM
  SINCE JUL 1     MM
  SNOW DEPTH      MM

DEGREE DAYS
 HEATING
  YESTERDAY       11                        13     -2        0
  MONTH TO DATE   11                        13     -2        0
  SINCE SEP 1    278                       318    -40      136
  SINCE JUL 1    278                       319    -41      136

 COOLING
  YESTERDAY        0                         0      0        4
  MONTH TO DATE    0                         0      0        4
  SINCE SEP 1    166                       164      2      281
  SINCE JAN 1   1135                      1188    -53     1504
..................................................................

WIND (MPH)
  HIGHEST WIND SPEED    14   HIGHEST WIND DIRECTION     S (200)
  HIGHEST GUST SPEED    20   HIGHEST GUST DIRECTION    SW (210)
  AVERAGE WIND SPEED     4.1

SKY COVER
  POSSIBLE SUNSHINE  MM
  AVERAGE SKY COVER 0.8

WEATHER CONDITIONS
 THE FOLLOWING WEATHER WAS RECORDED YESTERDAY.
  LIGHT RAIN

RELATIVE HUMIDITY (PERCENT)
 HIGHEST    83           200 AM
 LOWEST     60           200 PM
 AVERAGE    72
..........................................................

THE LONDON KY CLIMATE NORMALS FOR TODAY
                         NORMAL    RECORD    YEAR
 MAXIMUM TEMPERATURE (F)   64        82      2016
 MINIMUM TEMPERATURE (F)   40        23      1963

SUNRISE AND SUNSET
NOVEMBER  2 2017......SUNRISE   802 AM EDT   SUNSET   637 PM EDT
NOVEMBER  3 2017......SUNRISE   803 AM EDT   SUNSET   636 PM EDT

-  INDICATES NEGATIVE NUMBERS.
R  INDICATES RECORD WAS SET OR TIED.
MM INDICATES DATA IS MISSING.
T  INDICATES TRACE AMOUNT.

$$
