428
CDUS43 KJKL 292112 RRA
CLILOZ

CLIMATE REPORT
NATIONAL WEATHER SERVICE JACKSON KY
411 PM EST TUE NOV 29 2016


...................................

...THE LONDON KY CLIMATE SUMMARY FOR NOVEMBER 29 2016...
VALID TODAY AS OF 0400 PM LOCAL TIME.

CLIMATE NORMAL PERIOD 1981 TO 2010
CLIMATE RECORD PERIOD 1954 TO 2016


WEATHER ITEM   OBSERVED TIME   RECORD YEAR NORMAL DEPARTURE LAST
                VALUE   (LST)  VALUE       VALUE  FROM      YEAR
                                                  NORMAL
..................................................................
TEMPERATURE (F)
 TODAY
  MAXIMUM         67    259 PM  74    2006  53     14       59
  MINIMUM         50    619 AM   7    1976  33     17       49
  AVERAGE         59                        43     16       54

PRECIPITATION (IN)
  TODAY            0.29          1.07 2015   0.15   0.14     1.07
  MONTH TO DATE    0.94                      3.69  -2.75     2.86
  SINCE SEP 1      3.02                     10.08  -7.06     9.92

SNOWFALL (IN)
  TODAY           MM
  MONTH TO DATE   MM
  SINCE SEP 1     MM
  SINCE JUL 1     MM
  SNOW DEPTH      MM

DEGREE DAYS
 HEATING
  TODAY            6                        22    -16       11
  MONTH TO DATE  443                       503    -60      397
  SINCE SEP 1    579                       808   -229      653
  SINCE JUL 1    579                       809   -230      653

 COOLING
  TODAY            0                         0      0        0
  MONTH TO DATE    7                         0      7        5
  SINCE SEP 1    284                       164    120      216
  SINCE JAN 1   1507                      1188    319     1387
..................................................................


WIND (MPH)
  HIGHEST WIND SPEED    20   HIGHEST WIND DIRECTION     S (190)
  HIGHEST GUST SPEED    24   HIGHEST GUST DIRECTION     S (180)
  AVERAGE WIND SPEED     8.8


SKY COVER
  POSSIBLE SUNSHINE  MM
  AVERAGE SKY COVER 0.5


WEATHER CONDITIONS
 THE FOLLOWING WEATHER WAS RECORDED TODAY.
  HEAVY RAIN
  RAIN
  LIGHT RAIN
  FOG


RELATIVE HUMIDITY (PERCENT)
 HIGHEST    86          1200 AM
 LOWEST     37           300 PM
 AVERAGE    62

..........................................................


THE LONDON KY CLIMATE NORMALS FOR TOMORROW
                         NORMAL    RECORD    YEAR
 MAXIMUM TEMPERATURE (F)   52        71      2006
                                             1998
 MINIMUM TEMPERATURE (F)   33         2      1976


SUNRISE AND SUNSET
NOVEMBER 29 2016......SUNRISE   730 AM EST   SUNSET   520 PM EST
NOVEMBER 30 2016......SUNRISE   731 AM EST   SUNSET   520 PM EST


-  INDICATES NEGATIVE NUMBERS.
R  INDICATES RECORD WAS SET OR TIED.
MM INDICATES DATA IS MISSING.
T  INDICATES TRACE AMOUNT.




$$
