000
CDUS43 KJKL 020554
CLILOZ

CLIMATE REPORT
NATIONAL WEATHER SERVICE JACKSON KY
1243 AM EST FRI FEB 2 2018

...................................

...THE LONDON KY CLIMATE SUMMARY FOR FEBRUARY 1 2018...

CLIMATE NORMAL PERIOD 1981 TO 2010
CLIMATE RECORD PERIOD 1954 TO 2018

WEATHER ITEM   OBSERVED TIME   RECORD YEAR NORMAL DEPARTURE LAST
                VALUE   (LST)  VALUE       VALUE  FROM      YEAR
                                                  NORMAL
..................................................................
TEMPERATURE (F)
 YESTERDAY
  MAXIMUM         49   1124 AM  71    1988  46      3       51
  MINIMUM         31   1159 PM -11    1971  27      4       32
  AVERAGE         40                        37      3       42

PRECIPITATION (IN)
  YESTERDAY        0.35          2.09 1981   0.13   0.22     0.00
  MONTH TO DATE    0.35                      0.13   0.22     0.00
  SINCE DEC 1      4.77                      7.91  -3.14    10.38
  SINCE JAN 1      1.86                      3.67  -1.81     4.08

SNOWFALL (IN)
  YESTERDAY       MM
  MONTH TO DATE   MM
  SINCE DEC 1     MM
  SINCE JUL 1     MM
  SNOW DEPTH      MM

DEGREE DAYS
 HEATING
  YESTERDAY       25                        28     -3       23
  MONTH TO DATE   25                        28     -3       23

 COOLING
  YESTERDAY        0                         0      0        0
  MONTH TO DATE    0                         0      0        0
  SINCE DEC 1      0                         1     -1        0
  SINCE JAN 1      0                         0      0        0
..................................................................

WIND (MPH)
  HIGHEST WIND SPEED    17   HIGHEST WIND DIRECTION    NW (330)
  HIGHEST GUST SPEED    26   HIGHEST GUST DIRECTION     N (340)
  AVERAGE WIND SPEED     9.7

SKY COVER
  POSSIBLE SUNSHINE  MM
  AVERAGE SKY COVER 0.8

WEATHER CONDITIONS
 THE FOLLOWING WEATHER WAS RECORDED YESTERDAY.
  LIGHT RAIN
  LIGHT SNOW
  FOG

RELATIVE HUMIDITY (PERCENT)
 HIGHEST   100           100 PM
 LOWEST     31           100 AM
 AVERAGE    66
..........................................................

THE LONDON KY CLIMATE NORMALS FOR TODAY
                         NORMAL    RECORD    YEAR
 MAXIMUM TEMPERATURE (F)   47        71      2016
                                             1990
 MINIMUM TEMPERATURE (F)   27       -10      1965

SUNRISE AND SUNSET
FEBRUARY  2 2018......SUNRISE   738 AM EST   SUNSET   602 PM EST
FEBRUARY  3 2018......SUNRISE   737 AM EST   SUNSET   603 PM EST

-  INDICATES NEGATIVE NUMBERS.
R  INDICATES RECORD WAS SET OR TIED.
MM INDICATES DATA IS MISSING.
T  INDICATES TRACE AMOUNT.

$$

SHALLENBERGER
