000
CDUS43 KJKL 020546
CLILOZ

CLIMATE REPORT
NATIONAL WEATHER SERVICE JACKSON KY
145 AM EDT SUN JUL 2 2017

...................................

...THE LONDON KY CLIMATE SUMMARY FOR JULY 1 2017...

CLIMATE NORMAL PERIOD 1981 TO 2010
CLIMATE RECORD PERIOD 1954 TO 2017

WEATHER ITEM   OBSERVED TIME   RECORD YEAR NORMAL DEPARTURE LAST
                VALUE   (LST)  VALUE       VALUE  FROM      YEAR
                                                  NORMAL
..................................................................
TEMPERATURE (F)
 YESTERDAY
  MAXIMUM         86    243 PM 101    2012  86      0       86
  MINIMUM         69    555 AM  52    1976  66      3       58
  AVERAGE         78                        76      2       72

PRECIPITATION (IN)
  YESTERDAY        0.05          1.45 1959   0.14  -0.09     0.02
  MONTH TO DATE    0.05                      0.14  -0.09     0.02
  SINCE JUN 1      4.53                      4.54  -0.01     2.35

SNOWFALL (IN)
  YESTERDAY       MM
  MONTH TO DATE   MM
  SINCE JUN 1     MM
  SINCE JUL 1     MM
  SNOW DEPTH      MM

DEGREE DAYS
 HEATING
  YESTERDAY        0                         0      0        0
  MONTH TO DATE    0                         0      0        0
  SINCE JUN 1      3                         9     -6        2
  SINCE JUL 1      0                         0      0        0

 COOLING
  YESTERDAY       13                        11      2        7
  MONTH TO DATE   13                        11      2        7
  SINCE JUN 1    200                       254    -54      306
  SINCE JAN 1    351                       368    -17      408
..................................................................

WIND (MPH)
  HIGHEST WIND SPEED    22   HIGHEST WIND DIRECTION     W (250)
  HIGHEST GUST SPEED    28   HIGHEST GUST DIRECTION     W (260)
  AVERAGE WIND SPEED     5.8

SKY COVER
  POSSIBLE SUNSHINE  MM
  AVERAGE SKY COVER 0.5

WEATHER CONDITIONS
 THE FOLLOWING WEATHER WAS RECORDED YESTERDAY.
  THUNDERSTORM
  RAIN
  LIGHT RAIN

RELATIVE HUMIDITY (PERCENT)
 HIGHEST    93          1000 PM
 LOWEST     48           200 PM
 AVERAGE    71
..........................................................

THE LONDON KY CLIMATE NORMALS FOR TODAY
                         NORMAL    RECORD    YEAR
 MAXIMUM TEMPERATURE (F)   86        97      1980
 MINIMUM TEMPERATURE (F)   66        46      1988

SUNRISE AND SUNSET
JULY  2 2017..........SUNRISE   621 AM EDT   SUNSET   900 PM EDT
JULY  3 2017..........SUNRISE   621 AM EDT   SUNSET   900 PM EDT

-  INDICATES NEGATIVE NUMBERS.
R  INDICATES RECORD WAS SET OR TIED.
MM INDICATES DATA IS MISSING.
T  INDICATES TRACE AMOUNT.

$$
GREIF
