000
CDUS43 KJKL 150529
CLILOZ

CLIMATE REPORT
NATIONAL WEATHER SERVICE JACKSON KY
129 AM EDT MON MAY 15 2017


...................................

...THE LONDON KY CLIMATE SUMMARY FOR MAY 14 2017...

CLIMATE NORMAL PERIOD 1981 TO 2010
CLIMATE RECORD PERIOD 1954 TO 2017


WEATHER ITEM   OBSERVED TIME   RECORD YEAR NORMAL DEPARTURE LAST
                VALUE   (LST)  VALUE       VALUE  FROM      YEAR
                                                  NORMAL
..................................................................
TEMPERATURE (F)
 YESTERDAY
  MAXIMUM         80    448 PM  88    1998  76      4       59
  MINIMUM         48    556 AM  33    1996  53     -5       44
  AVERAGE         64                        64      0       52

PRECIPITATION (IN)
  YESTERDAY        0.00          1.07 1968   0.18  -0.18     0.02
  MONTH TO DATE    4.28                      2.32   1.96     2.71
  SINCE MAR 1     14.64                     10.42   4.22     7.74

SNOWFALL (IN)
  YESTERDAY       MM
  MONTH TO DATE   MM
  SINCE MAR 1     MM
  SINCE JUL 1     MM
  SNOW DEPTH      MM

DEGREE DAYS
 HEATING
  YESTERDAY        1                         3     -2       13
  MONTH TO DATE   75                        58     17       62
  SINCE MAR 1    712                       883   -171      692
  SINCE JUL 1   3307                      4159   -852     3608

COOLING
  YESTERDAY        0                         3     -3        0
  MONTH TO DATE   13                        24    -11       25
  SINCE MAR 1     70                        50     20       47
  SINCE JAN 1     70                        50     20       47
..................................................................


WIND (MPH)
  HIGHEST WIND SPEED    14   HIGHEST WIND DIRECTION     W (270)
  HIGHEST GUST SPEED    31   HIGHEST GUST DIRECTION    NW (320)
  AVERAGE WIND SPEED     4.1


SKY COVER
  POSSIBLE SUNSHINE  MM
  AVERAGE SKY COVER 0.0


WEATHER CONDITIONS
 THE FOLLOWING WEATHER WAS RECORDED YESTERDAY.
  FOG


RELATIVE HUMIDITY (PERCENT)
 HIGHEST    93           400 AM
 LOWEST     36           400 PM
 AVERAGE    65

..........................................................


THE LONDON KY CLIMATE NORMALS FOR TODAY
                         NORMAL    RECORD    YEAR
 MAXIMUM TEMPERATURE (F)   76        88      1991
 MINIMUM TEMPERATURE (F)   53        37      1959


SUNRISE AND SUNSET
MAY 15 2017...........SUNRISE   628 AM EDT   SUNSET   838 PM EDT
MAY 16 2017...........SUNRISE   627 AM EDT   SUNSET   839 PM EDT


-  INDICATES NEGATIVE NUMBERS.
R  INDICATES RECORD WAS SET OR TIED.
MM INDICATES DATA IS MISSING.
T  INDICATES TRACE AMOUNT.




$$
