000
CDUS43 KJKL 052023
CLILOZ

CLIMATE REPORT
NATIONAL WEATHER SERVICE JACKSON KY
423 PM EDT TUE JUL 5 2016

...................................

...THE LONDON KY CLIMATE SUMMARY FOR JULY 5 2016...
VALID TODAY AS OF 0400 PM LOCAL TIME.

CLIMATE NORMAL PERIOD 1981 TO 2010
CLIMATE RECORD PERIOD 1954 TO 2016

WEATHER ITEM   OBSERVED TIME   RECORD YEAR NORMAL DEPARTURE LAST
                VALUE   (LST)  VALUE       VALUE  FROM      YEAR
                                                  NORMAL
..................................................................
TEMPERATURE (F)
 TODAY
  MAXIMUM         88    257 PM  99    2012  86      2       76
  MINIMUM         72    530 AM  47    1967  66      6       66
  AVERAGE         80                        76      4       71

PRECIPITATION (IN)
  TODAY            0.38          2.64 1983   0.13   0.25     1.74
  MONTH TO DATE    1.78                      0.67   1.11     5.93
  SINCE JUN 1      4.11                      5.07  -0.96    10.90

SNOWFALL (IN)
  TODAY           MM
  MONTH TO DATE   MM
  SINCE JUN 1     MM
  SINCE JUL 1     MM
  SNOW DEPTH      MM

DEGREE DAYS
 HEATING
  TODAY            0                         0      0        0
  MONTH TO DATE    0                         0      0        0
  SINCE JUN 1      2                         9     -7        2
  SINCE JUL 1      0                         0      0        0

 COOLING
  TODAY           15                        11      4        6
  MONTH TO DATE   62                        55      7       41
  SINCE JUN 1    361                       298     63      348
  SINCE JAN 1    463                       412     51      542
..................................................................

WIND (MPH)
  HIGHEST WIND SPEED    15   HIGHEST WIND DIRECTION     W (250)
  HIGHEST GUST SPEED    20   HIGHEST GUST DIRECTION    SW (240)
  AVERAGE WIND SPEED     9.0

SKY COVER
  POSSIBLE SUNSHINE  MM
  AVERAGE SKY COVER 0.8

WEATHER CONDITIONS
 THE FOLLOWING WEATHER WAS RECORDED TODAY.
  THUNDERSTORM
  HEAVY RAIN
  RAIN
  LIGHT RAIN
  FOG

RELATIVE HUMIDITY (PERCENT)
 HIGHEST    93          1200 AM
 LOWEST     55           300 PM
 AVERAGE    74

..........................................................

THE LONDON KY CLIMATE NORMALS FOR TOMORROW
                         NORMAL    RECORD    YEAR
 MAXIMUM TEMPERATURE (F)   87        97      2012
 MINIMUM TEMPERATURE (F)   66        50      1964

SUNRISE AND SUNSET
JULY  5 2016..........SUNRISE   622 AM EDT   SUNSET   859 PM EDT
JULY  6 2016..........SUNRISE   623 AM EDT   SUNSET   859 PM EDT

-  INDICATES NEGATIVE NUMBERS.
R  INDICATES RECORD WAS SET OR TIED.
MM INDICATES DATA IS MISSING.
T  INDICATES TRACE AMOUNT.

$$

CARICO
