000
CDUS43 KJKL 040528
CLILOZ

CLIMATE REPORT
NATIONAL WEATHER SERVICE JACKSON KY
126 AM EDT THU SEP 4 2014

...................................

...THE LONDON KY CLIMATE SUMMARY FOR SEPTEMBER 3 2014...

CLIMATE NORMAL PERIOD 1981 TO 2010
CLIMATE RECORD PERIOD 1954 TO 2014


WEATHER ITEM   OBSERVED TIME   RECORD YEAR NORMAL DEPARTURE LAST
                VALUE   (LST)  VALUE       VALUE  FROM      YEAR
                                                  NORMAL
..................................................................
TEMPERATURE (F)
 YESTERDAY
  MAXIMUM         83    515 PM  96    2011  84     -1       83
  MINIMUM         69    651 AM  47    1967  62      7       63
  AVERAGE         76                        73      3       73

PRECIPITATION (IN)
  YESTERDAY        0.00          1.86 1962   0.10  -0.10     0.00
  MONTH TO DATE    0.37                      0.31   0.06     0.67
  SINCE SEP 1      0.37                      0.31   0.06     0.67
  SINCE JAN 1        MM                     32.99     MM    41.71

SNOWFALL (IN)
  YESTERDAY       MM
  MONTH TO DATE   MM
  SINCE SEP 1     MM
  SINCE JUL 1     MM
  SNOW DEPTH      MM

DEGREE DAYS
 HEATING
  YESTERDAY        0                         0      0        0
  MONTH TO DATE    0                         0      0        0
  SINCE SEP 1      0                         0      0        0
  SINCE JUL 1      0                         1     -1        0

 COOLING
  YESTERDAY       11                         8      3        8
  MONTH TO DATE   43                        24     19       32
  SINCE SEP 1     43                        24     19       32
  SINCE JAN 1     MM                      1048     MM      924
..................................................................


WIND (MPH)
  HIGHEST WIND SPEED     8   HIGHEST WIND DIRECTION     N (10)
  HIGHEST GUST SPEED    13   HIGHEST GUST DIRECTION     N (360)
  AVERAGE WIND SPEED     2.2


SKY COVER
  POSSIBLE SUNSHINE  MM
  AVERAGE SKY COVER 0.5


WEATHER CONDITIONS
 THE FOLLOWING WEATHER WAS RECORDED YESTERDAY.
  FOG


RELATIVE HUMIDITY (PERCENT)
 HIGHEST    90          1200 AM
 LOWEST     65           500 PM
 AVERAGE    78

..........................................................


THE LONDON KY CLIMATE NORMALS FOR TODAY
                         NORMAL    RECORD    YEAR
 MAXIMUM TEMPERATURE (F)   83        94      2007
 MINIMUM TEMPERATURE (F)   61        49      1997


SUNRISE AND SUNSET
SEPTEMBER  4 2014.....SUNRISE   709 AM EDT   SUNSET   800 PM EDT
SEPTEMBER  5 2014.....SUNRISE   710 AM EDT   SUNSET   759 PM EDT


-  INDICATES NEGATIVE NUMBERS.
R  INDICATES RECORD WAS SET OR TIED.
MM INDICATES DATA IS MISSING.
T  INDICATES TRACE AMOUNT.




$$
