000
CDUS43 KJKL 122123
CLILOZ

CLIMATE REPORT
NATIONAL WEATHER SERVICE JACKSON KY
423 PM EST WED NOV 12 2014

...................................

...THE LONDON KY CLIMATE SUMMARY FOR NOVEMBER 12 2014...
VALID TODAY AS OF 0400 PM LOCAL TIME.

CLIMATE NORMAL PERIOD 1981 TO 2010
CLIMATE RECORD PERIOD 1954 TO 2014

WEATHER ITEM   OBSERVED TIME   RECORD YEAR NORMAL DEPARTURE LAST
                VALUE   (LST)  VALUE       VALUE  FROM      YEAR
                                                  NORMAL
..................................................................
TEMPERATURE (F)
 TODAY
  MAXIMUM         48   1211 AM  76    1978  60    -12       54
  MINIMUM         36   1150 AM  20    1976  38     -2       26
  AVERAGE         42                        49     -7       40

PRECIPITATION (IN)
  TODAY            0.06          3.53 1975   0.12  -0.06     0.03
  MONTH TO DATE    1.44                      1.36   0.08     0.73
  SINCE SEP 1     11.18                      7.75   3.43     6.89
  SINCE JAN 1       MM                      40.43    MM     47.93

SNOWFALL (IN)
  TODAY           MM
  MONTH TO DATE   MM
  SINCE SEP 1     MM
  SINCE JUL 1     MM
  SNOW DEPTH      MM

DEGREE DAYS
 HEATING
  TODAY           23                        16      7       25
  MONTH TO DATE  220                       174     46      185
  SINCE SEP 1    465                       479    -14      429
  SINCE JUL 1    465                       480    -15      429

 COOLING
  TODAY            0                         0      0        0
  MONTH TO DATE    0                         0      0        0
  SINCE SEP 1    193                       164     29      191
  SINCE JAN 1     MM                      1188     MM     1083
..................................................................

WIND (MPH)
  HIGHEST WIND SPEED    14   HIGHEST WIND DIRECTION     W (290)
  HIGHEST GUST SPEED    19   HIGHEST GUST DIRECTION    NW (320)
  AVERAGE WIND SPEED     7.6

SKY COVER
  POSSIBLE SUNSHINE  MM
  AVERAGE SKY COVER 0.9

WEATHER CONDITIONS
 THE FOLLOWING WEATHER WAS RECORDED TODAY.
  RAIN
  LIGHT RAIN
  FOG

RELATIVE HUMIDITY (PERCENT)
 HIGHEST    92           500 AM
 LOWEST     76          1100 AM
 AVERAGE    84

..........................................................

THE LONDON KY CLIMATE NORMALS FOR TOMORROW
                         NORMAL    RECORD    YEAR
 MAXIMUM TEMPERATURE (F)   60        77      1978
 MINIMUM TEMPERATURE (F)   37        13      1976

SUNRISE AND SUNSET
NOVEMBER 12 2014......SUNRISE   712 AM EST   SUNSET   529 PM EST
NOVEMBER 13 2014......SUNRISE   713 AM EST   SUNSET   528 PM EST

-  INDICATES NEGATIVE NUMBERS.
R  INDICATES RECORD WAS SET OR TIED.
MM INDICATES DATA IS MISSING.
T  INDICATES TRACE AMOUNT.

$$

CARICO
