000
CDUS43 KJKL 270533
CLILOZ

CLIMATE REPORT
NATIONAL WEATHER SERVICE JACKSON KY
1230 AM EST TUE DEC 27 2016

...................................

...THE LONDON KY CLIMATE SUMMARY FOR DECEMBER 26 2016...

CLIMATE NORMAL PERIOD 1981 TO 2010
CLIMATE RECORD PERIOD 1954 TO 2016

WEATHER ITEM   OBSERVED TIME   RECORD YEAR NORMAL DEPARTURE LAST
                VALUE   (LST)  VALUE       VALUE  FROM      YEAR
                                                  NORMAL
..................................................................
TEMPERATURE (F)
 YESTERDAY
  MAXIMUM         69    119 PM  71    2015  45     24       71
  MINIMUM         54    725 AM   1    1966  28     26       54
  AVERAGE         62                        36     26       63

PRECIPITATION (IN)
  YESTERDAY        0.00          1.36 1982   0.13  -0.13     0.06
  MONTH TO DATE    4.95                      3.63   1.32     5.22
  SINCE DEC 1      4.95                      3.63   1.32     5.22

SNOWFALL (IN)
  YESTERDAY       MM
  MONTH TO DATE   MM
  SINCE DEC 1     MM
  SINCE JUL 1     MM
  SNOW DEPTH      MM

DEGREE DAYS
 HEATING
  YESTERDAY        3                        29    -26        2
  MONTH TO DATE  671                       677     -6      417
  SINCE DEC 1    671                       677     -6      417
  SINCE JUL 1   1262                      1507   -245     1082

 COOLING
  YESTERDAY        0                         0      0        0
  MONTH TO DATE    0                         0      0        0
  SINCE DEC 1      0                         0      0        0
  SINCE JAN 1   1507                      1190    317     1387
..................................................................

WIND (MPH)
  HIGHEST WIND SPEED    23   HIGHEST WIND DIRECTION     S (200)
  HIGHEST GUST SPEED    31   HIGHEST GUST DIRECTION     S (200)
  AVERAGE WIND SPEED    11.3

SKY COVER
  POSSIBLE SUNSHINE  MM
  AVERAGE SKY COVER 0.5

WEATHER CONDITIONS
 THE FOLLOWING WEATHER WAS RECORDED YESTERDAY.
  NO SIGNIFICANT WEATHER WAS OBSERVED.

RELATIVE HUMIDITY (PERCENT)
 HIGHEST    89           600 AM
 LOWEST     57           100 PM
 AVERAGE    73
.........................................................

THE LONDON KY CLIMATE NORMALS FOR TODAY
                         NORMAL    RECORD    YEAR
 MAXIMUM TEMPERATURE (F)   45        75      2015
 MINIMUM TEMPERATURE (F)   28         4      1966

SUNRISE AND SUNSET
DECEMBER 27 2016......SUNRISE   749 AM EST   SUNSET   527 PM EST
DECEMBER 28 2016......SUNRISE   749 AM EST   SUNSET   527 PM EST

-  INDICATES NEGATIVE NUMBERS.
R  INDICATES RECORD WAS SET OR TIED.
MM INDICATES DATA IS MISSING.
T  INDICATES TRACE AMOUNT.

$$
GREIF
