000
CDUS43 KJKL 110540
CLILOZ

CLIMATE REPORT
NATIONAL WEATHER SERVICE JACKSON KY
121 AM EDT SAT OCT 11 2014

...................................

...THE LONDON KY CLIMATE SUMMARY FOR OCTOBER 10 2014...

CLIMATE NORMAL PERIOD 1981 TO 2010
CLIMATE RECORD PERIOD 1954 TO 2014

WEATHER ITEM   OBSERVED TIME   RECORD YEAR NORMAL DEPARTURE LAST
                VALUE   (LST)  VALUE       VALUE  FROM      YEAR
                                                  NORMAL
..................................................................
TEMPERATURE (F)
 YESTERDAY
  MAXIMUM         71    353 PM  83    2010  71      0       75
                                      2008
                                      1980
  MINIMUM         60   1216 AM  28    2000  47     13       47
                                      1964
  AVERAGE         66                        59      7       61

PRECIPITATION (IN)
  YESTERDAY        1.24R         0.82 1982   0.10   1.14     0.00
  MONTH TO DATE    4.22                      0.96   3.26     2.11
  SINCE SEP 1      5.61                      4.33   1.28     4.72
  SINCE JAN 1        MM                     37.01     MM    45.76

SNOWFALL (IN)
  YESTERDAY       MM
  MONTH TO DATE   MM
  SINCE SEP 1     MM
  SINCE JUL 1     MM
  SNOW DEPTH      MM

DEGREE DAYS
 HEATING
  YESTERDAY        0                         7     -7        4
  MONTH TO DATE   46                        56    -10       19
  SINCE SEP 1     64                       102    -38       34
  SINCE JUL 1     64                       103    -39       34

 COOLING
  YESTERDAY        1                         1      0        0
  MONTH TO DATE   11                        12     -1       31
  SINCE SEP 1    184                       155     29      180
  SINCE JAN 1     MM                      1179     MM     1072
..................................................................

WIND (MPH)
  HIGHEST WIND SPEED    10   HIGHEST WIND DIRECTION     S (200)
  HIGHEST GUST SPEED    13   HIGHEST GUST DIRECTION     S (180)
  AVERAGE WIND SPEED     4.5

SKY COVER
  POSSIBLE SUNSHINE  MM
  AVERAGE SKY COVER 0.8

WEATHER CONDITIONS
 THE FOLLOWING WEATHER WAS RECORDED YESTERDAY.
  THUNDERSTORM
  HEAVY RAIN
  RAIN
  LIGHT RAIN
  FOG

RELATIVE HUMIDITY (PERCENT)
 HIGHEST    93           200 AM
 LOWEST     73           400 PM
 AVERAGE    83
..........................................................

THE LONDON KY CLIMATE NORMALS FOR TODAY
                         NORMAL    RECORD    YEAR
 MAXIMUM TEMPERATURE (F)   71        86      2008
 MINIMUM TEMPERATURE (F)   47        26      1964

SUNRISE AND SUNSET
OCTOBER 11 2014.......SUNRISE   740 AM EDT   SUNSET   705 PM EDT
OCTOBER 12 2014.......SUNRISE   741 AM EDT   SUNSET   704 PM EDT

-  INDICATES NEGATIVE NUMBERS.
R  INDICATES RECORD WAS SET OR TIED.
MM INDICATES DATA IS MISSING.
T  INDICATES TRACE AMOUNT.

$$

SHALLENBERGER
