000
CDUS43 KJKL 160530
CLILOZ

CLIMATE REPORT
NATIONAL WEATHER SERVICE JACKSON KY
130 AM EDT SAT MAY 16 2015

...................................

...THE LONDON KY CLIMATE SUMMARY FOR MAY 15 2015...

CLIMATE NORMAL PERIOD 1981 TO 2010
CLIMATE RECORD PERIOD 1954 TO 2015


WEATHER ITEM   OBSERVED TIME   RECORD YEAR NORMAL DEPARTURE LAST
                VALUE   (LST)  VALUE       VALUE  FROM      YEAR
                                                  NORMAL
..................................................................
TEMPERATURE (F)
 YESTERDAY
  MAXIMUM         84    449 PM  88    1991  76      8       66
  MINIMUM         65    226 AM  37    1959  53     12       51
  AVERAGE         75                        64     11       59

PRECIPITATION (IN)
  YESTERDAY        T             2.04 1983   0.18  -0.18     0.40
  MONTH TO DATE    0.12                      2.50  -2.38     1.30
  SINCE MAR 1     11.00                     10.60   0.40    11.55
  SINCE JAN 1     18.47                     17.85   0.62    18.06

SNOWFALL (IN)
  YESTERDAY       MM
  MONTH TO DATE   MM
  SINCE MAR 1     MM
  SINCE JUL 1     MM
  SNOW DEPTH      MM

DEGREE DAYS
 HEATING
  YESTERDAY        0                         3     -3        6
  MONTH TO DATE   24                        61    -37       35
  SINCE MAR 1    742                       886   -144      865
  SINCE JUL 1   4363                      4162    201     4372

 COOLING
  YESTERDAY       10                         3      7        0
  MONTH TO DATE   75                        27     48       66
  SINCE MAR 1     98                        53     45       91
  SINCE JAN 1     98                        53     45       91
..................................................................

WIND (MPH)
  HIGHEST WIND SPEED    20   HIGHEST WIND DIRECTION     S (180)
  HIGHEST GUST SPEED    24   HIGHEST GUST DIRECTION    SW (220)
  AVERAGE WIND SPEED     5.6

SKY COVER
  POSSIBLE SUNSHINE  MM
  AVERAGE SKY COVER 0.5

WEATHER CONDITIONS
 THE FOLLOWING WEATHER WAS RECORDED YESTERDAY.
  THUNDERSTORM
  LIGHT RAIN

RELATIVE HUMIDITY (PERCENT)
 HIGHEST    73          1200 AM
 LOWEST     43           500 PM
 AVERAGE    58

..........................................................

THE LONDON KY CLIMATE NORMALS FOR TODAY
                         NORMAL    RECORD    YEAR
 MAXIMUM TEMPERATURE (F)   76        89      1962
 MINIMUM TEMPERATURE (F)   53        31      1997

SUNRISE AND SUNSET
MAY 16 2015...........SUNRISE   628 AM EDT   SUNSET   838 PM EDT
MAY 17 2015...........SUNRISE   627 AM EDT   SUNSET   839 PM EDT

-  INDICATES NEGATIVE NUMBERS.
R  INDICATES RECORD WAS SET OR TIED.
MM INDICATES DATA IS MISSING.
T  INDICATES TRACE AMOUNT.

$$
