000
CDUS43 KJKL 170524
CLILOZ

CLIMATE REPORT
NATIONAL WEATHER SERVICE JACKSON KY
1224 AM EST TUE FEB 17 2015

...................................

...THE LONDON KY CLIMATE SUMMARY FOR FEBRUARY 16 2015...

CLIMATE NORMAL PERIOD 1981 TO 2010
CLIMATE RECORD PERIOD 1954 TO 2015

WEATHER ITEM   OBSERVED TIME   RECORD YEAR NORMAL DEPARTURE LAST
                VALUE   (LST)  VALUE       VALUE  FROM      YEAR
                                                  NORMAL
..................................................................
TEMPERATURE (F)
 YESTERDAY
  MAXIMUM         20    459 PM  69    2006  50    -30       46
  MINIMUM         14   1159 PM   0    1958  30    -16       24
  AVERAGE         17                        40    -23       35

PRECIPITATION (IN)
  YESTERDAY        0.86          1.87 2003   0.13   0.73      T
  MONTH TO DATE    2.05                      2.08  -0.03     2.94
  SINCE DEC 1      8.24                      9.86  -1.62    11.66
  SINCE JAN 1      4.43                      5.62  -1.19     5.22

SNOWFALL (IN)
  YESTERDAY       MM
  MONTH TO DATE   MM
  SINCE DEC 1     MM
  SINCE JUL 1     MM
  SNOW DEPTH      MM

DEGREE DAYS
 HEATING
  YESTERDAY       48                        25     23       30
  MONTH TO DATE  503                       429     74      506
  SINCE DEC 1   2168                      2162      6     2370
  SINCE JUL 1   3112                      2992    120     3237

 COOLING
  YESTERDAY        0                         0      0        0
  MONTH TO DATE    0                         0      0        0
  SINCE DEC 1      0                         1     -1        0
  SINCE JAN 1      0                         0      0        0
..................................................................

WIND (MPH)
  HIGHEST WIND SPEED    12   HIGHEST WIND DIRECTION    SE (120)
  HIGHEST GUST SPEED    16   HIGHEST GUST DIRECTION     E (80)
  AVERAGE WIND SPEED     6.3

SKY COVER
  POSSIBLE SUNSHINE  MM
  AVERAGE SKY COVER 1.0

WEATHER CONDITIONS
 THE FOLLOWING WEATHER WAS RECORDED YESTERDAY.
  HEAVY SNOW
  SNOW
  LIGHT SNOW

RELATIVE HUMIDITY (PERCENT)
 HIGHEST    80           900 AM
 LOWEST     43          1200 AM
 AVERAGE    62

..........................................................

THE LONDON KY CLIMATE NORMALS FOR TODAY
                         NORMAL    RECORD    YEAR
 MAXIMUM TEMPERATURE (F)   50        71      1975
 MINIMUM TEMPERATURE (F)   30        -8      1958

SUNRISE AND SUNSET
FEBRUARY 17 2015......SUNRISE   723 AM EST   SUNSET   618 PM EST
FEBRUARY 18 2015......SUNRISE   722 AM EST   SUNSET   619 PM EST

-  INDICATES NEGATIVE NUMBERS.
R  INDICATES RECORD WAS SET OR TIED.
MM INDICATES DATA IS MISSING.
T  INDICATES TRACE AMOUNT.

$$

CARICO
