000
CDUS43 KJKL 170539
CLILOZ

CLIMATE REPORT
NATIONAL WEATHER SERVICE JACKSON KY
1239 AM EST THU NOV 17 2016
...................................

...THE LONDON KY CLIMATE SUMMARY FOR NOVEMBER 16 2016...

CLIMATE NORMAL PERIOD 1981 TO 2010
CLIMATE RECORD PERIOD 1954 TO 2016

WEATHER ITEM   OBSERVED TIME   RECORD YEAR NORMAL DEPARTURE LAST
                VALUE   (LST)  VALUE       VALUE  FROM      YEAR
                                                  NORMAL
..................................................................
TEMPERATURE (F)
 YESTERDAY
  MAXIMUM         66    353 PM  75    1987  58      8       57
  MINIMUM         33    744 AM  20    1992  37     -4       28
  AVERAGE         50                        48      2       43

PRECIPITATION (IN)
  YESTERDAY        0.00          1.28 2010   0.14  -0.14     0.00
  MONTH TO DATE    0.07                      1.87  -1.80     0.47
  SINCE SEP 1      2.15                      8.26  -6.11     7.53

SNOWFALL (IN)
  YESTERDAY        0.0
  MONTH TO DATE    0.0
  SINCE SEP 1      0.0
  SINCE JUL 1      0.0
  SNOW DEPTH       0

DEGREE DAYS
 HEATING
  YESTERDAY       15                        18     -3       22
  MONTH TO DATE  208                       243    -35      182
  SINCE SEP 1    344                       548   -204      438
  SINCE JUL 1    344                       549   -205      438

 COOLING
  YESTERDAY        0                         0      0        0
  MONTH TO DATE    7                         0      7        5
  SINCE SEP 1    284                       164    120      216
  SINCE JAN 1   1507                      1188    319     1387
..................................................................

WIND (MPH)
  HIGHEST WIND SPEED    12   HIGHEST WIND DIRECTION     W (260)
  HIGHEST GUST SPEED    14   HIGHEST GUST DIRECTION     W (290)
  AVERAGE WIND SPEED     1.4

SKY COVER
  POSSIBLE SUNSHINE  MM
  AVERAGE SKY COVER 0.0

WEATHER CONDITIONS
 THE FOLLOWING WEATHER WAS RECORDED YESTERDAY.
  NO SIGNIFICANT WEATHER WAS OBSERVED.

RELATIVE HUMIDITY (PERCENT)
 HIGHEST    89           600 AM
 LOWEST     31           200 PM
 AVERAGE    60
..........................................................

THE LONDON KY CLIMATE NORMALS FOR TODAY
                         NORMAL    RECORD    YEAR
 MAXIMUM TEMPERATURE (F)   58        79      1958
 MINIMUM TEMPERATURE (F)   36        15      1959

SUNRISE AND SUNSET
NOVEMBER 17 2016......SUNRISE   718 AM EST   SUNSET   525 PM EST
NOVEMBER 18 2016......SUNRISE   719 AM EST   SUNSET   524 PM EST

-  INDICATES NEGATIVE NUMBERS.
R  INDICATES RECORD WAS SET OR TIED.
MM INDICATES DATA IS MISSING.
T  INDICATES TRACE AMOUNT.

$$
