000
CDUS43 KJKL 251000
CLILOZ

CLIMATE REPORT
NATIONAL WEATHER SERVICE JACKSON KY
600 AM EDT TUE MAR 25 2014

...................................

...THE LONDON KY CLIMATE SUMMARY FOR MARCH 24 2014...

CLIMATE NORMAL PERIOD 1981 TO 2010
CLIMATE RECORD PERIOD 1954 TO 2014


WEATHER ITEM   OBSERVED TIME   RECORD YEAR NORMAL DEPARTURE LAST
                VALUE   (LST)  VALUE       VALUE  FROM      YEAR
                                                  NORMAL
..................................................................

TEMPERATURE (F)
 YESTERDAY
  MAXIMUM         49    440 PM  84    2007  61    -12       53
  MINIMUM         26    700 AM  17    1971  38    -12       35
  AVERAGE         38                        50    -12       44

PRECIPITATION (IN)
  YESTERDAY        0.00          0.86 2013   0.13  -0.13     0.86
  MONTH TO DATE    3.20                      3.13   0.07     5.02
  SINCE MAR 1      3.20                      3.13   0.07     5.02
  SINCE JAN 1      9.71                     10.38  -0.67    11.81

SNOWFALL (IN)
  YESTERDAY       MM
  MONTH TO DATE   MM
  SINCE MAR 1     MM
  SINCE JUL 1     MM
  SNOW DEPTH      MM

DEGREE DAYS
 HEATING
  YESTERDAY       27                        15     12       21
  MONTH TO DATE  505                       448     57      608
  SINCE MAR 1    505                       448     57      608
  SINCE JUL 1   4012                      3724    288     3956

 COOLING
  YESTERDAY        0                         0      0        0
  MONTH TO DATE    0                         0      0        0
  SINCE MAR 1      0                         0      0        0
  SINCE JAN 1      0                         0      0        0
..................................................................

WIND (MPH)
  HIGHEST WIND SPEED    10   HIGHEST WIND DIRECTION     N (10)
  HIGHEST GUST SPEED    13   HIGHEST GUST DIRECTION    NE (30)
  AVERAGE WIND SPEED     4.7


SKY COVER
  POSSIBLE SUNSHINE  MM
  AVERAGE SKY COVER 0.0


WEATHER CONDITIONS
 THE FOLLOWING WEATHER WAS RECORDED YESTERDAY.
  NO SIGNIFICANT WEATHER WAS OBSERVED.


RELATIVE HUMIDITY (PERCENT)
 HIGHEST    63           400 AM
 LOWEST     25           300 PM
 AVERAGE    44
..........................................................

THE LONDON KY CLIMATE NORMALS FOR TODAY
                         NORMAL    RECORD    YEAR
 MAXIMUM TEMPERATURE (F)   62        87      2007
 MINIMUM TEMPERATURE (F)   38        16      1960


SUNRISE AND SUNSET
MARCH 25 2014.........SUNRISE   732 AM EDT   SUNSET   753 PM EDT
MARCH 26 2014.........SUNRISE   731 AM EDT   SUNSET   754 PM EDT


-  INDICATES NEGATIVE NUMBERS.
R  INDICATES RECORD WAS SET OR TIED.
MM INDICATES DATA IS MISSING.
T  INDICATES TRACE AMOUNT.
$$
