000
CDUS43 KJKL 132121
CLILOZ

CLIMATE REPORT
NATIONAL WEATHER SERVICE JACKSON KY
421 PM EST TUE JAN 13 2015

...................................

...THE LONDON KY CLIMATE SUMMARY FOR JANUARY 13 2015...
VALID TODAY AS OF 0400 PM LOCAL TIME.

CLIMATE NORMAL PERIOD 1981 TO 2010
CLIMATE RECORD PERIOD 1954 TO 2015

WEATHER ITEM   OBSERVED TIME   RECORD YEAR NORMAL DEPARTURE LAST
                VALUE   (LST)  VALUE       VALUE  FROM      YEAR
                                                  NORMAL
..................................................................
TEMPERATURE (F)
 TODAY
  MAXIMUM         34   1210 AM  71    1972  44    -10       53
  MINIMUM         30    359 PM  -1    1997  26      4       37
  AVERAGE         32                        35     -3       45

PRECIPITATION (IN)
  TODAY            T             1.12 2013   0.11  -0.11     0.60
  MONTH TO DATE    1.74                      1.49   0.25     1.91
  SINCE DEC 1      5.55                      5.73  -0.18     8.35
  SINCE JAN 1      1.74                      1.49   0.25     1.91

SNOWFALL (IN)
  TODAY           MM
  MONTH TO DATE   MM
  SINCE DEC 1     MM
  SINCE JUL 1     MM
  SNOW DEPTH      MM

DEGREE DAYS
 HEATING
  TODAY           33                        30      3       20
  MONTH TO DATE  431                       386     45      432
  SINCE DEC 1   1154                      1208    -54     1172
  SINCE JUL 1   2098                      2038     60     2039

 COOLING
  TODAY            0                         0      0        0
  MONTH TO DATE    0                         0      0        0
  SINCE DEC 1      0                         1     -1        0
  SINCE JAN 1      0                         0      0        0
..................................................................

WIND (MPH)
  HIGHEST WIND SPEED    15   HIGHEST WIND DIRECTION    NE (30)
  HIGHEST GUST SPEED    21   HIGHEST GUST DIRECTION    NE (30)
  AVERAGE WIND SPEED     8.7

SKY COVER
  POSSIBLE SUNSHINE  MM
  AVERAGE SKY COVER 1.0

WEATHER CONDITIONS
 THE FOLLOWING WEATHER WAS RECORDED TODAY.
  LIGHT RAIN
  LIGHT SNOW
  FOG
  HAZE

RELATIVE HUMIDITY (PERCENT)
 HIGHEST    85           400 AM
 LOWEST     72           200 PM
 AVERAGE    79
..........................................................

THE LONDON KY CLIMATE NORMALS FOR TOMORROW
                         NORMAL    RECORD    YEAR
 MAXIMUM TEMPERATURE (F)   44        69      2007
 MINIMUM TEMPERATURE (F)   26         4      1963

SUNRISE AND SUNSET
JANUARY 13 2015.......SUNRISE   749 AM EST   SUNSET   541 PM EST
JANUARY 14 2015.......SUNRISE   749 AM EST   SUNSET   542 PM EST

-  INDICATES NEGATIVE NUMBERS.
R  INDICATES RECORD WAS SET OR TIED.
MM INDICATES DATA IS MISSING.
T  INDICATES TRACE AMOUNT.

$$

TAB
