000
CDUS43 KJKL 010535
CLILOZ

CLIMATE REPORT
NATIONAL WEATHER SERVICE JACKSON KY
135 AM EDT TUE APR 1 2014

...................................

...THE LONDON KY CLIMATE SUMMARY FOR MARCH 31 2014...

CLIMATE NORMAL PERIOD 1981 TO 2010
CLIMATE RECORD PERIOD 1954 TO 2014

WEATHER ITEM   OBSERVED TIME   RECORD YEAR NORMAL DEPARTURE LAST
                VALUE   (LST)  VALUE       VALUE  FROM      YEAR
                                                  NORMAL
..................................................................
TEMPERATURE (F)
 YESTERDAY
  MAXIMUM         71    514 PM  84    1963  64      7       56
  MINIMUM         30    625 AM  18    1969  40    -10       42
  AVERAGE         51                        52     -1       49

PRECIPITATION (IN)
  YESTERDAY        0.00          1.15 2002   0.13  -0.13     0.28
  MONTH TO DATE    5.17                      4.05   1.12     5.45
  SINCE MAR 1      5.17                      4.05   1.12     5.45
  SINCE JAN 1     11.68                     11.30   0.38    12.24

SNOWFALL (IN)
  YESTERDAY       MM
  MONTH TO DATE   MM
  SINCE MAR 1     MM
  SINCE JUL 1     MM
  SNOW DEPTH      MM

DEGREE DAYS
 HEATING
  YESTERDAY       14                        13      1       16
  MONTH TO DATE  651                       548    103      792
  SINCE MAR 1    651                       549    102      792
  SINCE JUL 1   4158                      3825    333     4140

 COOLING
  YESTERDAY        0                         0      0        0
  MONTH TO DATE    0                         3     -3        0
  SINCE MAR 1      0                         3     -3        0
  SINCE JAN 1      0                         3     -3        0
..................................................................

WIND (MPH)
  HIGHEST WIND SPEED     7   HIGHEST WIND DIRECTION    NE (40)
  HIGHEST GUST SPEED    14   HIGHEST GUST DIRECTION    SW (210)
  AVERAGE WIND SPEED     1.3

SKY COVER
  POSSIBLE SUNSHINE  MM
  AVERAGE SKY COVER 0.0

WEATHER CONDITIONS
 THE FOLLOWING WEATHER WAS RECORDED YESTERDAY.
  NO SIGNIFICANT WEATHER WAS OBSERVED.

RELATIVE HUMIDITY (PERCENT)
 HIGHEST    92           600 AM
 LOWEST     16           500 PM
 AVERAGE    54

..........................................................

THE LONDON KY CLIMATE NORMALS FOR TODAY
                         NORMAL    RECORD    YEAR
 MAXIMUM TEMPERATURE (F)   64        86      1974
 MINIMUM TEMPERATURE (F)   40        22      1994

SUNRISE AND SUNSET
APRIL  1 2014.........SUNRISE   722 AM EDT   SUNSET   759 PM EDT
APRIL  2 2014.........SUNRISE   721 AM EDT   SUNSET   800 PM EDT

-  INDICATES NEGATIVE NUMBERS.
R  INDICATES RECORD WAS SET OR TIED.
MM INDICATES DATA IS MISSING.
T  INDICATES TRACE AMOUNT.

$$

CARICO
