000
CDUS43 KJKL 110543
CLILOZ

CLIMATE REPORT
NATIONAL WEATHER SERVICE JACKSON KY
1232 AM EST SAT FEB 11 2017

...................................

...THE LONDON KY CLIMATE SUMMARY FOR FEBRUARY 10 2017...

CLIMATE NORMAL PERIOD 1981 TO 2010
CLIMATE RECORD PERIOD 1954 TO 2017

WEATHER ITEM   OBSERVED TIME   RECORD YEAR NORMAL DEPARTURE LAST
                VALUE   (LST)  VALUE       VALUE  FROM      YEAR
                                                  NORMAL
..................................................................
TEMPERATURE (F)
 YESTERDAY
  MAXIMUM         57    522 PM  69    1959  48      9       20
  MINIMUM         19    719 AM  -7    1979  28     -9       15
  AVERAGE         38                        38      0       18

PRECIPITATION (IN)
  YESTERDAY        0.00          1.42 1960   0.13  -0.13     0.02
  MONTH TO DATE    0.36                      1.29  -0.93     1.62
  SINCE DEC 1     10.74                      9.07   1.67     9.15
  SINCE JAN 1      4.44                      4.83  -0.39     3.70

SNOWFALL (IN)
  YESTERDAY       MM
  MONTH TO DATE   MM
  SINCE DEC 1     MM
  SINCE JUL 1     MM
  SNOW DEPTH      MM

DEGREE DAYS
 HEATING
  YESTERDAY       27                        27      0       47
  MONTH TO DATE  244                       275    -31      271
  SINCE DEC 1   1730                      2008   -278     1777
  SINCE JUL 1   2321                      2838   -517     2442

 COOLING
  YESTERDAY        0                         0      0        0
  MONTH TO DATE    0                         0      0        0
  SINCE DEC 1      0                         1     -1        0
  SINCE JAN 1      0                         0      0        0
..................................................................

WIND (MPH)
  HIGHEST WIND SPEED    21   HIGHEST WIND DIRECTION    SW (210)
  HIGHEST GUST SPEED    28   HIGHEST GUST DIRECTION     S (200)
  AVERAGE WIND SPEED     8.1

SKY COVER
  POSSIBLE SUNSHINE  MM
  AVERAGE SKY COVER 0.0

WEATHER CONDITIONS
 THE FOLLOWING WEATHER WAS RECORDED YESTERDAY.
  NO SIGNIFICANT WEATHER WAS OBSERVED.

RELATIVE HUMIDITY (PERCENT)
 HIGHEST    84           400 AM
 LOWEST     21           500 PM
 AVERAGE    53
..........................................................

THE LONDON KY CLIMATE NORMALS FOR TODAY
                         NORMAL    RECORD    YEAR
 MAXIMUM TEMPERATURE (F)   49        71      2009
                                             1999
 MINIMUM TEMPERATURE (F)   29         1      1979

SUNRISE AND SUNSET
FEBRUARY 11 2017......SUNRISE   729 AM EST   SUNSET   612 PM EST
FEBRUARY 12 2017......SUNRISE   728 AM EST   SUNSET   613 PM EST

-  INDICATES NEGATIVE NUMBERS.
R  INDICATES RECORD WAS SET OR TIED.
MM INDICATES DATA IS MISSING.
T  INDICATES TRACE AMOUNT.

$$

SHALLENBERGER
