000
CDUS43 KJKL 070603
CLILOZ

CLIMATE REPORT
NATIONAL WEATHER SERVICE JACKSON KY
1225 AM EST FRI NOV 7 2014

...................................

...THE LONDON KY CLIMATE SUMMARY FOR NOVEMBER 6 2014...

CLIMATE NORMAL PERIOD 1981 TO 2010
CLIMATE RECORD PERIOD 1954 TO 2014

WEATHER ITEM   OBSERVED TIME   RECORD YEAR NORMAL DEPARTURE LAST
                VALUE   (LST)  VALUE       VALUE  FROM      YEAR
                                                  NORMAL
..................................................................
TEMPERATURE (F)
 YESTERDAY
  MAXIMUM         59    207 PM  79    1977  63     -4       73
  MINIMUM         42   1159 PM  20    1967  39      3       50
  AVERAGE         51                        51      0       62

PRECIPITATION (IN)
  YESTERDAY        0.11          1.93 1977   0.12  -0.01     0.09
  MONTH TO DATE    1.27                      0.70   0.57     0.42
  SINCE SEP 1     11.01                      7.09   3.92     6.58
  SINCE JAN 1       MM                      39.77    MM     47.62

SNOWFALL (IN)
  YESTERDAY       MM
  MONTH TO DATE   MM
  SINCE SEP 1     MM
  SINCE JUL 1     MM
  SNOW DEPTH      MM

DEGREE DAYS
 HEATING
  YESTERDAY       14                        14      0        3
  MONTH TO DATE  109                        81     28       63
  SINCE SEP 1    354                       386    -32      307
  SINCE JUL 1    354                       387    -33      307

 COOLING
  YESTERDAY        0                         0      0        0
  MONTH TO DATE    0                         0      0        0
  SINCE SEP 1    193                       164     29      191
  SINCE JAN 1     MM                      1188     MM     1083
..................................................................

WIND (MPH)
  HIGHEST WIND SPEED    29   HIGHEST WIND DIRECTION     W (290)
  HIGHEST GUST SPEED    42   HIGHEST GUST DIRECTION     W (290)
  AVERAGE WIND SPEED    12.2

SKY COVER
  POSSIBLE SUNSHINE  MM
  AVERAGE SKY COVER 0.8

WEATHER CONDITIONS
 THE FOLLOWING WEATHER WAS RECORDED YESTERDAY.
  RAIN
  LIGHT RAIN
  FOG

RELATIVE HUMIDITY (PERCENT)
 HIGHEST    93           100 AM
 LOWEST     50           400 PM
 AVERAGE    72
..........................................................

THE LONDON KY CLIMATE NORMALS FOR TODAY
                         NORMAL    RECORD    YEAR
 MAXIMUM TEMPERATURE (F)   62        75      1996
 MINIMUM TEMPERATURE (F)   39        20      1960

SUNRISE AND SUNSET
NOVEMBER  7 2014......SUNRISE   707 AM EST   SUNSET   533 PM EST
NOVEMBER  8 2014......SUNRISE   708 AM EST   SUNSET   532 PM EST

-  INDICATES NEGATIVE NUMBERS.
R  INDICATES RECORD WAS SET OR TIED.
MM INDICATES DATA IS MISSING.
T  INDICATES TRACE AMOUNT.

$$

SHALLENBERGER
