000
CDUS43 KJKL 131155
CLILOZ

CLIMATE REPORT
NATIONAL WEATHER SERVICE JACKSON KY
655 AM EST FRI FEB 13 2015

...................................

...THE LONDON KY CLIMATE SUMMARY FOR FEBRUARY 12 2015...

CLIMATE NORMAL PERIOD 1981 TO 2010
CLIMATE RECORD PERIOD 1954 TO 2015


WEATHER ITEM   OBSERVED TIME   RECORD YEAR NORMAL DEPARTURE LAST
                VALUE   (LST)  VALUE       VALUE  FROM      YEAR
                                                  NORMAL
..................................................................

TEMPERATURE (F)
 YESTERDAY
  MAXIMUM         40   1214 AM  79    1984  49     -9       39
  MINIMUM         21   1159 PM  -7    1981  29     -8       20
  AVERAGE         31                        39     -8       30

PRECIPITATION (IN)
  YESTERDAY        0.01          1.19 1972   0.14  -0.13      T
  MONTH TO DATE    1.15                      1.56  -0.41     2.45
  SINCE DEC 1      7.34                      9.34  -2.00    11.17
  SINCE JAN 1      3.53                      5.10  -1.57     4.73

SNOWFALL (IN)
  YESTERDAY       MM
  MONTH TO DATE   MM
  SINCE DEC 1     MM
  SINCE JUL 1     MM
  SNOW DEPTH      MM

DEGREE DAYS
 HEATING
  YESTERDAY       34                        26      8       35
  MONTH TO DATE  326                       327     -1      389
  SINCE DEC 1   1991                      2060    -69     2253
  SINCE JUL 1   2935                      2890     45     3120

 COOLING
  YESTERDAY        0                         0      0        0
  MONTH TO DATE    0                         0      0        0
  SINCE DEC 1      0                         1     -1        0
  SINCE JAN 1      0                         0      0        0
..................................................................

WIND (MPH)
  HIGHEST WIND SPEED    24   HIGHEST WIND DIRECTION    NW (300)
  HIGHEST GUST SPEED    33   HIGHEST GUST DIRECTION    NW (300)
  AVERAGE WIND SPEED    11.0


SKY COVER
  POSSIBLE SUNSHINE  MM
  AVERAGE SKY COVER 1.0


WEATHER CONDITIONS
 THE FOLLOWING WEATHER WAS RECORDED YESTERDAY.
  HAZE


RELATIVE HUMIDITY (PERCENT)
 HIGHEST    70           300 AM
 LOWEST     46           700 PM
 AVERAGE    58
..........................................................

THE LONDON KY CLIMATE NORMALS FOR TODAY
                         NORMAL    RECORD    YEAR
 MAXIMUM TEMPERATURE (F)   49        78      1962
 MINIMUM TEMPERATURE (F)   29        -9      1955


SUNRISE AND SUNSET
FEBRUARY 13 2015......SUNRISE   728 AM EST   SUNSET   614 PM EST
FEBRUARY 14 2015......SUNRISE   726 AM EST   SUNSET   615 PM EST


-  INDICATES NEGATIVE NUMBERS.
R  INDICATES RECORD WAS SET OR TIED.
MM INDICATES DATA IS MISSING.
T  INDICATES TRACE AMOUNT.
$$
