000
CDUS43 KJKL 282119 RRA
CLILOZ

CLIMATE REPORT
NATIONAL WEATHER SERVICE JACKSON KY
419 PM EST WED DEC 28 2016

...................................

...THE LONDON KY CLIMATE SUMMARY FOR DECEMBER 28 2016...
VALID TODAY AS OF 0400 PM LOCAL TIME.

CLIMATE NORMAL PERIOD 1981 TO 2010
CLIMATE RECORD PERIOD 1954 TO 2016

WEATHER ITEM   OBSERVED TIME   RECORD YEAR NORMAL DEPARTURE LAST
                VALUE   (LST)  VALUE       VALUE  FROM      YEAR
                                                  NORMAL
..................................................................
TEMPERATURE (F)
 TODAY
  MAXIMUM         55    345 PM  72    2015  45     10       72
                                      1984
  MINIMUM         26    819 AM   7    1977  27     -1       51
  AVERAGE         41                        36      5       62

PRECIPITATION (IN)
  TODAY            0.00          1.64 1966   0.12  -0.12     0.22
  MONTH TO DATE    5.80                      3.88   1.92     5.45
  SINCE DEC 1      5.80                      3.88   1.92     5.45

SNOWFALL (IN)
  TODAY           MM
  MONTH TO DATE   MM
  SINCE DEC 1     MM
  SINCE JUL 1     MM
  SNOW DEPTH      MM

DEGREE DAYS
 HEATING
  TODAY           24                        29     -5        3
  MONTH TO DATE  711                       735    -24      422
  SINCE DEC 1    711                       735    -24      422
  SINCE JUL 1   1302                      1565   -263     1087

 COOLING
  TODAY            0                         0      0        0
  MONTH TO DATE    0                         0      0        0
  SINCE DEC 1      0                         0      0        0
  SINCE JAN 1   1507                      1190    317     1387
..................................................................

WIND (MPH)
  HIGHEST WIND SPEED     9   HIGHEST WIND DIRECTION     S (170)
  HIGHEST GUST SPEED    13   HIGHEST GUST DIRECTION     S (180)
  AVERAGE WIND SPEED     2.1

SKY COVER
  POSSIBLE SUNSHINE  MM
  AVERAGE SKY COVER 0.0

WEATHER CONDITIONS
 THE FOLLOWING WEATHER WAS RECORDED TODAY.
  NO SIGNIFICANT WEATHER WAS OBSERVED.

RELATIVE HUMIDITY (PERCENT)
 HIGHEST    92           600 AM
 LOWEST     32           300 PM
 AVERAGE    62
..........................................................

THE LONDON KY CLIMATE NORMALS FOR TOMORROW
                         NORMAL    RECORD    YEAR
 MAXIMUM TEMPERATURE (F)   45        71      1984
 MINIMUM TEMPERATURE (F)   27         3      1961

SUNRISE AND SUNSET
DECEMBER 28 2016......SUNRISE   749 AM EST   SUNSET   527 PM EST
DECEMBER 29 2016......SUNRISE   749 AM EST   SUNSET   528 PM EST

-  INDICATES NEGATIVE NUMBERS.
R  INDICATES RECORD WAS SET OR TIED.
MM INDICATES DATA IS MISSING.
T  INDICATES TRACE AMOUNT.

$$

TAB
