000
CDUS43 KJKL 080538
CLILOZ

CLIMATE REPORT
NATIONAL WEATHER SERVICE JACKSON KY
125 AM EDT THU JUN 8 2017

...................................

...THE LONDON KY CLIMATE SUMMARY FOR JUNE 7 2017...

CLIMATE NORMAL PERIOD 1981 TO 2010
CLIMATE RECORD PERIOD 1954 TO 2017

WEATHER ITEM   OBSERVED TIME   RECORD YEAR NORMAL DEPARTURE LAST
                VALUE   (LST)  VALUE       VALUE  FROM      YEAR
                                                  NORMAL
..................................................................
TEMPERATURE (F)
 YESTERDAY
  MAXIMUM         74    403 PM  92    2008  82     -8       80
                                      1969
  MINIMUM         53    542 AM  43    2000  60     -7       59
  AVERAGE         64                        71     -7       70

PRECIPITATION (IN)
  YESTERDAY        0.00          0.98 1986   0.15  -0.15     0.00
  MONTH TO DATE    0.75                      1.10  -0.35     0.90
  SINCE JUN 1      0.75                      1.10  -0.35     0.90

SNOWFALL (IN)
  YESTERDAY       MM
  MONTH TO DATE   MM
  SINCE JUN 1     MM
  SINCE JUL 1     MM
  SNOW DEPTH      MM

DEGREE DAYS
 HEATING
  YESTERDAY        1                         1      0        0
  MONTH TO DATE    1                         7     -6        0
  SINCE JUN 1      1                         7     -6        0
  SINCE JUL 1   3320                      4203   -883     3674

 COOLING
  YESTERDAY        0                         6     -6        5
  MONTH TO DATE   23                        39    -16       60
  SINCE JUN 1     23                        39    -16       60
  SINCE JAN 1    174                       153     21      162
..................................................................

WIND (MPH)
  HIGHEST WIND SPEED    15   HIGHEST WIND DIRECTION    NE (30)
  HIGHEST GUST SPEED    23   HIGHEST GUST DIRECTION    NE (40)
  AVERAGE WIND SPEED     6.9

SKY COVER
  POSSIBLE SUNSHINE  MM
  AVERAGE SKY COVER 0.3

WEATHER CONDITIONS
 THE FOLLOWING WEATHER WAS RECORDED YESTERDAY.
  NO SIGNIFICANT WEATHER WAS OBSERVED.

RELATIVE HUMIDITY (PERCENT)
 HIGHEST    93           300 AM
 LOWEST     44           400 PM
 AVERAGE    69
..........................................................

THE LONDON KY CLIMATE NORMALS FOR TODAY
                         NORMAL    RECORD    YEAR
 MAXIMUM TEMPERATURE (F)   82        92      2011
                                             2008
                                             1969
 MINIMUM TEMPERATURE (F)   60        41      1977

SUNRISE AND SUNSET
JUNE  8 2017..........SUNRISE   616 AM EDT   SUNSET   855 PM EDT
JUNE  9 2017..........SUNRISE   616 AM EDT   SUNSET   855 PM EDT

-  INDICATES NEGATIVE NUMBERS.
R  INDICATES RECORD WAS SET OR TIED.
MM INDICATES DATA IS MISSING.
T  INDICATES TRACE AMOUNT.

$$

SHALLENBBERGER
