000
CDUS43 KJKL 250642
CLILOZ

CLIMATE REPORT
NATIONAL WEATHER SERVICE JACKSON KY
242 AM EDT MON SEP 25 2017
...................................

...THE LONDON KY CLIMATE SUMMARY FOR SEPTEMBER 24 2017...

CLIMATE NORMAL PERIOD 1981 TO 2010
CLIMATE RECORD PERIOD 1954 TO 2017

WEATHER ITEM   OBSERVED TIME   RECORD YEAR NORMAL DEPARTURE LAST
                VALUE   (LST)  VALUE       VALUE  FROM      YEAR
                                                  NORMAL
..................................................................
TEMPERATURE (F)
 YESTERDAY
  MAXIMUM         87    316 PM  94    2007  77     10       90
  MINIMUM         59    621 AM  32    1983  53      6       60
  AVERAGE         73                        65      8       75

PRECIPITATION (IN)
  YESTERDAY        0.00          0.87 1988   0.11  -0.11     0.00
  MONTH TO DATE    1.79                      2.69  -0.90     1.06
  SINCE SEP 1      1.79                      2.69  -0.90     1.06

SNOWFALL (IN)
  YESTERDAY       MM
  MONTH TO DATE   MM
  SINCE SEP 1     MM
  SINCE JUL 1     MM
  SNOW DEPTH      MM

DEGREE DAYS
 HEATING
  YESTERDAY        0                         3     -3        0
  MONTH TO DATE   38                        23     15        0
  SINCE SEP 1     38                        23     15        0
  SINCE JUL 1     38                        24     14        0

 COOLING
  YESTERDAY        8                         3      5       10
  MONTH TO DATE   94                       129    -35      216
  SINCE SEP 1     94                       129    -35      216
  SINCE JAN 1   1063                      1153    -90     1439
..................................................................


WIND (MPH)
  HIGHEST WIND SPEED     8   HIGHEST WIND DIRECTION    SW (220)
  HIGHEST GUST SPEED    12   HIGHEST GUST DIRECTION     S (200)
  AVERAGE WIND SPEED     1.2


SKY COVER
  POSSIBLE SUNSHINE  MM
  AVERAGE SKY COVER 0.0


WEATHER CONDITIONS
 THE FOLLOWING WEATHER WAS RECORDED YESTERDAY.
  FOG


RELATIVE HUMIDITY (PERCENT)
 HIGHEST    97           700 AM
 LOWEST     42           500 PM
 AVERAGE    70

..........................................................


THE LONDON KY CLIMATE NORMALS FOR TODAY
                         NORMAL    RECORD    YEAR
 MAXIMUM TEMPERATURE (F)   76        90      2007
                                             1961
 MINIMUM TEMPERATURE (F)   53        35      1965


SUNRISE AND SUNSET
SEPTEMBER 25 2017.....SUNRISE   727 AM EDT   SUNSET   728 PM EDT
SEPTEMBER 26 2017.....SUNRISE   728 AM EDT   SUNSET   727 PM EDT


-  INDICATES NEGATIVE NUMBERS.
R  INDICATES RECORD WAS SET OR TIED.
MM INDICATES DATA IS MISSING.
T  INDICATES TRACE AMOUNT.




$$
