000
CDUS43 KJKL 020530
CLILOZ

CLIMATE REPORT
NATIONAL WEATHER SERVICE JACKSON KY
1229 AM EST THU MAR 2 2017

...................................

...THE LONDON KY CLIMATE SUMMARY FOR MARCH 1 2017...

CLIMATE NORMAL PERIOD 1981 TO 2010
CLIMATE RECORD PERIOD 1954 TO 2017


WEATHER ITEM   OBSERVED TIME   RECORD YEAR NORMAL DEPARTURE LAST
                VALUE   (LST)  VALUE       VALUE  FROM      YEAR
                                                  NORMAL
..................................................................
TEMPERATURE (F)
 YESTERDAY
  MAXIMUM         66    921 AM  77    1976  54     12       65
  MINIMUM         41   1141 PM  11    1960  33      8       33
  AVERAGE         54                        43     11       49

PRECIPITATION (IN)
  YESTERDAY        0.77          2.51 2007   0.14   0.63     0.56
  MONTH TO DATE    0.77                      0.14   0.63     0.56
  SINCE MAR 1      0.77                      0.14   0.63     0.56

SNOWFALL (IN)
  YESTERDAY       MM
  MONTH TO DATE   MM
  SINCE MAR 1     MM
  SINCE JUL 1     MM
  SNOW DEPTH      MM

DEGREE DAYS
 HEATING
  YESTERDAY       11                        22    -11       16
  MONTH TO DATE   11                        22    -11       16
  SINCE MAR 1     11                        22    -11       16
  SINCE JUL 1   2606                      3298   -692     2932

 COOLING
  YESTERDAY        0                         0      0        0
  MONTH TO DATE    0                         0      0        0
  SINCE MAR 1      0                         0      0        0
  SINCE JAN 1      0                         0      0        0
..................................................................


WIND (MPH)
  HIGHEST WIND SPEED    33   HIGHEST WIND DIRECTION    NW (300)
  HIGHEST GUST SPEED    50   HIGHEST GUST DIRECTION    NW (310)
  AVERAGE WIND SPEED    13.7


SKY COVER
  POSSIBLE SUNSHINE  MM
  AVERAGE SKY COVER 0.7


WEATHER CONDITIONS
 THE FOLLOWING WEATHER WAS RECORDED YESTERDAY.
  THUNDERSTORM
  HEAVY RAIN
  RAIN
  LIGHT RAIN
  FOG


RELATIVE HUMIDITY (PERCENT)
 HIGHEST    86          1200 PM
 LOWEST     46           900 PM
 AVERAGE    66

..........................................................


THE LONDON KY CLIMATE NORMALS FOR TODAY
                         NORMAL    RECORD    YEAR
 MAXIMUM TEMPERATURE (F)   54        79      1976
 MINIMUM TEMPERATURE (F)   33        -1      1980


SUNRISE AND SUNSET
MARCH  2 2017.........SUNRISE   706 AM EST   SUNSET   632 PM EST
MARCH  3 2017.........SUNRISE   704 AM EST   SUNSET   633 PM EST


-  INDICATES NEGATIVE NUMBERS.
R  INDICATES RECORD WAS SET OR TIED.
MM INDICATES DATA IS MISSING.
T  INDICATES TRACE AMOUNT.




$$
