000
CDUS43 KJKL 192022
CLILOZ

CLIMATE REPORT
NATIONAL WEATHER SERVICE JACKSON KY
422 PM EDT TUE JUL 19 2016

...................................

...THE LONDON KY CLIMATE SUMMARY FOR JULY 19 2016...
VALID TODAY AS OF 0400 PM LOCAL TIME.

CLIMATE NORMAL PERIOD 1981 TO 2010
CLIMATE RECORD PERIOD 1954 TO 2016

WEATHER ITEM   OBSERVED TIME   RECORD YEAR NORMAL DEPARTURE LAST
                VALUE   (LST)  VALUE       VALUE  FROM      YEAR
                                                  NORMAL
..................................................................
TEMPERATURE (F)
 TODAY
  MAXIMUM         91    228 PM  96    1980  86      5       92
  MINIMUM         69    634 AM  53    1976  66      3       73
  AVERAGE         80                        76      4       83

PRECIPITATION (IN)
  TODAY            0.00          1.78 2012   0.13  -0.13     0.00
  MONTH TO DATE    5.55                      2.51   3.04    10.54
  SINCE JUN 1      7.88                      6.91   0.97    15.51

SNOWFALL (IN)
  TODAY           MM
  MONTH TO DATE   MM
  SINCE JUN 1     MM
  SINCE JUL 1     MM
  SNOW DEPTH      MM

DEGREE DAYS
 HEATING
  TODAY            0                         0      0        0
  MONTH TO DATE    0                         0      0        0
  SINCE JUN 1      2                         9     -7        2
  SINCE JUL 1      0                         0      0        0

 COOLING
  TODAY           15                        11      4       18
  MONTH TO DATE  237                       209     28      228
  SINCE JUN 1    536                       452     84      535
  SINCE JAN 1    638                       566     72      729
..................................................................

WIND (MPH)
  HIGHEST WIND SPEED    10   HIGHEST WIND DIRECTION    NW (320)
  HIGHEST GUST SPEED    13   HIGHEST GUST DIRECTION     N (10)
  AVERAGE WIND SPEED     1.6

SKY COVER
  POSSIBLE SUNSHINE  MM
  AVERAGE SKY COVER 0.2

WEATHER CONDITIONS
 THE FOLLOWING WEATHER WAS RECORDED TODAY.
  LIGHT RAIN
  FOG

RELATIVE HUMIDITY (PERCENT)
 HIGHEST    97           400 AM
 LOWEST     52           200 PM
 AVERAGE    75

..........................................................

THE LONDON KY CLIMATE NORMALS FOR TOMORROW
                         NORMAL    RECORD    YEAR
 MAXIMUM TEMPERATURE (F)   86        95      2008
 MINIMUM TEMPERATURE (F)   66        54      2009

SUNRISE AND SUNSET
JULY 19 2016..........SUNRISE   632 AM EDT   SUNSET   853 PM EDT
JULY 20 2016..........SUNRISE   632 AM EDT   SUNSET   853 PM EDT

-  INDICATES NEGATIVE NUMBERS.
R  INDICATES RECORD WAS SET OR TIED.
MM INDICATES DATA IS MISSING.
T  INDICATES TRACE AMOUNT.

$$

CARICO
