000
CDUS43 KJKL 160611
CLILOZ

CLIMATE REPORT
NATIONAL WEATHER SERVICE JACKSON KY
109 AM EST FRI JAN 16 2015

...................................

...THE LONDON KY CLIMATE SUMMARY FOR JANUARY 15 2015...

CLIMATE NORMAL PERIOD 1981 TO 2010
CLIMATE RECORD PERIOD 1954 TO 2015


WEATHER ITEM   OBSERVED TIME   RECORD YEAR NORMAL DEPARTURE LAST
                VALUE   (LST)  VALUE       VALUE  FROM      YEAR
                                                  NORMAL
..................................................................
TEMPERATURE (F)
 YESTERDAY
  MAXIMUM         33   1057 PM  67    2007  44    -11       40
  MINIMUM         25    328 AM  -2    1972  26     -1       24
  AVERAGE         29                        35     -6       32

PRECIPITATION (IN)
  YESTERDAY        T             0.89 1959   0.11  -0.11     0.01
  MONTH TO DATE    1.74                      1.71   0.03     2.09
  SINCE DEC 1      5.55                      5.95  -0.40     8.53
  SINCE JAN 1      1.74                      1.71   0.03     2.09

SNOWFALL (IN)
  YESTERDAY       MM
  MONTH TO DATE   MM
  SINCE DEC 1     MM
  SINCE JUL 1     MM
  SNOW DEPTH      MM

DEGREE DAYS
 HEATING
  YESTERDAY       36                        30      6       33
  MONTH TO DATE  504                       446     58      484
  SINCE DEC 1   1227                      1268    -41     1224
  SINCE JUL 1   2171                      2098     73     2091

 COOLING
  YESTERDAY        0                         0      0        0
  MONTH TO DATE    0                         0      0        0
  SINCE DEC 1      0                         1     -1        0
  SINCE JAN 1      0                         0      0        0
..................................................................


WIND (MPH)
  HIGHEST WIND SPEED    13   HIGHEST WIND DIRECTION     W (260)
  HIGHEST GUST SPEED    16   HIGHEST GUST DIRECTION     W (270)
  AVERAGE WIND SPEED     3.5


SKY COVER
  POSSIBLE SUNSHINE  MM
  AVERAGE SKY COVER 1.0


WEATHER CONDITIONS
 THE FOLLOWING WEATHER WAS RECORDED YESTERDAY.
  LIGHT SNOW
  FOG


RELATIVE HUMIDITY (PERCENT)
 HIGHEST    85          1000 PM
 LOWEST     69          1100 AM
 AVERAGE    77

..........................................................


THE LONDON KY CLIMATE NORMALS FOR TODAY
                         NORMAL    RECORD    YEAR
 MAXIMUM TEMPERATURE (F)   45        67      1974
 MINIMUM TEMPERATURE (F)   26        -9      1977


SUNRISE AND SUNSET
JANUARY 16 2015.......SUNRISE   749 AM EST   SUNSET   544 PM EST
JANUARY 17 2015.......SUNRISE   748 AM EST   SUNSET   545 PM EST


-  INDICATES NEGATIVE NUMBERS.
R  INDICATES RECORD WAS SET OR TIED.
MM INDICATES DATA IS MISSING.
T  INDICATES TRACE AMOUNT.




$$
