000
CDUS43 KJKL 030543
CLILOZ

CLIMATE REPORT
NATIONAL WEATHER SERVICE JACKSON KY
1245 AM EST FRI FEB 3 2017

...................................

...THE LONDON KY CLIMATE SUMMARY FOR FEBRUARY 2 2017...

CLIMATE NORMAL PERIOD 1981 TO 2010
CLIMATE RECORD PERIOD 1954 TO 2017

WEATHER ITEM   OBSERVED TIME   RECORD YEAR NORMAL DEPARTURE LAST
                VALUE   (LST)  VALUE       VALUE  FROM      YEAR
                                                  NORMAL
..................................................................
TEMPERATURE (F)
 YESTERDAY
  MAXIMUM         46    322 PM  71    2016  47     -1       71
                                      1990
  MINIMUM         29   1131 PM -10    1965  27      2       45
  AVERAGE         38                        37      1       58

PRECIPITATION (IN)
  YESTERDAY        0.00          1.25 1974   0.13  -0.13     0.02
  MONTH TO DATE    0.00                      0.26  -0.26     0.02
  SINCE DEC 1     10.38                      8.04   2.34     7.55
  SINCE JAN 1      4.08                      3.80   0.28     2.10

SNOWFALL (IN)
  YESTERDAY       MM
  MONTH TO DATE   MM
  SINCE DEC 1     MM
  SINCE JUL 1     MM
  SNOW DEPTH      MM

DEGREE DAYS
 HEATING
  YESTERDAY       27                        28     -1        7
  MONTH TO DATE   50                        56     -6       19
  SINCE DEC 1   1536                      1789   -253     1525
  SINCE JUL 1   2127                      2619   -492     2190

 COOLING
  YESTERDAY        0                         0      0        0
  MONTH TO DATE    0                         0      0        0
  SINCE DEC 1      0                         1     -1        0
  SINCE JAN 1      0                         0      0        0
..................................................................

WIND (MPH)
  HIGHEST WIND SPEED    12   HIGHEST WIND DIRECTION     N (350)
  HIGHEST GUST SPEED    15   HIGHEST GUST DIRECTION     N (340)
  AVERAGE WIND SPEED     3.4

SKY COVER
  POSSIBLE SUNSHINE  MM
  AVERAGE SKY COVER 0.2

WEATHER CONDITIONS
 THE FOLLOWING WEATHER WAS RECORDED YESTERDAY.
  NO SIGNIFICANT WEATHER WAS OBSERVED.

RELATIVE HUMIDITY (PERCENT)
 HIGHEST    78           600 AM
 LOWEST     22           300 PM
 AVERAGE    50
..........................................................

THE LONDON KY CLIMATE NORMALS FOR TODAY
                         NORMAL    RECORD    YEAR
 MAXIMUM TEMPERATURE (F)   47        68      1962
 MINIMUM TEMPERATURE (F)   27       -10      1965

SUNRISE AND SUNSET
FEBRUARY  3 2017......SUNRISE   737 AM EST   SUNSET   604 PM EST
FEBRUARY  4 2017......SUNRISE   736 AM EST   SUNSET   605 PM EST

-  INDICATES NEGATIVE NUMBERS.
R  INDICATES RECORD WAS SET OR TIED.
MM INDICATES DATA IS MISSING.
T  INDICATES TRACE AMOUNT.

$$
GREIF
