000
CDUS43 KJKL 162021
CLILOZ

CLIMATE REPORT
NATIONAL WEATHER SERVICE JACKSON KY
420 PM EDT TUE JUN 16 2015

...................................

...THE LONDON KY CLIMATE SUMMARY FOR JUNE 16 2015...
VALID TODAY AS OF 0400 PM LOCAL TIME.

CLIMATE NORMAL PERIOD 1981 TO 2010
CLIMATE RECORD PERIOD 1954 TO 2015

WEATHER ITEM   OBSERVED TIME   RECORD YEAR NORMAL DEPARTURE LAST
                VALUE   (LST)  VALUE       VALUE  FROM      YEAR
                                                  NORMAL
..................................................................
TEMPERATURE (F)
 TODAY
  MAXIMUM         92    212 PM  93    1957  84      8       90
  MINIMUM         71    559 AM  49    1974  63      8       66
  AVERAGE         82                        73      9       78

PRECIPITATION (IN)
  TODAY            T             1.00 1991   0.15  -0.15     0.00
  MONTH TO DATE    2.52                      2.44   0.08     0.77
  SINCE JUN 1      2.52                      2.44   0.08     0.77
  SINCE JAN 1     22.44                     22.97  -0.53    19.76

SNOWFALL (IN)
  TODAY           MM
  MONTH TO DATE   MM
  SINCE JUN 1     MM
  SINCE JUL 1     MM
  SNOW DEPTH      MM

DEGREE DAYS
 HEATING
  TODAY            0                         0      0        0
  MONTH TO DATE    2                         7     -5        0
  SINCE JUN 1      2                         7     -5        0
  SINCE JUL 1   4382                      4203    179     4420

 COOLING
  TODAY           17                         8      9       13
  MONTH TO DATE  149                       106     43      100
  SINCE JUN 1    149                       106     43      100
  SINCE JAN 1    343                       220    123      266
..................................................................

WIND (MPH)
  HIGHEST WIND SPEED    23   HIGHEST WIND DIRECTION     N (360)
  HIGHEST GUST SPEED    30   HIGHEST GUST DIRECTION     N (360)
  AVERAGE WIND SPEED     6.7

SKY COVER
  POSSIBLE SUNSHINE  MM
  AVERAGE SKY COVER 0.1

WEATHER CONDITIONS
 THE FOLLOWING WEATHER WAS RECORDED TODAY.
  THUNDERSTORM
  LIGHT RAIN

RELATIVE HUMIDITY (PERCENT)
 HIGHEST    79          1200 AM
 LOWEST     41           200 PM
 AVERAGE    60
..........................................................

THE LONDON KY CLIMATE NORMALS FOR TOMORROW
                         NORMAL    RECORD    YEAR
 MAXIMUM TEMPERATURE (F)   84        93      2007
                                             1957
 MINIMUM TEMPERATURE (F)   63        44      1974

SUNRISE AND SUNSET
JUNE 16 2015..........SUNRISE   616 AM EDT   SUNSET   858 PM EDT
JUNE 17 2015..........SUNRISE   616 AM EDT   SUNSET   858 PM EDT

-  INDICATES NEGATIVE NUMBERS.
R  INDICATES RECORD WAS SET OR TIED.
MM INDICATES DATA IS MISSING.
T  INDICATES TRACE AMOUNT.

$$

TAB
