000
CDUS43 KJKL 042021 RRA
CLILOZ

CLIMATE REPORT
NATIONAL WEATHER SERVICE JACKSON KY
421 PM EDT THU AUG 4 2016

...................................

...THE LONDON KY CLIMATE SUMMARY FOR AUGUST 4 2016...
VALID TODAY AS OF 0400 PM LOCAL TIME.

CLIMATE NORMAL PERIOD 1981 TO 2010
CLIMATE RECORD PERIOD 1954 TO 2016

WEATHER ITEM   OBSERVED TIME   RECORD YEAR NORMAL DEPARTURE LAST
                VALUE   (LST)  VALUE       VALUE  FROM      YEAR
                                                  NORMAL
..................................................................
TEMPERATURE (F)
 TODAY
  MAXIMUM         89    246 PM  95    2010  86      3       92
  MINIMUM         69    601 AM  50    1965  66      3       68
  AVERAGE         79                        76      3       80

PRECIPITATION (IN)
  TODAY            0.00          1.86 2003   0.12  -0.12     0.18
  MONTH TO DATE    0.64                      0.49   0.15     0.18
  SINCE JUN 1     11.36                      8.93   2.43    16.38

SNOWFALL (IN)
  TODAY           MM
  MONTH TO DATE   MM
  SINCE JUN 1     MM
  SINCE JUL 1     MM
  SNOW DEPTH      MM

DEGREE DAYS
 HEATING
  TODAY            0                         0      0        0
  MONTH TO DATE    0                         0      0        0
  SINCE JUN 1      2                         9     -7        2
  SINCE JUL 1      0                         0      0        0

 COOLING
  TODAY           14                        11      3       15
  MONTH TO DATE   54                        44     10       45
  SINCE JUN 1    768                       637    131      742
  SINCE JAN 1    870                       751    119      936
..................................................................

WIND (MPH)
  HIGHEST WIND SPEED     9   HIGHEST WIND DIRECTION     S (170)
  HIGHEST GUST SPEED    14   HIGHEST GUST DIRECTION     S (180)
  AVERAGE WIND SPEED     2.1

SKY COVER
  POSSIBLE SUNSHINE  MM
  AVERAGE SKY COVER 0.2

WEATHER CONDITIONS
 THE FOLLOWING WEATHER WAS RECORDED TODAY.
  FOG
  HAZE

RELATIVE HUMIDITY (PERCENT)
 HIGHEST    90          1200 AM
 LOWEST     53           300 PM
 AVERAGE    72
..........................................................

THE LONDON KY CLIMATE NORMALS FOR TOMORROW
                         NORMAL    RECORD    YEAR
 MAXIMUM TEMPERATURE (F)   86        94      1955
 MINIMUM TEMPERATURE (F)   66        53      1974

SUNRISE AND SUNSET
AUGUST  4 2016........SUNRISE   644 AM EDT   SUNSET   840 PM EDT
AUGUST  5 2016........SUNRISE   645 AM EDT   SUNSET   839 PM EDT

-  INDICATES NEGATIVE NUMBERS.
R  INDICATES RECORD WAS SET OR TIED.
MM INDICATES DATA IS MISSING.
T  INDICATES TRACE AMOUNT.

$$

TAB
