000
CDUS43 KJKL 052123
CLILOZ

CLIMATE REPORT
NATIONAL WEATHER SERVICE JACKSON KY
423 PM EST FRI DEC 5 2014

...................................

...THE LONDON KY CLIMATE SUMMARY FOR DECEMBER 5 2014...
VALID TODAY AS OF 0400 PM LOCAL TIME.

CLIMATE NORMAL PERIOD 1981 TO 2010
CLIMATE RECORD PERIOD 1954 TO 2014

WEATHER ITEM   OBSERVED TIME   RECORD YEAR NORMAL DEPARTURE LAST
                VALUE   (LST)  VALUE       VALUE  FROM      YEAR
                                                  NORMAL
..................................................................
TEMPERATURE (F)
 TODAY
  MAXIMUM         62    258 PM  72    2013  51     11       72
                                      2001
  MINIMUM         45   1241 AM  12    1969  32     13       42
  AVERAGE         54                        41     13       57

PRECIPITATION (IN)
  TODAY            0.02          0.99 1977   0.14  -0.12     0.70
  MONTH TO DATE    1.04                      0.71   0.33     0.71
  SINCE DEC 1      1.04                      0.71   0.33     0.71
  SINCE JAN 1      MM                       43.61   MM      50.69

SNOWFALL (IN)
  TODAY           MM
  MONTH TO DATE   MM
  SINCE DEC 1     MM
  SINCE JUL 1     MM
  SNOW DEPTH      MM

DEGREE DAYS
 HEATING
  TODAY           11                        24    -13        8
  MONTH TO DATE   85                       117    -32       69
  SINCE DEC 1     85                       117    -32       69
  SINCE JUL 1   1029                       947     82      936

 COOLING
  TODAY            0                         0      0        0
  MONTH TO DATE    0                         0      0        0
  SINCE DEC 1      0                         0      0        0
  SINCE JAN 1     MM                      1190     MM     1083
..................................................................

WIND (MPH)
  HIGHEST WIND SPEED    14   HIGHEST WIND DIRECTION     S (190)
  HIGHEST GUST SPEED    18   HIGHEST GUST DIRECTION     S (170)
  AVERAGE WIND SPEED     2.9

SKY COVER
  POSSIBLE SUNSHINE  MM
  AVERAGE SKY COVER 0.8

WEATHER CONDITIONS
 THE FOLLOWING WEATHER WAS RECORDED TODAY.
  LIGHT RAIN
  FOG

RELATIVE HUMIDITY (PERCENT)
 HIGHEST    93           200 AM
 LOWEST     72           200 PM
 AVERAGE    83

..........................................................

THE LONDON KY CLIMATE NORMALS FOR TOMORROW
                         NORMAL    RECORD    YEAR
 MAXIMUM TEMPERATURE (F)   50        74      1998
 MINIMUM TEMPERATURE (F)   31         5      1977

SUNRISE AND SUNSET
DECEMBER  5 2014......SUNRISE   735 AM EST   SUNSET   519 PM EST
DECEMBER  6 2014......SUNRISE   736 AM EST   SUNSET   519 PM EST

-  INDICATES NEGATIVE NUMBERS.
R  INDICATES RECORD WAS SET OR TIED.
MM INDICATES DATA IS MISSING.
T  INDICATES TRACE AMOUNT.

$$

CARICO
