000
CDUS43 KJKL 090544
CLILOZ

CLIMATE REPORT
NATIONAL WEATHER SERVICE JACKSON KY
144 AM EDT THU OCT 9 2014

...................................

...THE LONDON KY CLIMATE SUMMARY FOR OCTOBER 8 2014...

CLIMATE NORMAL PERIOD 1981 TO 2010
CLIMATE RECORD PERIOD 1954 TO 2014

WEATHER ITEM   OBSERVED TIME   RECORD YEAR NORMAL DEPARTURE LAST
                VALUE   (LST)  VALUE       VALUE  FROM      YEAR
                                                  NORMAL
..................................................................
TEMPERATURE (F)
 YESTERDAY
  MAXIMUM         74    427 PM  90    2007  72      2       71
  MINIMUM         52   1156 PM  30    1991  48      4       46
  AVERAGE         63                        60      3       59

PRECIPITATION (IN)
  YESTERDAY        0.20          1.11 1977   0.10   0.10     0.00
  MONTH TO DATE    2.66                      0.77   1.89     2.11
  SINCE SEP 1      4.05                      4.14  -0.09     4.72
  SINCE JAN 1         M                     36.82      M    45.76

SNOWFALL (IN)
  YESTERDAY       MM
  MONTH TO DATE   MM
  SINCE SEP 1     MM
  SINCE JUL 1     MM
  SNOW DEPTH      MM

DEGREE DAYS
 HEATING
  YESTERDAY        2                         6     -4        6
  MONTH TO DATE   41                        42     -1       12
  SINCE SEP 1     59                        88    -29       27
  SINCE JUL 1     59                        89    -30       27

 COOLING
  YESTERDAY        0                         1     -1        0
  MONTH TO DATE   10                        10      0       31
  SINCE SEP 1    183                       153     30      180
  SINCE JAN 1      M                      1177      M     1072
..................................................................

WIND (MPH)
  HIGHEST WIND SPEED    18   HIGHEST WIND DIRECTION     W (260)
  HIGHEST GUST SPEED    24   HIGHEST GUST DIRECTION     W (260)
  AVERAGE WIND SPEED     4.0

SKY COVER
  POSSIBLE SUNSHINE  MM
  AVERAGE SKY COVER 0.3

WEATHER CONDITIONS
 THE FOLLOWING WEATHER WAS RECORDED YESTERDAY.
  THUNDERSTORM
  HEAVY RAIN
  RAIN
  LIGHT RAIN
  FOG
  FOG W/VISIBILITY <= 1/4 MILE

RELATIVE HUMIDITY (PERCENT)
 HIGHEST    93           500 AM
 LOWEST     33           200 PM
 AVERAGE    63

..........................................................

THE LONDON KY CLIMATE NORMALS FOR TODAY
                         NORMAL    RECORD    YEAR
 MAXIMUM TEMPERATURE (F)   72        83      2009
                                             1980
 MINIMUM TEMPERATURE (F)   47        30      2000
                                             1978

SUNRISE AND SUNSET
OCTOBER  9 2014.......SUNRISE   739 AM EDT   SUNSET   708 PM EDT
OCTOBER 10 2014.......SUNRISE   740 AM EDT   SUNSET   707 PM EDT

-  INDICATES NEGATIVE NUMBERS.
R  INDICATES RECORD WAS SET OR TIED.
MM INDICATES DATA IS MISSING.
T  INDICATES TRACE AMOUNT.

$$
JJ
