000
CDUS43 KJKL 140541
CLILOZ

CLIMATE REPORT
NATIONAL WEATHER SERVICE JACKSON KY
141 AM EDT FRI AUG 14 2015


...................................

...THE LONDON KY CLIMATE SUMMARY FOR AUGUST 13 2015...

CLIMATE NORMAL PERIOD 1981 TO 2010
CLIMATE RECORD PERIOD 1954 TO 2015


WEATHER ITEM   OBSERVED TIME   RECORD YEAR NORMAL DEPARTURE LAST
                VALUE   (LST)  VALUE       VALUE  FROM      YEAR
                                                  NORMAL
..................................................................
TEMPERATURE (F)
 YESTERDAY
  MAXIMUM         83    154 PM  97    1999  86     -3       75
  MINIMUM         59    617 AM  45    1964  65     -6       57
  AVERAGE         71                        76     -5       66

PRECIPITATION (IN)
  YESTERDAY        0.00          2.32 1977   0.12  -0.12     0.00
  MONTH TO DATE    1.28                      1.67  -0.39     2.06
  SINCE JUN 1     17.48                     10.11   7.37    11.77
  SINCE JAN 1     37.40                     30.64   6.76    30.76

SNOWFALL (IN)
  YESTERDAY       MM
  MONTH TO DATE   MM
  SINCE JUN 1     MM
  SINCE JUL 1     MM
  SNOW DEPTH      MM

DEGREE DAYS
 HEATING
  YESTERDAY        0                         0      0        0
  MONTH TO DATE    0                         0      0        0
  SINCE JUN 1      2                         9     -7        0
  SINCE JUL 1      0                         0      0        0

COOLING
  YESTERDAY        6                        11     -5        1
  MONTH TO DATE  139                       143     -4      116
  SINCE JUN 1    836                       736    100      673
  SINCE JAN 1   1030                       850    180      839
..................................................................


WIND (MPH)
  HIGHEST WIND SPEED    12   HIGHEST WIND DIRECTION    NE (30)
  HIGHEST GUST SPEED    15   HIGHEST GUST DIRECTION     N (20)
  AVERAGE WIND SPEED     3.0


SKY COVER
  POSSIBLE SUNSHINE  MM
  AVERAGE SKY COVER 0.1


WEATHER CONDITIONS
 THE FOLLOWING WEATHER WAS RECORDED YESTERDAY.
  NO SIGNIFICANT WEATHER WAS OBSERVED.


RELATIVE HUMIDITY (PERCENT)
 HIGHEST    84           200 AM
 LOWEST     39           300 PM
 AVERAGE    62

..........................................................


THE LONDON KY CLIMATE NORMALS FOR TODAY
                         NORMAL    RECORD    YEAR
 MAXIMUM TEMPERATURE (F)   86        94      2007
                                             1988
 MINIMUM TEMPERATURE (F)   65        48      1964


SUNRISE AND SUNSET
AUGUST 14 2015........SUNRISE   652 AM EDT   SUNSET   830 PM EDT
AUGUST 15 2015........SUNRISE   653 AM EDT   SUNSET   828 PM EDT


-  INDICATES NEGATIVE NUMBERS.
R  INDICATES RECORD WAS SET OR TIED.
MM INDICATES DATA IS MISSING.
T  INDICATES TRACE AMOUNT.

$$
