000
CDUS43 KJKL 220535
CLILOZ

CLIMATE REPORT
NATIONAL WEATHER SERVICE JACKSON KY
1235 AM EST SUN JAN 22 2017

...................................

...THE LONDON KY CLIMATE SUMMARY FOR JANUARY 21 2017...

CLIMATE NORMAL PERIOD 1981 TO 2010
CLIMATE RECORD PERIOD 1954 TO 2017

WEATHER ITEM   OBSERVED TIME   RECORD YEAR NORMAL DEPARTURE LAST
                VALUE   (LST)  VALUE       VALUE  FROM      YEAR
                                                  NORMAL
..................................................................
TEMPERATURE (F)
 YESTERDAY
  MAXIMUM         62    440 PM  67    1999  45     17       29
  MINIMUM         45    748 AM -18    1985  26     19       23
  AVERAGE         54                        36     18       26

PRECIPITATION (IN)
  YESTERDAY        T             1.56 1979   0.11  -0.11     0.00
  MONTH TO DATE    3.31                      2.39   0.92     0.90
  SINCE DEC 1      9.61                      6.63   2.98     6.35
  SINCE JAN 1      3.31                      2.39   0.92     0.90

SNOWFALL (IN)
  YESTERDAY       MM
  MONTH TO DATE   MM
  SINCE DEC 1     MM
  SINCE JUL 1     MM
  SNOW DEPTH      MM

DEGREE DAYS
 HEATING
  YESTERDAY       11                        30    -19       39
  MONTH TO DATE  455                       626   -171      699
  SINCE DEC 1   1249                      1448   -199     1174
  SINCE JUL 1   1840                      2278   -438     1839

 COOLING
  YESTERDAY        0                         0      0        0
  MONTH TO DATE    0                         0      0        0
  SINCE DEC 1      0                         1     -1        0
  SINCE JAN 1      0                         0      0        0
..................................................................

WIND (MPH)
  HIGHEST WIND SPEED    12   HIGHEST WIND DIRECTION     S (180)
  HIGHEST GUST SPEED    18   HIGHEST GUST DIRECTION     S (170)
  AVERAGE WIND SPEED     1.5

SKY COVER
  POSSIBLE SUNSHINE  MM
  AVERAGE SKY COVER 0.2

WEATHER CONDITIONS
 THE FOLLOWING WEATHER WAS RECORDED YESTERDAY.
  LIGHT RAIN
  FOG
  FOG W/VISIBILITY <= 1/4 MILE

RELATIVE HUMIDITY (PERCENT)
 HIGHEST    93           800 AM
 LOWEST     72           300 PM
 AVERAGE    83
..........................................................

THE LONDON KY CLIMATE NORMALS FOR TODAY
                         NORMAL    RECORD    YEAR
 MAXIMUM TEMPERATURE (F)   45        73      1999
 MINIMUM TEMPERATURE (F)   26        -7      1961

SUNRISE AND SUNSET
JANUARY 22 2017.......SUNRISE   746 AM EST   SUNSET   551 PM EST
JANUARY 23 2017.......SUNRISE   745 AM EST   SUNSET   552 PM EST

-  INDICATES NEGATIVE NUMBERS.
R  INDICATES RECORD WAS SET OR TIED.
MM INDICATES DATA IS MISSING.
T  INDICATES TRACE AMOUNT.

$$

GEOGERIAN
