000
CDUS43 KJKL 270527
CLILOZ

CLIMATE REPORT
NATIONAL WEATHER SERVICE JACKSON KY
127 AM EDT TUE SEP 27 2016

...................................

...THE LONDON KY CLIMATE SUMMARY FOR SEPTEMBER 26 2016...

CLIMATE NORMAL PERIOD 1981 TO 2010
CLIMATE RECORD PERIOD 1954 TO 2016

WEATHER ITEM   OBSERVED TIME   RECORD YEAR NORMAL DEPARTURE LAST
                VALUE   (LST)  VALUE       VALUE  FROM      YEAR
                                                  NORMAL
..................................................................
TEMPERATURE (F)
 YESTERDAY
  MAXIMUM         81   1107 AM  90    2007  76      5       72
                                      1958
  MINIMUM         58   1159 PM  34    2001  53      5       60
  AVERAGE         70                        64      6       66

PRECIPITATION (IN)
  YESTERDAY        0.00          3.04 1972   0.12  -0.12     0.46
  MONTH TO DATE    1.06                      2.92  -1.86     3.29
  SINCE SEP 1      1.06                      2.92  -1.86     3.29

SNOWFALL (IN)
  YESTERDAY       MM
  MONTH TO DATE   MM
  SINCE SEP 1     MM
  SINCE JUL 1     MM
  SNOW DEPTH      MM

DEGREE DAYS
 HEATING
  YESTERDAY        0                         3     -3        0
  MONTH TO DATE    0                        29    -29       14
  SINCE SEP 1      0                        29    -29       14
  SINCE JUL 1      0                        30    -30       14

 COOLING
  YESTERDAY        5                         2      3        1
  MONTH TO DATE  232                       134     98      167
  SINCE SEP 1    232                       134     98      167
  SINCE JAN 1   1455                      1158    297     1338
..................................................................

WIND (MPH)
  HIGHEST WIND SPEED    18   HIGHEST WIND DIRECTION     W (260)
  HIGHEST GUST SPEED    23   HIGHEST GUST DIRECTION     W (260)
  AVERAGE WIND SPEED     5.6

SKY COVER
  POSSIBLE SUNSHINE  MM
  AVERAGE SKY COVER 0.5

WEATHER CONDITIONS
 THE FOLLOWING WEATHER WAS RECORDED YESTERDAY.
  FOG

RELATIVE HUMIDITY (PERCENT)
 HIGHEST    93           300 AM
 LOWEST     54          1100 AM
 AVERAGE    74
..........................................................

THE LONDON KY CLIMATE NORMALS FOR TODAY
                         NORMAL    RECORD    YEAR
 MAXIMUM TEMPERATURE (F)   76        89      1998
 MINIMUM TEMPERATURE (F)   52        35      1991

SUNRISE AND SUNSET
SEPTEMBER 27 2016.....SUNRISE   729 AM EDT   SUNSET   725 PM EDT
SEPTEMBER 28 2016.....SUNRISE   730 AM EDT   SUNSET   723 PM EDT

-  INDICATES NEGATIVE NUMBERS.
R  INDICATES RECORD WAS SET OR TIED.
MM INDICATES DATA IS MISSING.
T  INDICATES TRACE AMOUNT.

$$

GEOGERIAN
