000
CDUS43 KJKL 192021
CLILOZ

CLIMATE REPORT
NATIONAL WEATHER SERVICE JACKSON KY
421 PM EDT FRI JUN 19 2015

...................................

...THE LONDON KY CLIMATE SUMMARY FOR JUNE 19 2015...
VALID TODAY AS OF 0400 PM LOCAL TIME.

CLIMATE NORMAL PERIOD 1981 TO 2010
CLIMATE RECORD PERIOD 1954 TO 2015

WEATHER ITEM   OBSERVED TIME   RECORD YEAR NORMAL DEPARTURE LAST
                VALUE   (LST)  VALUE       VALUE  FROM      YEAR
                                                  NORMAL
..................................................................
TEMPERATURE (F)
 TODAY
  MAXIMUM         84    210 PM  93    1994  85     -1       92
  MINIMUM         71    602 AM  48    1965  63      8       69
  AVERAGE         78                        74      4       81

PRECIPITATION (IN)
  TODAY            0.01          1.21 1958   0.14  -0.13     0.00
  MONTH TO DATE    2.70                      2.87  -0.17     0.77
  SINCE JUN 1      2.70                      2.87  -0.17     0.77
  SINCE JAN 1     22.62                     23.40  -0.78    19.76

SNOWFALL (IN)
  TODAY           MM
  MONTH TO DATE   MM
  SINCE JUN 1     MM
  SINCE JUL 1     MM
  SNOW DEPTH      MM

DEGREE DAYS
 HEATING
  TODAY            0                         0      0        0
  MONTH TO DATE    2                         7     -5        0
  SINCE JUN 1      2                         7     -5        0
  SINCE JUL 1   4382                      4203    179     4420

 COOLING
  TODAY           13                         9      4       16
  MONTH TO DATE  191                       133     58      146
  SINCE JUN 1    191                       133     58      146
  SINCE JAN 1    385                       247    138      312
..................................................................

WIND (MPH)
  HIGHEST WIND SPEED    12   HIGHEST WIND DIRECTION     S (170)
  HIGHEST GUST SPEED    17   HIGHEST GUST DIRECTION     S (170)
  AVERAGE WIND SPEED     1.9

SKY COVER
  POSSIBLE SUNSHINE  MM
  AVERAGE SKY COVER 0.0

WEATHER CONDITIONS
 THE FOLLOWING WEATHER WAS RECORDED TODAY.
  THUNDERSTORM
  LIGHT RAIN

RELATIVE HUMIDITY (PERCENT)
 HIGHEST    84           600 AM
 LOWEST     65          1200 PM
 AVERAGE    75

..........................................................

THE LONDON KY CLIMATE NORMALS FOR TOMORROW
                         NORMAL    RECORD    YEAR
 MAXIMUM TEMPERATURE (F)   85        93      1994
 MINIMUM TEMPERATURE (F)   64        50      1959

SUNRISE AND SUNSET
JUNE 19 2015..........SUNRISE   616 AM EDT   SUNSET   859 PM EDT
JUNE 20 2015..........SUNRISE   617 AM EDT   SUNSET   859 PM EDT

-  INDICATES NEGATIVE NUMBERS.
R  INDICATES RECORD WAS SET OR TIED.
MM INDICATES DATA IS MISSING.
T  INDICATES TRACE AMOUNT.

$$

CARICO
