000
CDUS43 KJKL 042020
CLILOZ

CLIMATE REPORT
NATIONAL WEATHER SERVICE JACKSON KY
418 PM EDT MON APR 4 2016


...................................

...THE LONDON KY CLIMATE SUMMARY FOR APRIL 4 2016...
VALID TODAY AS OF 0400 PM LOCAL TIME.

CLIMATE NORMAL PERIOD 1981 TO 2010
CLIMATE RECORD PERIOD 1954 TO 2016


WEATHER ITEM   OBSERVED TIME   RECORD YEAR NORMAL DEPARTURE LAST
                VALUE   (LST)  VALUE       VALUE  FROM      YEAR
                                                  NORMAL
..................................................................
TEMPERATURE (F)
 TODAY
  MAXIMUM         73    258 PM  82    1986  65      8       58
  MINIMUM         50    608 AM  26    1962  41      9       38
  AVERAGE         62                        53      9       48

PRECIPITATION (IN)
  TODAY            0.00          2.75 1977   0.12  -0.12     0.00
  MONTH TO DATE    0.06                      0.51  -0.45     1.05
  SINCE MAR 1      2.19                      4.56  -2.37     6.38

SNOWFALL (IN)
  TODAY           MM
  MONTH TO DATE   MM
  SINCE MAR 1     MM
  SINCE JUL 1     MM
  SNOW DEPTH      MM

DEGREE DAYS
 HEATING
  TODAY            3                        12     -9       17
  MONTH TO DATE   42                        51     -9       34
  SINCE MAR 1    441                       600   -159      558
  SINCE JUL 1   3357                      3876   -519     4179

 COOLING
  TODAY            0                         0      0        0
  MONTH TO DATE    0                         0      0        0
  SINCE MAR 1      0                         3     -3        0
  SINCE JAN 1      0                         3     -3        0
..................................................................


WIND (MPH)
  HIGHEST WIND SPEED    25   HIGHEST WIND DIRECTION     W (270)
  HIGHEST GUST SPEED    33   HIGHEST GUST DIRECTION     W (270)
  AVERAGE WIND SPEED    11.1


SKY COVER
  POSSIBLE SUNSHINE  MM
  AVERAGE SKY COVER 0.1


WEATHER CONDITIONS
 THE FOLLOWING WEATHER WAS RECORDED TODAY.
  NO SIGNIFICANT WEATHER WAS OBSERVED.


RELATIVE HUMIDITY (PERCENT)
 HIGHEST    44           200 AM
 LOWEST     26          1100 AM
 AVERAGE    35

..........................................................


THE LONDON KY CLIMATE NORMALS FOR TOMORROW
                         NORMAL    RECORD    YEAR
 MAXIMUM TEMPERATURE (F)   65        86      1988
 MINIMUM TEMPERATURE (F)   41        26      1972


SUNRISE AND SUNSET
APRIL  4 2016.........SUNRISE   717 AM EDT   SUNSET   802 PM EDT
APRIL  5 2016.........SUNRISE   715 AM EDT   SUNSET   803 PM EDT


-  INDICATES NEGATIVE NUMBERS.
R  INDICATES RECORD WAS SET OR TIED.
MM INDICATES DATA IS MISSING.
T  INDICATES TRACE AMOUNT.




$$
