000
CDUS43 KJKL 292021 RRA
CLILOZ

CLIMATE REPORT
NATIONAL WEATHER SERVICE JACKSON KY
422 PM EDT SUN OCT 29 2017

...................................

...THE LONDON KY CLIMATE SUMMARY FOR OCTOBER 29 2017...
VALID TODAY AS OF 0400 PM LOCAL TIME.

CLIMATE NORMAL PERIOD 1981 TO 2010
CLIMATE RECORD PERIOD 1954 TO 2017

WEATHER ITEM   OBSERVED TIME   RECORD YEAR NORMAL DEPARTURE LAST
                VALUE   (LST)  VALUE       VALUE  FROM      YEAR
                                                  NORMAL
..................................................................
TEMPERATURE (F)
 TODAY
  MAXIMUM         37    259 PM  81    2016  65    -28       81
  MINIMUM         33   1206 PM  19    1976  41     -8       45
  AVERAGE         35                        53    -18       63

PRECIPITATION (IN)
  TODAY            0.02          1.06 1970   0.10  -0.08     0.00
  MONTH TO DATE    5.30                      2.81   2.49     0.90
  SINCE SEP 1      7.09                      6.18   0.91     2.08

SNOWFALL (IN)
  TODAY           MM
  MONTH TO DATE   MM
  SINCE SEP 1     MM
  SINCE JUL 1     MM
  SNOW DEPTH      MM

DEGREE DAYS
 HEATING
  TODAY           30                        12     18        2
  MONTH TO DATE  187                       236    -49      115
  SINCE SEP 1    228                       282    -54      136
  SINCE JUL 1    228                       283    -55      136

 COOLING
  TODAY            0                         0      0        0
  MONTH TO DATE   42                        17     25       43
  SINCE SEP 1    166                       160      6      275
  SINCE JAN 1   1135                      1184    -49     1498
..................................................................

WIND (MPH)
  HIGHEST WIND SPEED    12   HIGHEST WIND DIRECTION    NW (300)
  HIGHEST GUST SPEED    18   HIGHEST GUST DIRECTION    NW (320)
  AVERAGE WIND SPEED     6.1

SKY COVER
  POSSIBLE SUNSHINE  MM
  AVERAGE SKY COVER 1.0

WEATHER CONDITIONS
 THE FOLLOWING WEATHER WAS RECORDED TODAY.
  FOG

RELATIVE HUMIDITY (PERCENT)
 HIGHEST    96           500 AM
 LOWEST     75           900 AM
 AVERAGE    86
..........................................................

THE LONDON KY CLIMATE NORMALS FOR TOMORROW
                         NORMAL    RECORD    YEAR
 MAXIMUM TEMPERATURE (F)   65        80      2016
                                             1971
 MINIMUM TEMPERATURE (F)   41        24      1963

SUNRISE AND SUNSET
OCTOBER 29 2017.......SUNRISE   758 AM EDT   SUNSET   642 PM EDT
OCTOBER 30 2017.......SUNRISE   759 AM EDT   SUNSET   641 PM EDT

-  INDICATES NEGATIVE NUMBERS.
R  INDICATES RECORD WAS SET OR TIED.
MM INDICATES DATA IS MISSING.
T  INDICATES TRACE AMOUNT.

$$

TAB
