000
CDUS43 KJKL 310525
CLILOZ

CLIMATE REPORT
NATIONAL WEATHER SERVICE JACKSON KY
124 AM EDT MON AUG 31 2015

...................................

...THE LONDON KY CLIMATE SUMMARY FOR AUGUST 30 2015...

CLIMATE NORMAL PERIOD 1981 TO 2010
CLIMATE RECORD PERIOD 1954 TO 2015

WEATHER ITEM   OBSERVED TIME   RECORD YEAR NORMAL DEPARTURE LAST
                VALUE   (LST)  VALUE       VALUE  FROM      YEAR
                                                  NORMAL
..................................................................
TEMPERATURE (F)
 YESTERDAY
  MAXIMUM         82    452 PM  94    1957  84     -2       90
  MINIMUM         65    333 AM  46    1965  63      2       69
  AVERAGE         74                        74      0       80

PRECIPITATION (IN)
  YESTERDAY        T             2.03 2014   0.11  -0.11     2.03
  MONTH TO DATE    2.76                      3.60  -0.84     5.59
  SINCE JUN 1     18.96                     12.04   6.92    15.30
  SINCE JAN 1     38.88                     32.57   6.31    34.29

SNOWFALL (IN)
  YESTERDAY       MM
  MONTH TO DATE   MM
  SINCE JUN 1     MM
  SINCE JUL 1     MM
  SNOW DEPTH      MM

DEGREE DAYS
 HEATING
  YESTERDAY        0                         0      0        0
  MONTH TO DATE    0                         0      0        0
  SINCE JUN 1      2                         9     -7        0
  SINCE JUL 1      0                         0      0        0

 COOLING
  YESTERDAY        9                         9      0       15
  MONTH TO DATE  269                       310    -41      321
  SINCE JUN 1    966                       903     63      878
  SINCE JAN 1   1160                      1017    143     1044
..................................................................

WIND (MPH)
  HIGHEST WIND SPEED     9   HIGHEST WIND DIRECTION     W (260)
  HIGHEST GUST SPEED    13   HIGHEST GUST DIRECTION     W (250)
  AVERAGE WIND SPEED     1.9

SKY COVER
  POSSIBLE SUNSHINE  MM
  AVERAGE SKY COVER 0.2

WEATHER CONDITIONS
 THE FOLLOWING WEATHER WAS RECORDED YESTERDAY.
  FOG
  HAZE

RELATIVE HUMIDITY (PERCENT)
 HIGHEST    87           200 AM
 LOWEST     49          1200 PM
 AVERAGE    68
..........................................................

THE LONDON KY CLIMATE NORMALS FOR TODAY
                         NORMAL    RECORD    YEAR
 MAXIMUM TEMPERATURE (F)   84        96      1957
 MINIMUM TEMPERATURE (F)   63        46      1976

SUNRISE AND SUNSET
AUGUST 31 2015........SUNRISE   706 AM EDT   SUNSET   807 PM EDT
SEPTEMBER  1 2015.....SUNRISE   707 AM EDT   SUNSET   805 PM EDT

-  INDICATES NEGATIVE NUMBERS.
R  INDICATES RECORD WAS SET OR TIED.
MM INDICATES DATA IS MISSING.
T  INDICATES TRACE AMOUNT.

$$

GEOGERIAN
