000
CDUS43 KJKL 272026
CLILOZ

CLIMATE REPORT
NATIONAL WEATHER SERVICE JACKSON KY
426 PM EDT MON OCT 27 2014

...................................

...THE LONDON KY CLIMATE SUMMARY FOR OCTOBER 27 2014...
VALID TODAY AS OF 0400 PM LOCAL TIME.

CLIMATE NORMAL PERIOD 1981 TO 2010
CLIMATE RECORD PERIOD 1954 TO 2014

WEATHER ITEM   OBSERVED TIME   RECORD YEAR NORMAL DEPARTURE LAST
                VALUE   (LST)  VALUE       VALUE  FROM      YEAR
                                                  NORMAL
..................................................................
TEMPERATURE (F)
 TODAY
  MAXIMUM         82R   259 PM  81    1963  66     16       66
  MINIMUM         46    520 AM  19    1962  42      4       37
  AVERAGE         64                        54     10       52

PRECIPITATION (IN)
  TODAY            0.00          1.29 2006   0.11  -0.11     0.00
  MONTH TO DATE    6.74                      2.60   4.14     2.84
  SINCE SEP 1      8.13                      5.97   2.16     5.45
  SINCE JAN 1       MM                      38.65    MM     46.49

SNOWFALL (IN)
  TODAY           MM
  MONTH TO DATE   MM
  SINCE SEP 1     MM
  SINCE JUL 1     MM
  SNOW DEPTH      MM

DEGREE DAYS
 HEATING
  TODAY            1                        11    -10       13
  MONTH TO DATE  176                       212    -36      218
  SINCE SEP 1    194                       258    -64      233
  SINCE JUL 1    194                       259    -65      233

 COOLING
  TODAY            0                         0      0        0
  MONTH TO DATE   20                        17      3       39
  SINCE SEP 1    193                       160     33      188
  SINCE JAN 1     MM                      1184     MM     1080
..................................................................

WIND (MPH)
  HIGHEST WIND SPEED    13   HIGHEST WIND DIRECTION    SW (220)
  HIGHEST GUST SPEED    19   HIGHEST GUST DIRECTION     S (180)
  AVERAGE WIND SPEED     3.5

SKY COVER
  POSSIBLE SUNSHINE  MM
  AVERAGE SKY COVER 0.1

WEATHER CONDITIONS
 THE FOLLOWING WEATHER WAS RECORDED TODAY.
  NO SIGNIFICANT WEATHER WAS OBSERVED.

RELATIVE HUMIDITY (PERCENT)
 HIGHEST    86           100 AM
 LOWEST     40           300 PM
 AVERAGE    63

..........................................................

THE LONDON KY CLIMATE NORMALS FOR TOMORROW
                         NORMAL    RECORD    YEAR
 MAXIMUM TEMPERATURE (F)   66        84      1991
 MINIMUM TEMPERATURE (F)   42        23      1976

SUNRISE AND SUNSET
OCTOBER 27 2014.......SUNRISE   756 AM EDT   SUNSET   644 PM EDT
OCTOBER 28 2014.......SUNRISE   757 AM EDT   SUNSET   643 PM EDT

-  INDICATES NEGATIVE NUMBERS.
R  INDICATES RECORD WAS SET OR TIED.
MM INDICATES DATA IS MISSING.
T  INDICATES TRACE AMOUNT.

$$

CARICO
