000
CDUS43 KJKL 240529
CLILOZ

CLIMATE REPORT
NATIONAL WEATHER SERVICE JACKSON KY
129 AM EDT SUN MAY 24 2015


...................................

...THE LONDON KY CLIMATE SUMMARY FOR MAY 23 2015...

CLIMATE NORMAL PERIOD 1981 TO 2010
CLIMATE RECORD PERIOD 1954 TO 2015


WEATHER ITEM   OBSERVED TIME   RECORD YEAR NORMAL DEPARTURE LAST
                VALUE   (LST)  VALUE       VALUE  FROM      YEAR
                                                  NORMAL
..................................................................
TEMPERATURE (F)
 YESTERDAY
  MAXIMUM         80    424 PM  88    1987  78      2       77
  MINIMUM         47    421 AM  36    1963  55     -8       57
  AVERAGE         64                        66     -2       67

PRECIPITATION (IN)
  YESTERDAY        0.00          0.82 1979   0.16  -0.16     0.02
  MONTH TO DATE    0.64                      3.81  -3.17     2.08
  SINCE MAR 1     11.52                     11.91  -0.39    12.33
  SINCE JAN 1     18.99                     19.16  -0.17    18.84

SNOWFALL (IN)
  YESTERDAY       MM
  MONTH TO DATE   MM
  SINCE MAR 1     MM
  SINCE JUL 1     MM
  SNOW DEPTH      MM

DEGREE DAYS
 HEATING
  YESTERDAY        1                         2     -1        0
  MONTH TO DATE   41                        82    -41       82
  SINCE MAR 1    759                       907   -148      912
  SINCE JUL 1   4380                      4183    197     4419

COOLING
  YESTERDAY        0                         4     -4        2
  MONTH TO DATE  104                        53     51       87
  SINCE MAR 1    127                        79     48      112
  SINCE JAN 1    127                        79     48      112
..................................................................


WIND (MPH)
  HIGHEST WIND SPEED    12   HIGHEST WIND DIRECTION     E (110)
  HIGHEST GUST SPEED    16   HIGHEST GUST DIRECTION     E (80)
  AVERAGE WIND SPEED     2.0


SKY COVER
  POSSIBLE SUNSHINE  MM
  AVERAGE SKY COVER 0.1


WEATHER CONDITIONS
 THE FOLLOWING WEATHER WAS RECORDED YESTERDAY.
  NO SIGNIFICANT WEATHER WAS OBSERVED.


RELATIVE HUMIDITY (PERCENT)
 HIGHEST    86           600 AM
 LOWEST     28           300 PM
 AVERAGE    57

..........................................................


THE LONDON KY CLIMATE NORMALS FOR TODAY
                         NORMAL    RECORD    YEAR
 MAXIMUM TEMPERATURE (F)   78        89      1958
 MINIMUM TEMPERATURE (F)   56        36      1961


SUNRISE AND SUNSET
MAY 24 2015...........SUNRISE   622 AM EDT   SUNSET   845 PM EDT
MAY 25 2015...........SUNRISE   621 AM EDT   SUNSET   846 PM EDT


-  INDICATES NEGATIVE NUMBERS.
R  INDICATES RECORD WAS SET OR TIED.
MM INDICATES DATA IS MISSING.
T  INDICATES TRACE AMOUNT.




$$
