000
CDUS43 KJKL 210532
CLILOZ

CLIMATE REPORT
NATIONAL WEATHER SERVICE JACKSON KY
1231 AM EST SAT JAN 21 2017

...................................

...THE LONDON KY CLIMATE SUMMARY FOR JANUARY 20 2017...

CLIMATE NORMAL PERIOD 1981 TO 2010
CLIMATE RECORD PERIOD 1954 TO 2017

WEATHER ITEM   OBSERVED TIME   RECORD YEAR NORMAL DEPARTURE LAST
                VALUE   (LST)  VALUE       VALUE  FROM      YEAR
                                                  NORMAL
..................................................................
TEMPERATURE (F)
 YESTERDAY
  MAXIMUM         66R   238 PM  66    1988  45     21       30
  MINIMUM         48   1159 PM -18    1985  26     22       18
  AVERAGE         57                        35     22       24

PRECIPITATION (IN)
  YESTERDAY        0.14          1.95 1979   0.11   0.03     0.06
  MONTH TO DATE    3.31                      2.28   1.03     0.90
  SINCE DEC 1      9.61                      6.52   3.09     6.35
  SINCE JAN 1      3.31                      2.28   1.03     0.90

SNOWFALL (IN)
  YESTERDAY       MM
  MONTH TO DATE   MM
  SINCE DEC 1     MM
  SINCE JUL 1     MM
  SNOW DEPTH      MM

DEGREE DAYS
 HEATING
  YESTERDAY        8                        30    -22       41
  MONTH TO DATE  444                       596   -152      660
  SINCE DEC 1   1238                      1418   -180     1135
  SINCE JUL 1   1829                      2248   -419     1800

 COOLING
  YESTERDAY        0                         0      0        0
  MONTH TO DATE    0                         0      0        0
  SINCE DEC 1      0                         1     -1        0
  SINCE JAN 1      0                         0      0        0
..................................................................

WIND (MPH)
  HIGHEST WIND SPEED    17   HIGHEST WIND DIRECTION    SW (240)
  HIGHEST GUST SPEED    27   HIGHEST GUST DIRECTION    SW (240)
  AVERAGE WIND SPEED     5.1

SKY COVER
  POSSIBLE SUNSHINE  MM
  AVERAGE SKY COVER 0.5

WEATHER CONDITIONS
 THE FOLLOWING WEATHER WAS RECORDED YESTERDAY.
  RAIN
  LIGHT RAIN
  FOG

RELATIVE HUMIDITY (PERCENT)
 HIGHEST    96           700 AM
 LOWEST     48           500 PM
 AVERAGE    72
..........................................................

THE LONDON KY CLIMATE NORMALS FOR TODAY
                         NORMAL    RECORD    YEAR
 MAXIMUM TEMPERATURE (F)   45        67      1999
 MINIMUM TEMPERATURE (F)   26       -18      1985

SUNRISE AND SUNSET
JANUARY 21 2017.......SUNRISE   746 AM EST   SUNSET   550 PM EST
JANUARY 22 2017.......SUNRISE   746 AM EST   SUNSET   551 PM EST

-  INDICATES NEGATIVE NUMBERS.
R  INDICATES RECORD WAS SET OR TIED.
MM INDICATES DATA IS MISSING.
T  INDICATES TRACE AMOUNT.

$$

GEOGERIAN
