000
CDUS43 KJKL 240534
CLILOZ

CLIMATE REPORT
NATIONAL WEATHER SERVICE JACKSON KY
133 AM EDT THU JUL 24 2014

...................................

...THE LONDON KY CLIMATE SUMMARY FOR JULY 23 2014...

CLIMATE NORMAL PERIOD 1981 TO 2010
CLIMATE RECORD PERIOD 1954 TO 2014

WEATHER ITEM   OBSERVED TIME   RECORD YEAR NORMAL DEPARTURE LAST
                VALUE   (LST)  VALUE       VALUE  FROM      YEAR
                                                  NORMAL
..................................................................
TEMPERATURE (F)
 YESTERDAY
  MAXIMUM         89    101 PM  95    1999  86      3       86
                                      1983
  MINIMUM         71   1159 PM  58    2003  66      5       70
  AVERAGE         80                        76      4       78

PRECIPITATION (IN)
  YESTERDAY        0.45          2.30 1965   0.14   0.31     0.01
  MONTH TO DATE    6.39                      3.03   3.36     6.80
  SINCE JUN 1        MM                      7.43     MM    14.04
  SINCE JAN 1        MM                     27.96     MM    37.05

SNOWFALL (IN)
  YESTERDAY       MM
  MONTH TO DATE   MM
  SINCE JUN 1     MM
  SINCE JUL 1     MM
  SNOW DEPTH      MM

DEGREE DAYS
 HEATING
  YESTERDAY        0                         0      0        0
  MONTH TO DATE    0                         0      0        0
  SINCE JUN 1      0                         9     -9        0
  SINCE JUL 1      0                         0      0        0

 COOLING
  YESTERDAY       15                        11      4       13
  MONTH TO DATE  233                       253    -20      238
  SINCE JUN 1     MM                       496     MM      469
  SINCE JAN 1     MM                       610     MM      569
..................................................................

WIND (MPH)
  HIGHEST WIND SPEED    24   HIGHEST WIND DIRECTION     W (250)
  HIGHEST GUST SPEED    29   HIGHEST GUST DIRECTION     W (260)
  AVERAGE WIND SPEED     4.1

SKY COVER
  POSSIBLE SUNSHINE  MM
  AVERAGE SKY COVER 0.2

WEATHER CONDITIONS
 THE FOLLOWING WEATHER WAS RECORDED YESTERDAY.
  THUNDERSTORM
  HEAVY RAIN
  RAIN
  LIGHT RAIN
  FOG

RELATIVE HUMIDITY (PERCENT)
 HIGHEST    93           400 AM
 LOWEST     52           100 PM
 AVERAGE    73
..........................................................

THE LONDON KY CLIMATE NORMALS FOR TODAY
                         NORMAL    RECORD    YEAR
 MAXIMUM TEMPERATURE (F)   86        96      1987
 MINIMUM TEMPERATURE (F)   66        57      2008
                                             2003
                                             1962

SUNRISE AND SUNSET
JULY 24 2014..........SUNRISE   635 AM EDT   SUNSET   850 PM EDT
JULY 25 2014..........SUNRISE   636 AM EDT   SUNSET   850 PM EDT

-  INDICATES NEGATIVE NUMBERS.
R  INDICATES RECORD WAS SET OR TIED.
MM INDICATES DATA IS MISSING.
T  INDICATES TRACE AMOUNT.

$$

SHALLENBERGER
