000
CDUS43 KJKL 240536
CLILOZ

CLIMATE REPORT
NATIONAL WEATHER SERVICE JACKSON KY
1235 AM EST SAT JAN 24 2015

...................................

...THE LONDON KY CLIMATE SUMMARY FOR JANUARY 23 2015...

CLIMATE NORMAL PERIOD 1981 TO 2010
CLIMATE RECORD PERIOD 1954 TO 2015

WEATHER ITEM   OBSERVED TIME   RECORD YEAR NORMAL DEPARTURE LAST
                VALUE   (LST)  VALUE       VALUE  FROM      YEAR
                                                  NORMAL
..................................................................
TEMPERATURE (F)
 YESTERDAY
  MAXIMUM         37    431 PM  70    1967  45     -8       20
  MINIMUM         33   1205 AM -12    1963  26      7        5
  AVERAGE         35                        36     -1       13

PRECIPITATION (IN)
  YESTERDAY        0.26          2.00 1999   0.11   0.15      T
  MONTH TO DATE    2.04                      2.61  -0.57     2.19
  SINCE DEC 1      5.85                      6.85  -1.00     8.63
  SINCE JAN 1      2.04                      2.61  -0.57     2.19

SNOWFALL (IN)
  YESTERDAY       MM
  MONTH TO DATE   MM
  SINCE DEC 1     MM
  SINCE JUL 1     MM
  SNOW DEPTH      MM

DEGREE DAYS
 HEATING
  YESTERDAY       30                        29      1       52
  MONTH TO DATE  699                       684     15      786
  SINCE DEC 1   1422                      1506    -84     1526
  SINCE JUL 1   2366                      2336     30     2393

 COOLING
  YESTERDAY        0                         0      0        0
  MONTH TO DATE    0                         0      0        0
  SINCE DEC 1      0                         1     -1        0
  SINCE JAN 1      0                         0      0        0
..................................................................

WIND (MPH)
  HIGHEST WIND SPEED    12   HIGHEST WIND DIRECTION     N (20)
  HIGHEST GUST SPEED    14   HIGHEST GUST DIRECTION     N (20)
  AVERAGE WIND SPEED     5.6

SKY COVER
  POSSIBLE SUNSHINE  MM
  AVERAGE SKY COVER 1.0

WEATHER CONDITIONS
 THE FOLLOWING WEATHER WAS RECORDED YESTERDAY.
  RAIN
  LIGHT RAIN
  FOG

RELATIVE HUMIDITY (PERCENT)
 HIGHEST    89           500 PM
 LOWEST     64          1200 AM
 AVERAGE    77
..........................................................

THE LONDON KY CLIMATE NORMALS FOR TODAY
                         NORMAL    RECORD    YEAR
 MAXIMUM TEMPERATURE (F)   45        74      1972
 MINIMUM TEMPERATURE (F)   26       -18      1963

SUNRISE AND SUNSET
JANUARY 24 2015.......SUNRISE   745 AM EST   SUNSET   552 PM EST
JANUARY 25 2015.......SUNRISE   744 AM EST   SUNSET   553 PM EST

-  INDICATES NEGATIVE NUMBERS.
R  INDICATES RECORD WAS SET OR TIED.
MM INDICATES DATA IS MISSING.
T  INDICATES TRACE AMOUNT.

$$
GREIF
