000
CDUS43 KJKL 010527 RRA
CLILOZ

CLIMATE REPORT
NATIONAL WEATHER SERVICE JACKSON KY
1226 AM EST THU DEC 1 2016

...................................

...THE LONDON KY CLIMATE SUMMARY FOR NOVEMBER 30 2016...

CLIMATE NORMAL PERIOD 1981 TO 2010
CLIMATE RECORD PERIOD 1954 TO 2016


WEATHER ITEM   OBSERVED TIME   RECORD YEAR NORMAL DEPARTURE LAST
                VALUE   (LST)  VALUE       VALUE  FROM      YEAR
                                                  NORMAL
..................................................................
TEMPERATURE (F)
 YESTERDAY
  MAXIMUM         62    730 AM  71    2006  52     10       59
                                      1998
  MINIMUM         43   1159 PM   2    1976  33     10       47
  AVERAGE         53                        43     10       53

PRECIPITATION (IN)
  YESTERDAY        1.35          3.03 2010   0.14   1.21     0.75
  MONTH TO DATE    2.59                      3.83  -1.24     3.61
  SINCE SEP 1      4.67                     10.22  -5.55    10.67

SNOWFALL (IN)
  YESTERDAY       MM
  MONTH TO DATE   MM
  SINCE SEP 1     MM
  SINCE JUL 1     MM
  SNOW DEPTH      MM

DEGREE DAYS
 HEATING
  YESTERDAY       12                        22    -10       12
  MONTH TO DATE  455                       525    -70      409
  SINCE SEP 1    591                       829   -238      665
  SINCE JUL 1    591                       830   -239      665

 COOLING
  YESTERDAY        0                         0      0        0
  MONTH TO DATE    7                         2      5        5
  SINCE SEP 1    284                       166    118      216
  SINCE JAN 1   1507                      1190    317     1387
..................................................................


WIND (MPH)
  HIGHEST WIND SPEED    24   HIGHEST WIND DIRECTION     W (280)
  HIGHEST GUST SPEED    35   HIGHEST GUST DIRECTION     W (280)
  AVERAGE WIND SPEED     6.7


SKY COVER
  POSSIBLE SUNSHINE  MM
  AVERAGE SKY COVER 0.8


WEATHER CONDITIONS
 THE FOLLOWING WEATHER WAS RECORDED YESTERDAY.
  HEAVY RAIN
  RAIN
  LIGHT RAIN
  FOG


RELATIVE HUMIDITY (PERCENT)
 HIGHEST    93           100 AM
 LOWEST     61           900 PM
 AVERAGE    77

..........................................................


THE LONDON KY CLIMATE NORMALS FOR TODAY
                         NORMAL    RECORD    YEAR
 MAXIMUM TEMPERATURE (F)   52        72      2006
 MINIMUM TEMPERATURE (F)   33         8      1964


SUNRISE AND SUNSET
DECEMBER  1 2016......SUNRISE   732 AM EST   SUNSET   519 PM EST
DECEMBER  2 2016......SUNRISE   732 AM EST   SUNSET   519 PM EST


-  INDICATES NEGATIVE NUMBERS.
R  INDICATES RECORD WAS SET OR TIED.
MM INDICATES DATA IS MISSING.
T  INDICATES TRACE AMOUNT.




$$
