000
CDUS43 KJKL 120534
CLILOZ

CLIMATE REPORT
NATIONAL WEATHER SERVICE JACKSON KY
133 AM EDT SAT APR 12 2014

...................................

...THE LONDON KY CLIMATE SUMMARY FOR APRIL 11 2014...

CLIMATE NORMAL PERIOD 1981 TO 2010
CLIMATE RECORD PERIOD 1954 TO 2014


WEATHER ITEM   OBSERVED TIME   RECORD YEAR NORMAL DEPARTURE LAST
                VALUE   (LST)  VALUE       VALUE  FROM      YEAR
                                                  NORMAL
..................................................................
TEMPERATURE (F)
 YESTERDAY
  MAXIMUM         76    257 PM  86    1977  67      9       80
  MINIMUM         60   1224 AM  22    1960  43     17       56
  AVERAGE         68                        55     13       68

PRECIPITATION (IN)
  YESTERDAY        0.05          1.48 1962   0.13  -0.08     0.94
  MONTH TO DATE    1.40                      1.42  -0.02     1.19
  SINCE MAR 1      6.57                      5.47   1.10     6.64
  SINCE JAN 1     13.08                     12.72   0.36    13.43

SNOWFALL (IN)
  YESTERDAY       MM
  MONTH TO DATE   MM
  SINCE MAR 1     MM
  SINCE JUL 1     MM
  SNOW DEPTH      MM

DEGREE DAYS
 HEATING
  YESTERDAY        0                        10    -10        0
  MONTH TO DATE   80                       129    -49      124
  SINCE MAR 1    731                       678     53      916
  SINCE JUL 1   4238                      3954    284     4264

 COOLING
  YESTERDAY        3                         1      2        3
  MONTH TO DATE    7                         3      4        8
  SINCE MAR 1      7                         6      1        8
  SINCE JAN 1      7                         6      1        8
..................................................................


WIND (MPH)
  HIGHEST WIND SPEED    21   HIGHEST WIND DIRECTION     W (250)
  HIGHEST GUST SPEED    26   HIGHEST GUST DIRECTION     W (250)
  AVERAGE WIND SPEED     8.9


SKY COVER
  POSSIBLE SUNSHINE  MM
  AVERAGE SKY COVER 0.5


WEATHER CONDITIONS
 THE FOLLOWING WEATHER WAS RECORDED YESTERDAY.
  THUNDERSTORM
  LIGHT RAIN


RELATIVE HUMIDITY (PERCENT)
 HIGHEST    67          1000 PM
 LOWEST     33           300 PM
 AVERAGE    50

..........................................................


THE LONDON KY CLIMATE NORMALS FOR TODAY
                         NORMAL    RECORD    YEAR
 MAXIMUM TEMPERATURE (F)   68        86      1977
 MINIMUM TEMPERATURE (F)   43        25      1989


SUNRISE AND SUNSET
APRIL 12 2014.........SUNRISE   706 AM EDT   SUNSET   809 PM EDT
APRIL 13 2014.........SUNRISE   705 AM EDT   SUNSET   809 PM EDT


-  INDICATES NEGATIVE NUMBERS.
R  INDICATES RECORD WAS SET OR TIED.
MM INDICATES DATA IS MISSING.
T  INDICATES TRACE AMOUNT.




$$
