000
CDUS43 KJKL 242020
CLILOZ

CLIMATE REPORT
NATIONAL WEATHER SERVICE JACKSON KY
420 PM EDT TUE MAR 24 2015

...................................
...THE LONDON KY CLIMATE SUMMARY FOR MARCH 24 2015... VALID TODAY AS
OF 0400 PM LOCAL TIME.

CLIMATE NORMAL PERIOD 1981 TO 2010
CLIMATE RECORD PERIOD 1954 TO 2015


WEATHER ITEM   OBSERVED TIME   RECORD YEAR NORMAL DEPARTURE LAST
                VALUE   (LST)  VALUE       VALUE  FROM      YEAR
                                                  NORMAL
..................................................................
TEMPERATURE (F)
 TODAY
  MAXIMUM         73    239 PM  84    2007  61     12       49
  MINIMUM         39    648 AM  17    1971  38      1       26
  AVERAGE         56                        50      6       38

PRECIPITATION (IN)
  TODAY            0.00          0.86 2013   0.13  -0.13     0.00
  MONTH TO DATE    4.66                      3.13   1.53     3.20
  SINCE MAR 1      4.66                      3.13   1.53     3.20
  SINCE JAN 1     12.13                     10.38   1.75     9.71

SNOWFALL (IN)
  TODAY           MM
  MONTH TO DATE   MM
  SINCE MAR 1     MM
  SINCE JUL 1     MM
  SNOW DEPTH      MM

DEGREE DAYS
 HEATING
  TODAY            9                        15     -6       27
  MONTH TO DATE  413                       448    -35      505
  SINCE MAR 1    413                       448    -35      505
  SINCE JUL 1   4034                      3724    310     4012

 COOLING
  TODAY            0                         0      0        0
  MONTH TO DATE    0                         0      0        0
  SINCE MAR 1      0                         0      0        0
  SINCE JAN 1      0                         0      0        0
..................................................................
WIND (MPH)
  HIGHEST WIND SPEED    14   HIGHEST WIND DIRECTION     W (280)
  HIGHEST GUST SPEED    17   HIGHEST GUST DIRECTION     W (290)
  AVERAGE WIND SPEED     2.2

SKY COVER
  POSSIBLE SUNSHINE  MM
  AVERAGE SKY COVER 0.2

WEATHER CONDITIONS
 THE FOLLOWING WEATHER WAS RECORDED TODAY.
  NO SIGNIFICANT WEATHER WAS OBSERVED.

RELATIVE HUMIDITY (PERCENT)
 HIGHEST    76           600 AM
 LOWEST     32           100 PM
 AVERAGE    54
..........................................................

THE LONDON KY CLIMATE NORMALS FOR TOMORROW
                         NORMAL    RECORD    YEAR
 MAXIMUM TEMPERATURE (F)   62        87      2007
 MINIMUM TEMPERATURE (F)   38        16      1960

SUNRISE AND SUNSET
MARCH 24 2015.........SUNRISE   734 AM EDT   SUNSET   752 PM EDT
MARCH 25 2015.........SUNRISE   733 AM EDT   SUNSET   752 PM EDT

-  INDICATES NEGATIVE NUMBERS.
R  INDICATES RECORD WAS SET OR TIED.
MM INDICATES DATA IS MISSING.
T  INDICATES TRACE AMOUNT.

$$

TAB
