000
CDUS43 KJKL 030545
CLILOZ

CLIMATE REPORT
NATIONAL WEATHER SERVICE JACKSON KY
125 AM EDT WED JUN 3 2015

...................................

...THE LONDON KY CLIMATE SUMMARY FOR JUNE 2 2015...

CLIMATE NORMAL PERIOD 1981 TO 2010
CLIMATE RECORD PERIOD 1954 TO 2015

WEATHER ITEM   OBSERVED TIME   RECORD YEAR NORMAL DEPARTURE LAST
                VALUE   (LST)  VALUE       VALUE  FROM      YEAR
                                                  NORMAL
..................................................................
TEMPERATURE (F)
 YESTERDAY
  MAXIMUM         68   1255 PM  88    1998  80    -12       82
                                      1980
  MINIMUM         57    741 AM  37    1966  58     -1       63
  AVERAGE         63                        69     -6       73

PRECIPITATION (IN)
  YESTERDAY        0.00          1.83 1991   0.16  -0.16     0.00
  MONTH TO DATE    1.19                      0.33   0.86      T
  SINCE JUN 1      1.19                      0.33   0.86      T
  SINCE JAN 1     21.11                     20.86   0.25    18.99

SNOWFALL (IN)
  YESTERDAY       MM
  MONTH TO DATE   MM
  SINCE JUN 1     MM
  SINCE JUL 1     MM
  SNOW DEPTH      MM

DEGREE DAYS
 HEATING
  YESTERDAY        2                         1      1        0
  MONTH TO DATE    2                         2      0        0
  SINCE JUN 1      2                         2      0        0
  SINCE JUL 1   4382                      4198    184     4420

 COOLING
  YESTERDAY        0                         5     -5        8
  MONTH TO DATE    0                        10    -10       17
  SINCE JUN 1      0                        10    -10       17
  SINCE JAN 1    194                       124     70      183
..................................................................

WIND (MPH)
  HIGHEST WIND SPEED    12   HIGHEST WIND DIRECTION     N (10)
  HIGHEST GUST SPEED    15   HIGHEST GUST DIRECTION     N (10)
  AVERAGE WIND SPEED     6.6

SKY COVER
  POSSIBLE SUNSHINE  MM
  AVERAGE SKY COVER 1.0

WEATHER CONDITIONS
 THE FOLLOWING WEATHER WAS RECORDED YESTERDAY.
  FOG

RELATIVE HUMIDITY (PERCENT)
 HIGHEST    86          1200 AM
 LOWEST     63           100 PM
 AVERAGE    75
..........................................................

THE LONDON KY CLIMATE NORMALS FOR TODAY
                         NORMAL    RECORD    YEAR
 MAXIMUM TEMPERATURE (F)   81        89      2002
                                             1991
 MINIMUM TEMPERATURE (F)   59        41      1969

SUNRISE AND SUNSET
JUNE  3 2015..........SUNRISE   617 AM EDT   SUNSET   852 PM EDT
JUNE  4 2015..........SUNRISE   617 AM EDT   SUNSET   852 PM EDT

-  INDICATES NEGATIVE NUMBERS.
R  INDICATES RECORD WAS SET OR TIED.
MM INDICATES DATA IS MISSING.
T  INDICATES TRACE AMOUNT.

$$

SHALLENBERGER
