000
CDUS43 KJKL 160545
CLILOZ

CLIMATE REPORT
NATIONAL WEATHER SERVICE JACKSON KY
144 AM EDT WED APR 16 2014

...................................

...THE LONDON KY CLIMATE SUMMARY FOR APRIL 15 2014...

CLIMATE NORMAL PERIOD 1981 TO 2010
CLIMATE RECORD PERIOD 1954 TO 2014


WEATHER ITEM   OBSERVED TIME   RECORD YEAR NORMAL DEPARTURE LAST
                VALUE   (LST)  VALUE       VALUE  FROM      YEAR
                                                  NORMAL
..................................................................
TEMPERATURE (F)
 YESTERDAY
  MAXIMUM         62   1252 AM  85    2006  69     -7       74
                                      1977
  MINIMUM         32   1159 PM  27    1963  44    -12       53
  AVERAGE         47                        56     -9       64

PRECIPITATION (IN)
  YESTERDAY        0.30          1.86 1956   0.12   0.18     0.00
  MONTH TO DATE    1.75                      1.94  -0.19     1.50
  SINCE MAR 1      6.92                      5.99   0.93     6.95
  SINCE JAN 1     13.43                     13.24   0.19    13.74

SNOWFALL (IN)
  YESTERDAY       MM
  MONTH TO DATE   MM
  SINCE MAR 1     MM
  SINCE JUL 1     MM
  SNOW DEPTH      MM

DEGREE DAYS
 HEATING
  YESTERDAY       18                         9      9        1
  MONTH TO DATE   99                       168    -69      160
  SINCE MAR 1    750                       717     33      952
  SINCE JUL 1   4257                      3993    264     4300

 COOLING
  YESTERDAY        0                         1     -1        0
  MONTH TO DATE   16                         7      9        8
  SINCE MAR 1     16                        10      6        8
  SINCE JAN 1     16                        10      6        8
..................................................................


WIND (MPH)
  HIGHEST WIND SPEED    23   HIGHEST WIND DIRECTION     W (290)
  HIGHEST GUST SPEED    28   HIGHEST GUST DIRECTION     W (290)
  AVERAGE WIND SPEED     9.8


SKY COVER
  POSSIBLE SUNSHINE  MM
  AVERAGE SKY COVER 0.9


WEATHER CONDITIONS
 THE FOLLOWING WEATHER WAS RECORDED YESTERDAY.
  RAIN
  LIGHT RAIN
  SNOW
  LIGHT SNOW
  FOG


RELATIVE HUMIDITY (PERCENT)
 HIGHEST    92           600 AM
 LOWEST     50           700 PM
 AVERAGE    71

..........................................................


THE LONDON KY CLIMATE NORMALS FOR TODAY
                         NORMAL    RECORD    YEAR
 MAXIMUM TEMPERATURE (F)   69        86      2002
 MINIMUM TEMPERATURE (F)   45        25      1962


SUNRISE AND SUNSET
APRIL 16 2014.........SUNRISE   701 AM EDT   SUNSET   812 PM EDT
APRIL 17 2014.........SUNRISE   659 AM EDT   SUNSET   813 PM EDT


-  INDICATES NEGATIVE NUMBERS.
R  INDICATES RECORD WAS SET OR TIED.
MM INDICATES DATA IS MISSING.
T  INDICATES TRACE AMOUNT.




$$
