000
CDUS43 KJKL 250538
CLILOZ

CLIMATE REPORT
NATIONAL WEATHER SERVICE JACKSON KY
137 AM EDT MON AUG 25 2014

...................................

...THE LONDON KY CLIMATE SUMMARY FOR AUGUST 24 2014...

CLIMATE NORMAL PERIOD 1981 TO 2010
CLIMATE RECORD PERIOD 1954 TO 2014

WEATHER ITEM   OBSERVED TIME   RECORD YEAR NORMAL DEPARTURE LAST
                VALUE   (LST)  VALUE       VALUE  FROM      YEAR
                                                  NORMAL
..................................................................
TEMPERATURE (F)
 YESTERDAY
  MAXIMUM         89    356 PM  99    2007  85      4       87
  MINIMUM         74   1148 PM  50    1997  64     10       63
  AVERAGE         82                        75      7       75

PRECIPITATION (IN)
  YESTERDAY        T             1.16 2000   0.11  -0.11     0.00
  MONTH TO DATE    3.51                      2.96   0.55     3.30
  SINCE JUN 1     13.22                     11.40   M       17.73
  SINCE JAN 1     32.21                     31.93   M       40.74

SNOWFALL (IN)
  YESTERDAY       MM
  MONTH TO DATE   MM
  SINCE JUN 1     MM
  SINCE JUL 1     MM
  SNOW DEPTH      MM

DEGREE DAYS
 HEATING
  YESTERDAY        0                         0      0        0
  MONTH TO DATE    0                         0      0        0
  SINCE JUN 1      0                         9     -9        0
  SINCE JUL 1      0                         0      0        0

 COOLING
  YESTERDAY       17                        10      7       10
  MONTH TO DATE  244                       255    -11      203
  SINCE JUN 1    801                       848      M      705
  SINCE JAN 1    967                       962      M      805
..................................................................

WIND (MPH)
  HIGHEST WIND SPEED    10   HIGHEST WIND DIRECTION    SE (130)
  HIGHEST GUST SPEED    12   HIGHEST GUST DIRECTION    NE (30)
  AVERAGE WIND SPEED     1.9

SKY COVER
  POSSIBLE SUNSHINE  MM
  AVERAGE SKY COVER 0.3

WEATHER CONDITIONS
 THE FOLLOWING WEATHER WAS RECORDED YESTERDAY.
  FOG

RELATIVE HUMIDITY (PERCENT)
 HIGHEST    93           600 AM
 LOWEST     52           400 PM
 AVERAGE    73

..........................................................

THE LONDON KY CLIMATE NORMALS FOR TODAY
                         NORMAL    RECORD    YEAR
 MAXIMUM TEMPERATURE (F)   85        95      2007
 MINIMUM TEMPERATURE (F)   64        50      1988

SUNRISE AND SUNSET
AUGUST 25 2014........SUNRISE   701 AM EDT   SUNSET   815 PM EDT
AUGUST 26 2014........SUNRISE   702 AM EDT   SUNSET   813 PM EDT

-  INDICATES NEGATIVE NUMBERS.
R  INDICATES RECORD WAS SET OR TIED.
MM INDICATES DATA IS MISSING.
T  INDICATES TRACE AMOUNT.

$$
JJ
