000
CDUS43 KJKL 280600 RRA
CLILOZ

CLIMATE REPORT
NATIONAL WEATHER SERVICE JACKSON KY
200 AM EDT SUN JUN 28 2015

...................................

...THE LONDON KY CLIMATE SUMMARY FOR JUNE 27 2015...

CLIMATE NORMAL PERIOD 1981 TO 2010
CLIMATE RECORD PERIOD 1954 TO 2015

WEATHER ITEM   OBSERVED TIME   RECORD YEAR NORMAL DEPARTURE LAST
                VALUE   (LST)  VALUE       VALUE  FROM      YEAR
                                                  NORMAL
..................................................................
TEMPERATURE (F)
 YESTERDAY
  MAXIMUM         77    330 PM  95    1978  86     -9       89
  MINIMUM         63   1159 PM  48    1961  65     -2       70
  AVERAGE         70                        75     -5       80

PRECIPITATION (IN)
  YESTERDAY        0.28          1.33 2013   0.14   0.14      T
  MONTH TO DATE    4.35                      3.97   0.38     2.37
  SINCE JUN 1      4.35                      3.97   0.38     2.37
  SINCE JAN 1     24.27                     24.50  -0.23    21.36

SNOWFALL (IN)
  YESTERDAY       MM
  MONTH TO DATE   MM
  SINCE JUN 1     MM
  SINCE JUL 1     MM
  SNOW DEPTH      MM

DEGREE DAYS
 HEATING
  YESTERDAY        0                         0      0        0
  MONTH TO DATE    2                         7     -5        0
  SINCE JUN 1      2                         7     -5        0
  SINCE JUL 1   4382                      4203    179     4420

 COOLING
  YESTERDAY        5                        10     -5       15
  MONTH TO DATE  291                       211     80      247
  SINCE JUN 1    291                       211     80      247
  SINCE JAN 1    485                       325    160      413
..................................................................

WIND (MPH)
  HIGHEST WIND SPEED    20   HIGHEST WIND DIRECTION    NW (300)
  HIGHEST GUST SPEED    27   HIGHEST GUST DIRECTION    NW (320)
  AVERAGE WIND SPEED     7.5

SKY COVER
  POSSIBLE SUNSHINE  MM
  AVERAGE SKY COVER 0.6

WEATHER CONDITIONS
 THE FOLLOWING WEATHER WAS RECORDED YESTERDAY.
  HEAVY RAIN
  RAIN
  LIGHT RAIN

RELATIVE HUMIDITY (PERCENT)
 HIGHEST    84           100 AM
 LOWEST     56           300 PM
 AVERAGE    70
..........................................................

THE LONDON KY CLIMATE NORMALS FOR TODAY
                         NORMAL    RECORD    YEAR
 MAXIMUM TEMPERATURE (F)   86        99      2012
 MINIMUM TEMPERATURE (F)   65        50      1970

SUNRISE AND SUNSET
JUNE 28 2015..........SUNRISE   619 AM EDT   SUNSET   900 PM EDT
JUNE 29 2015..........SUNRISE   619 AM EDT   SUNSET   900 PM EDT

-  INDICATES NEGATIVE NUMBERS.
R  INDICATES RECORD WAS SET OR TIED.
MM INDICATES DATA IS MISSING.
T  INDICATES TRACE AMOUNT.

$$

RAY
