000
CDUS43 KJKL 172121
CLILOZ

CLIMATE REPORT
NATIONAL WEATHER SERVICE JACKSON KY
421 PM EST FRI FEB 17 2017

...................................

...THE LONDON KY CLIMATE SUMMARY FOR FEBRUARY 17 2017...
VALID TODAY AS OF 0400 PM LOCAL TIME.

CLIMATE NORMAL PERIOD 1981 TO 2010
CLIMATE RECORD PERIOD 1954 TO 2017

WEATHER ITEM   OBSERVED TIME   RECORD YEAR NORMAL DEPARTURE LAST
                VALUE   (LST)  VALUE       VALUE  FROM      YEAR
                                                  NORMAL
..................................................................
TEMPERATURE (F)
 TODAY
  MAXIMUM         67    359 PM  71    1975  50     17       36
  MINIMUM         35    139 AM  -8    1958  30      5       32
  AVERAGE         51                        40     11       34

PRECIPITATION (IN)
  TODAY            0.00          3.07 1956   0.13  -0.13     0.00
  MONTH TO DATE    0.70                      2.21  -1.51     4.65
  SINCE DEC 1     11.08                      9.99   1.09    12.18
  SINCE JAN 1      4.78                      5.75  -0.97     6.73

SNOWFALL (IN)
  TODAY           MM
  MONTH TO DATE   MM
  SINCE DEC 1     MM
  SINCE JUL 1     MM
  SNOW DEPTH      MM

DEGREE DAYS
 HEATING
  TODAY           14                        25    -11       31
  MONTH TO DATE  377                       454    -77      531
  SINCE DEC 1   1863                      2187   -324     2037
  SINCE JUL 1   2454                      3017   -563     2702

 COOLING
  TODAY            0                         0      0        0
  MONTH TO DATE    0                         0      0        0
  SINCE DEC 1      0                         1     -1        0
  SINCE JAN 1      0                         0      0        0
..................................................................

WIND (MPH)
  HIGHEST WIND SPEED    17   HIGHEST WIND DIRECTION    SW (230)
  HIGHEST GUST SPEED    26   HIGHEST GUST DIRECTION     W (250)
  AVERAGE WIND SPEED     8.8

SKY COVER
  POSSIBLE SUNSHINE  MM
  AVERAGE SKY COVER 0.0

WEATHER CONDITIONS
 THE FOLLOWING WEATHER WAS RECORDED TODAY.
  NO SIGNIFICANT WEATHER WAS OBSERVED.

RELATIVE HUMIDITY (PERCENT)
 HIGHEST    56          1200 AM
 LOWEST     20           400 PM
 AVERAGE    38
..........................................................

THE LONDON KY CLIMATE NORMALS FOR TOMORROW
                         NORMAL    RECORD    YEAR
 MAXIMUM TEMPERATURE (F)   51        71      1986
 MINIMUM TEMPERATURE (F)   30        -4      1958

SUNRISE AND SUNSET
FEBRUARY 17 2017......SUNRISE   722 AM EST   SUNSET   619 PM EST
FEBRUARY 18 2017......SUNRISE   721 AM EST   SUNSET   620 PM EST

-  INDICATES NEGATIVE NUMBERS.
R  INDICATES RECORD WAS SET OR TIED.
MM INDICATES DATA IS MISSING.
T  INDICATES TRACE AMOUNT.

$$

TAB
