000
CDUS43 KJKL 170543
CLILOZ

CLIMATE REPORT
NATIONAL WEATHER SERVICE JACKSON KY
1243 AM EST WED JAN 17 2018


...................................

...THE LONDON KY CLIMATE SUMMARY FOR JANUARY 16 2018...

CLIMATE NORMAL PERIOD 1981 TO 2010
CLIMATE RECORD PERIOD 1954 TO 2018


WEATHER ITEM   OBSERVED TIME   RECORD YEAR NORMAL DEPARTURE LAST
                VALUE   (LST)  VALUE       VALUE  FROM      YEAR
                                                  NORMAL
..................................................................
TEMPERATURE (F)
 YESTERDAY
  MAXIMUM         31    229 AM  67    1974  45    -14       66
  MINIMUM         -4   1148 PM  -9    1977  26    -30       44
  AVERAGE         14                        35    -21       55

PRECIPITATION (IN)
  YESTERDAY        0.04          0.52 2013   0.12  -0.08     0.00
  MONTH TO DATE    0.73                      1.83  -1.10     1.99
  SINCE DEC 1      3.64                      6.07  -2.43     8.29
  SINCE JAN 1      0.73                      1.83  -1.10     1.99

SNOWFALL (IN)
  YESTERDAY       MM
  MONTH TO DATE   MM
  SINCE DEC 1     MM
  SINCE JUL 1     MM
  SNOW DEPTH      MM

DEGREE DAYS
 HEATING
  YESTERDAY       51                        30              10

COOLING
  YESTERDAY        0                         0      0        0
  MONTH TO DATE    0                         0      0        0
  SINCE DEC 1      0                         1     -1        0
  SINCE JAN 1      0                         0      0        0
..................................................................


WIND (MPH)
  HIGHEST WIND SPEED    13   HIGHEST WIND DIRECTION    NW (320)
  HIGHEST GUST SPEED    18   HIGHEST GUST DIRECTION     N (340)
  AVERAGE WIND SPEED     6.4


SKY COVER
  POSSIBLE SUNSHINE  MM
  AVERAGE SKY COVER 0.8


WEATHER CONDITIONS
 THE FOLLOWING WEATHER WAS RECORDED YESTERDAY.
  SNOW
  LIGHT SNOW


RELATIVE HUMIDITY (PERCENT)
 HIGHEST    95          1000 PM
 LOWEST     73           800 PM
 AVERAGE    84

..........................................................


THE LONDON KY CLIMATE NORMALS FOR TODAY
                         NORMAL    RECORD    YEAR
 MAXIMUM TEMPERATURE (F)   45        69      1974
 MINIMUM TEMPERATURE (F)   26       -15      1982


SUNRISE AND SUNSET
JANUARY 17 2018.......SUNRISE   748 AM EST   SUNSET   545 PM EST
JANUARY 18 2018.......SUNRISE   748 AM EST   SUNSET   546 PM EST


-  INDICATES NEGATIVE NUMBERS.
R  INDICATES RECORD WAS SET OR TIED.
MM INDICATES DATA IS MISSING.
T  INDICATES TRACE AMOUNT.




$$
