007
CDUS43 KJKL 200553
CLILOZ

CLIMATE REPORT
NATIONAL WEATHER SERVICE JACKSON KY
153 AM EDT SAT MAY 20 2017

...................................

...THE LONDON KY CLIMATE SUMMARY FOR MAY 19 2017...

CLIMATE NORMAL PERIOD 1981 TO 2010
CLIMATE RECORD PERIOD 1954 TO 2017

WEATHER ITEM   OBSERVED TIME   RECORD YEAR NORMAL DEPARTURE LAST
                VALUE   (LST)  VALUE       VALUE  FROM      YEAR
                                                  NORMAL
..................................................................
TEMPERATURE (F)
 YESTERDAY
  MAXIMUM         83    531 PM  90    1962  77      6       70
  MINIMUM         64    918 AM  32    1976  54     10       46
  AVERAGE         74                        66      8       58

PRECIPITATION (IN)
  YESTERDAY        0.35          1.70 1981   0.16   0.19     0.00
  MONTH TO DATE    4.84                      3.16   1.68     3.62
  SINCE MAR 1     15.20                     11.26   3.94     8.65

SNOWFALL (IN)
  YESTERDAY       MM
  MONTH TO DATE   MM
  SINCE MAR 1     MM
  SINCE JUL 1     MM
  SNOW DEPTH      MM

DEGREE DAYS
 HEATING
  YESTERDAY        0                         3     -3        7
  MONTH TO DATE   75                        73      2      116
  SINCE MAR 1    712                       898   -186      746
  SINCE JUL 1   3307                      4174   -867     3662

 COOLING
  YESTERDAY        9                         3      6        0
  MONTH TO DATE   52                        39     13       25
  SINCE MAR 1    109                        65     44       47
  SINCE JAN 1    109                        65     44       47
..................................................................

WIND (MPH)
  HIGHEST WIND SPEED    21   HIGHEST WIND DIRECTION    NW (310)
  HIGHEST GUST SPEED    31   HIGHEST GUST DIRECTION    NW (310)
  AVERAGE WIND SPEED     3.8

SKY COVER
  POSSIBLE SUNSHINE  MM
  AVERAGE SKY COVER 0.4

WEATHER CONDITIONS
 THE FOLLOWING WEATHER WAS RECORDED YESTERDAY.
  THUNDERSTORM
  HEAVY RAIN
  RAIN
  LIGHT RAIN
  FOG

RELATIVE HUMIDITY (PERCENT)
 HIGHEST    93          1200 AM
 LOWEST     58           300 PM
 AVERAGE    76

..........................................................

THE LONDON KY CLIMATE NORMALS FOR TODAY
                         NORMAL    RECORD    YEAR
 MAXIMUM TEMPERATURE (F)   77        90      1977
 MINIMUM TEMPERATURE (F)   54        37      2002

SUNRISE AND SUNSET
MAY 20 2017...........SUNRISE   624 AM EDT   SUNSET   842 PM EDT
MAY 21 2017...........SUNRISE   623 AM EDT   SUNSET   843 PM EDT

-  INDICATES NEGATIVE NUMBERS.
R  INDICATES RECORD WAS SET OR TIED.
MM INDICATES DATA IS MISSING.
T  INDICATES TRACE AMOUNT.

$$
