000
CDUS43 KJKL 270844
CLILOZ

CLIMATE REPORT
NATIONAL WEATHER SERVICE JACKSON KY
444 AM EDT SAT SEP 27 2014


...................................

...THE LONDON KY CLIMATE SUMMARY FOR SEPTEMBER 26 2014...

CLIMATE NORMAL PERIOD 1981 TO 2010
CLIMATE RECORD PERIOD 1954 TO 2014


WEATHER ITEM   OBSERVED TIME   RECORD YEAR NORMAL DEPARTURE LAST
                VALUE   (LST)  VALUE       VALUE  FROM      YEAR
                                                  NORMAL
..................................................................

TEMPERATURE (F)
 YESTERDAY
  MAXIMUM         83    301 PM  90    2007  76      7       77
                                      1958
  MINIMUM         59    703 AM  34    2001  53      6       57
  AVERAGE         71                        64      7       67

PRECIPITATION (IN)
  YESTERDAY        0.00          3.04 1972   0.12  -0.12     0.00
  MONTH TO DATE    1.38                      2.92  -1.54     2.61
  SINCE SEP 1      1.38                      2.92  -1.54     2.61
  SINCE JAN 1     MM                        35.60  MM       43.65

SNOWFALL (IN)
  YESTERDAY       MM
  MONTH TO DATE   MM
  SINCE SEP 1     MM
  SINCE JUL 1     MM
  SNOW DEPTH      MM

DEGREE DAYS
 HEATING
  YESTERDAY        0                         3     -3        0
  MONTH TO DATE   18                        29    -11       14
  SINCE SEP 1     18                        29    -11       14
  SINCE JUL 1     18                        30    -12       14

 COOLING
  YESTERDAY        6                         2      4        2
  MONTH TO DATE  153                       134     19      145
  SINCE SEP 1    153                       134     19      145
  SINCE JAN 1     MM                      1158     MM     1037
..................................................................


WIND (MPH)
  HIGHEST WIND SPEED    10   HIGHEST WIND DIRECTION     N (20)
  HIGHEST GUST SPEED    16   HIGHEST GUST DIRECTION    NE (30)
  AVERAGE WIND SPEED     3.1


SKY COVER
  POSSIBLE SUNSHINE  MM
  AVERAGE SKY COVER 0.1


WEATHER CONDITIONS
 THE FOLLOWING WEATHER WAS RECORDED YESTERDAY.
  NO SIGNIFICANT WEATHER WAS OBSERVED.


RELATIVE HUMIDITY (PERCENT)
 HIGHEST    90           100 AM
 LOWEST     46           300 PM
 AVERAGE    68

..........................................................


THE LONDON KY CLIMATE NORMALS FOR TODAY
                         NORMAL    RECORD    YEAR
 MAXIMUM TEMPERATURE (F)   76        89      1998
 MINIMUM TEMPERATURE (F)   52        35      1991


SUNRISE AND SUNSET
SEPTEMBER 27 2014.....SUNRISE   728 AM EDT   SUNSET   726 PM EDT
SEPTEMBER 28 2014.....SUNRISE   729 AM EDT   SUNSET   724 PM EDT


-  INDICATES NEGATIVE NUMBERS.
R  INDICATES RECORD WAS SET OR TIED.
MM INDICATES DATA IS MISSING.
T  INDICATES TRACE AMOUNT.
$$
