000
CDUS43 KJKL 240544
CLILOZ

CLIMATE REPORT
NATIONAL WEATHER SERVICE JACKSON KY
1244 AM EST MON NOV 24 2014

...................................

...THE LONDON KY CLIMATE SUMMARY FOR NOVEMBER 23 2014...

CLIMATE NORMAL PERIOD 1981 TO 2010
CLIMATE RECORD PERIOD 1954 TO 2014

WEATHER ITEM   OBSERVED TIME   RECORD YEAR NORMAL DEPARTURE LAST
                VALUE   (LST)  VALUE       VALUE  FROM      YEAR
                                                  NORMAL
..................................................................
TEMPERATURE (F)
 YESTERDAY
  MAXIMUM         63   1159 PM  74    1999  55      8       44
  MINIMUM         43    658 AM  13    1970  35      8       26
  AVERAGE         53                        45      8       35

PRECIPITATION (IN)
  YESTERDAY        0.21          1.28 1959   0.14   0.07     0.00
  MONTH TO DATE    2.82                      2.84  -0.02     1.60
  SINCE SEP 1     12.56                      9.23   3.33     7.76
  SINCE JAN 1        MM                     41.91     MM    48.80

SNOWFALL (IN)
  YESTERDAY       MM
  MONTH TO DATE   MM
  SINCE SEP 1     MM
  SINCE JUL 1     MM
  SNOW DEPTH      MM

DEGREE DAYS
 HEATING
  YESTERDAY       12                        20     -8       30
  MONTH TO DATE  556                       376    180      393
  SINCE SEP 1    801                       681    120      637
  SINCE JUL 1    801                       682    119      637

 COOLING
  YESTERDAY        0                         0      0        0
  MONTH TO DATE    0                         0      0        0
  SINCE SEP 1    193                       164     29      191
  SINCE JAN 1     MM                      1188     MM     1083
..................................................................

WIND (MPH)
  HIGHEST WIND SPEED    24   HIGHEST WIND DIRECTION     S (200)
  HIGHEST GUST SPEED    37   HIGHEST GUST DIRECTION     S (160)
  AVERAGE WIND SPEED     9.1

SKY COVER
  POSSIBLE SUNSHINE  MM
  AVERAGE SKY COVER 0.7

WEATHER CONDITIONS
 THE FOLLOWING WEATHER WAS RECORDED YESTERDAY.
  RAIN
  LIGHT RAIN
  FOG

RELATIVE HUMIDITY (PERCENT)
 HIGHEST    83           200 PM
 LOWEST     50          1200 AM
 AVERAGE    67
..........................................................

THE LONDON KY CLIMATE NORMALS FOR TODAY
                         NORMAL    RECORD    YEAR
 MAXIMUM TEMPERATURE (F)   55        74      1973
 MINIMUM TEMPERATURE (F)   34         9      1970

SUNRISE AND SUNSET
NOVEMBER 24 2014......SUNRISE   724 AM EST   SUNSET   522 PM EST
NOVEMBER 25 2014......SUNRISE   725 AM EST   SUNSET   521 PM EST

-  INDICATES NEGATIVE NUMBERS.
R  INDICATES RECORD WAS SET OR TIED.
MM INDICATES DATA IS MISSING.
T  INDICATES TRACE AMOUNT.

$$

GEOGERIAN
