000
CDUS43 KJKL 090631
CLILOZ

CLIMATE REPORT
NATIONAL WEATHER SERVICE JACKSON KY
131 AM EST THU NOV 9 2017


...................................

...THE LONDON KY CLIMATE SUMMARY FOR NOVEMBER 8 2017...

CLIMATE NORMAL PERIOD 1981 TO 2010
CLIMATE RECORD PERIOD 1954 TO 2017


WEATHER ITEM   OBSERVED TIME   RECORD YEAR NORMAL DEPARTURE LAST
                VALUE   (LST)  VALUE       VALUE  FROM      YEAR
                                                  NORMAL
..................................................................
TEMPERATURE (F)
 YESTERDAY
  MAXIMUM         45    431 PM  77    2005  62    -17       65
                                      1975
  MINIMUM         40    813 AM  19    1967  39      1       39
  AVERAGE         43                        50     -7       52

PRECIPITATION (IN)
  YESTERDAY        0.03          2.66 1986   0.11  -0.08     0.01
  MONTH TO DATE    1.26                      0.91   0.35     0.03
  SINCE SEP 1      8.35                      7.30   1.05     2.11

SNOWFALL (IN)
  YESTERDAY       MM
  MONTH TO DATE   MM
  SINCE SEP 1     MM
  SINCE JUL 1     MM
  SNOW DEPTH      MM

DEGREE DAYS
 HEATING
  YESTERDAY       22                        15      7       13
  MONTH TO DATE   52                       111    -59       57
  SINCE SEP 1    319                       416    -97      193
  SINCE JUL 1    319                       417    -98      193

COOLING
  YESTERDAY        0                         0      0        0
  MONTH TO DATE    6                         0      6        7
  SINCE SEP 1    172                       164      8      284
  SINCE JAN 1   1141                      1188    -47     1507
..................................................................


WIND (MPH)
  HIGHEST WIND SPEED    15   HIGHEST WIND DIRECTION     N (20)
  HIGHEST GUST SPEED    20   HIGHEST GUST DIRECTION    NE (30)
  AVERAGE WIND SPEED     6.9


SKY COVER
  POSSIBLE SUNSHINE  MM
  AVERAGE SKY COVER 0.9


WEATHER CONDITIONS
 THE FOLLOWING WEATHER WAS RECORDED YESTERDAY.
  LIGHT RAIN


RELATIVE HUMIDITY (PERCENT)
 HIGHEST    96          1200 AM
 LOWEST     83           300 PM
 AVERAGE    90

..........................................................


THE LONDON KY CLIMATE NORMALS FOR TODAY
                         NORMAL    RECORD    YEAR
 MAXIMUM TEMPERATURE (F)   61        77      2005
                                             1994
 MINIMUM TEMPERATURE (F)   39        18      1961


SUNRISE AND SUNSET
NOVEMBER  9 2017......SUNRISE   709 AM EST   SUNSET   531 PM EST
NOVEMBER 10 2017......SUNRISE   710 AM EST   SUNSET   530 PM EST


-  INDICATES NEGATIVE NUMBERS.
R  INDICATES RECORD WAS SET OR TIED.
MM INDICATES DATA IS MISSING.
T  INDICATES TRACE AMOUNT.




$$
