000
CDUS43 KJKL 290553
CLILOZ

CLIMATE REPORT
NATIONAL WEATHER SERVICE JACKSON KY
152 AM EDT FRI MAY 29 2015
...................................

...THE LONDON KY CLIMATE SUMMARY FOR MAY 28 2015...

CLIMATE NORMAL PERIOD 1981 TO 2010
CLIMATE RECORD PERIOD 1954 TO 2015

WEATHER ITEM   OBSERVED TIME   RECORD YEAR NORMAL DEPARTURE LAST
                VALUE   (LST)  VALUE       VALUE  FROM      YEAR
                                                  NORMAL
..................................................................
TEMPERATURE (F)
 YESTERDAY
  MAXIMUM         76    516 PM  89    2006  79     -3       84
  MINIMUM         61    445 AM  34    1961  57      4       62
  AVERAGE         69                        68      1       73

PRECIPITATION (IN)
  YESTERDAY        0.04          1.68 1996   0.17  -0.13     0.00
  MONTH TO DATE    0.98                      4.66  -3.68     2.22
  SINCE MAR 1     11.86                     12.76  -0.90    12.47
  SINCE JAN 1     19.33                     20.01  -0.68    18.98

SNOWFALL (IN)
  YESTERDAY       MM
  MONTH TO DATE   MM
  SINCE MAR 1     MM
  SINCE JUL 1     MM
  SNOW DEPTH      MM

DEGREE DAYS
 HEATING
  YESTERDAY        0                         1     -1        0
  MONTH TO DATE   41                        91    -50       83
  SINCE MAR 1    759                       916   -157      913
  SINCE JUL 1   4380                      4192    188     4420

 COOLING
  YESTERDAY        4                         4      0        8
  MONTH TO DATE  140                        73     67      112
  SINCE MAR 1    163                        99     64      137
  SINCE JAN 1    163                        99     64      137
..................................................................

WIND (MPH)
  HIGHEST WIND SPEED     8   HIGHEST WIND DIRECTION    SW (210)
  HIGHEST GUST SPEED    10   HIGHEST GUST DIRECTION     N (20)
  AVERAGE WIND SPEED     1.1

SKY COVER
  POSSIBLE SUNSHINE  MM
  AVERAGE SKY COVER 0.7

WEATHER CONDITIONS
 THE FOLLOWING WEATHER WAS RECORDED YESTERDAY.
  RAIN
  LIGHT RAIN
  FOG

RELATIVE HUMIDITY (PERCENT)
 HIGHEST    84           100 AM
 LOWEST     64          1100 AM
 AVERAGE    74
..........................................................

THE LONDON KY CLIMATE NORMALS FOR TODAY
                         NORMAL    RECORD    YEAR
 MAXIMUM TEMPERATURE (F)   79        90      1987
 MINIMUM TEMPERATURE (F)   57        43      1968

SUNRISE AND SUNSET
MAY 29 2015...........SUNRISE   619 AM EDT   SUNSET   848 PM EDT
MAY 30 2015...........SUNRISE   619 AM EDT   SUNSET   849 PM EDT

-  INDICATES NEGATIVE NUMBERS.
R  INDICATES RECORD WAS SET OR TIED.
MM INDICATES DATA IS MISSING.
T  INDICATES TRACE AMOUNT.

$$
