000
CDUS43 KJKL 082019 RRA
CLILOZ

CLIMATE REPORT
NATIONAL WEATHER SERVICE JACKSON KY
418 PM EDT TUE AUG 8 2017


...................................

...THE LONDON KY CLIMATE SUMMARY FOR AUGUST 8 2017...
VALID TODAY AS OF 0400 PM LOCAL TIME.

CLIMATE NORMAL PERIOD 1981 TO 2010
CLIMATE RECORD PERIOD 1954 TO 2017


WEATHER ITEM   OBSERVED TIME   RECORD YEAR NORMAL DEPARTURE LAST
                VALUE   (LST)  VALUE       VALUE  FROM      YEAR
                                                  NORMAL
..................................................................
TEMPERATURE (F)
 TODAY
  MAXIMUM         80    241 PM  96    2007  86     -6       85
  MINIMUM         63    636 AM  46    1986  66     -3       69
  AVERAGE         72                        76     -4       77

PRECIPITATION (IN)
  TODAY            0.00          1.62 1964   0.13  -0.13     0.00
  MONTH TO DATE    3.17                      1.02   2.15     1.83
  SINCE JUN 1     14.23                      9.46   4.77    12.55

SNOWFALL (IN)
  TODAY           MM
  MONTH TO DATE   MM
  SINCE JUN 1     MM
  SINCE JUL 1     MM
  SNOW DEPTH      MM

DEGREE DAYS
 HEATING
  TODAY            0                         0      0        0
  MONTH TO DATE    0                         0      0        0
  SINCE JUN 1      3                         9     -6        2
  SINCE JUL 1      0                         0      0        0

 COOLING
  TODAY            7                        11     -4       12
  MONTH TO DATE   54                        88    -34      108
  SINCE JUN 1    615                       681    -66      822
  SINCE JAN 1    766                       795    -29      924
..................................................................


WIND (MPH)
  HIGHEST WIND SPEED    14   HIGHEST WIND DIRECTION    NE (30)
  HIGHEST GUST SPEED    19   HIGHEST GUST DIRECTION     N (20)
  AVERAGE WIND SPEED     5.2


SKY COVER
  POSSIBLE SUNSHINE  MM
  AVERAGE SKY COVER 0.5


WEATHER CONDITIONS
 THE FOLLOWING WEATHER WAS RECORDED TODAY.
  NO SIGNIFICANT WEATHER WAS OBSERVED.


RELATIVE HUMIDITY (PERCENT)
 HIGHEST    93           100 AM
 LOWEST     52           200 PM
 AVERAGE    73

..........................................................


THE LONDON KY CLIMATE NORMALS FOR TOMORROW
                         NORMAL    RECORD    YEAR
 MAXIMUM TEMPERATURE (F)   86        98      2007
 MINIMUM TEMPERATURE (F)   66        48      1989


SUNRISE AND SUNSET
AUGUST  8 2017........SUNRISE   647 AM EDT   SUNSET   836 PM EDT
AUGUST  9 2017........SUNRISE   648 AM EDT   SUNSET   835 PM EDT


-  INDICATES NEGATIVE NUMBERS.
R  INDICATES RECORD WAS SET OR TIED.
MM INDICATES DATA IS MISSING.
T  INDICATES TRACE AMOUNT.




$$
