000
CDUS43 KJKL 180641
CLILOZ

CLIMATE REPORT
NATIONAL WEATHER SERVICE JACKSON KY
141 AM EST THU DEC 18 2014


...................................

...THE LONDON KY CLIMATE SUMMARY FOR DECEMBER 17 2014...

CLIMATE NORMAL PERIOD 1981 TO 2010
CLIMATE RECORD PERIOD 1954 TO 2014


WEATHER ITEM   OBSERVED TIME   RECORD YEAR NORMAL DEPARTURE LAST
                VALUE   (LST)  VALUE       VALUE  FROM      YEAR
                                                  NORMAL
..................................................................
TEMPERATURE (F)
 YESTERDAY
  MAXIMUM         43   1211 AM  70    2006  47     -4       53
  MINIMUM         27   1159 PM   2    1989  29     -2       31
  AVERAGE         35                        38     -3       42

PRECIPITATION (IN)
  YESTERDAY        T             1.18 1954   0.13  -0.13     0.00
  MONTH TO DATE    1.92                      2.45  -0.53     4.07
  SINCE DEC 1      1.92                      2.45  -0.53     4.07
  SINCE JAN 1        MM                     45.35     MM    54.05

SNOWFALL (IN)
  YESTERDAY       MM
  MONTH TO DATE   MM
  SINCE DEC 1     MM
  SINCE JUL 1     MM
  SNOW DEPTH      MM

DEGREE DAYS
 HEATING
  YESTERDAY       30                        27      3       23
  MONTH TO DATE  381                       426    -45      409
  SINCE DEC 1    381                       426    -45      409
  SINCE JUL 1   1325                      1256     69     1276

COOLING
  YESTERDAY        0                         0      0        0
  MONTH TO DATE    0                         0      0        0
  SINCE DEC 1      0                         0      0        0
  SINCE JAN 1     MM                      1190     MM     1083
..................................................................


WIND (MPH)
  HIGHEST WIND SPEED    15   HIGHEST WIND DIRECTION     W (270)
  HIGHEST GUST SPEED    18   HIGHEST GUST DIRECTION     W (270)
  AVERAGE WIND SPEED     5.8


SKY COVER
  POSSIBLE SUNSHINE  MM
  AVERAGE SKY COVER 0.7


WEATHER CONDITIONS
 THE FOLLOWING WEATHER WAS RECORDED YESTERDAY.
  LIGHT RAIN
  FOG
  HAZE


RELATIVE HUMIDITY (PERCENT)
 HIGHEST    92           300 AM
 LOWEST     59           400 PM
 AVERAGE    76

..........................................................


THE LONDON KY CLIMATE NORMALS FOR TODAY
                         NORMAL    RECORD    YEAR
 MAXIMUM TEMPERATURE (F)   47        70      2006
 MINIMUM TEMPERATURE (F)   29         0      1963


SUNRISE AND SUNSET
DECEMBER 18 2014......SUNRISE   744 AM EST   SUNSET   522 PM EST
DECEMBER 19 2014......SUNRISE   745 AM EST   SUNSET   522 PM EST


-  INDICATES NEGATIVE NUMBERS.
R  INDICATES RECORD WAS SET OR TIED.
MM INDICATES DATA IS MISSING.
T  INDICATES TRACE AMOUNT.

$$
