000
CDUS43 KJKL 130552
CLILOZ

CLIMATE REPORT
NATIONAL WEATHER SERVICE JACKSON KY
144 AM EDT SAT SEP 13 2014

...................................

...THE LONDON KY CLIMATE SUMMARY FOR SEPTEMBER 12 2014...

CLIMATE NORMAL PERIOD 1981 TO 2010
CLIMATE RECORD PERIOD 1954 TO 2014

WEATHER ITEM   OBSERVED TIME   RECORD YEAR NORMAL DEPARTURE LAST
                VALUE   (LST)  VALUE       VALUE  FROM      YEAR
                                                  NORMAL
..................................................................
TEMPERATURE (F)
 YESTERDAY
  MAXIMUM         69    354 PM  90    2005  81    -12       87
  MINIMUM         62   1117 PM  43    1976  59      3       67
  AVERAGE         66                        70     -4       77

PRECIPITATION (IN)
  YESTERDAY        0.01          1.59 1975   0.12  -0.11     0.13
  MONTH TO DATE    1.36                      1.32   0.04     0.81
  SINCE SEP 1      1.36                      1.32   0.04     0.81
  SINCE JAN 1        MM                     34.00     MM    41.85

SNOWFALL (IN)
  YESTERDAY       MM
  MONTH TO DATE   MM
  SINCE SEP 1     MM
  SINCE JUL 1     MM
  SNOW DEPTH      MM

DEGREE DAYS
 HEATING
  YESTERDAY        0                         1     -1        0
  MONTH TO DATE    0                         2     -2        0
  SINCE SEP 1      0                         2     -2        0
  SINCE JUL 1      0                         3     -3        0

 COOLING
  YESTERDAY        1                         5     -4       12
  MONTH TO DATE  126                        82     44      117
  SINCE SEP 1    126                        82     44      117
  SINCE JAN 1     MM                      1106     MM     1009
..................................................................

WIND (MPH)
  HIGHEST WIND SPEED    13   HIGHEST WIND DIRECTION    NE (30)
  HIGHEST GUST SPEED    15   HIGHEST GUST DIRECTION    NE (30)
  AVERAGE WIND SPEED     6.7

SKY COVER
  POSSIBLE SUNSHINE  MM
  AVERAGE SKY COVER 1.0

WEATHER CONDITIONS
 THE FOLLOWING WEATHER WAS RECORDED YESTERDAY.
  LIGHT RAIN
  FOG

RELATIVE HUMIDITY (PERCENT)
 HIGHEST    93           200 AM
 LOWEST     73           200 PM
 AVERAGE    83
..........................................................

THE LONDON KY CLIMATE NORMALS FOR TODAY
                         NORMAL    RECORD    YEAR
 MAXIMUM TEMPERATURE (F)   81        94      1998
 MINIMUM TEMPERATURE (F)   58        43      1964

SUNRISE AND SUNSET
SEPTEMBER 13 2014.....SUNRISE   717 AM EDT   SUNSET   747 PM EDT
SEPTEMBER 14 2014.....SUNRISE   718 AM EDT   SUNSET   745 PM EDT

-  INDICATES NEGATIVE NUMBERS.
R  INDICATES RECORD WAS SET OR TIED.
MM INDICATES DATA IS MISSING.
T  INDICATES TRACE AMOUNT.

$$

SHALLENBERGER
