000
CDUS43 KJKL 130557
CLILOZ

CLIMATE REPORT
NATIONAL WEATHER SERVICE JACKSON KY
1257 AM EST TUE FEB 13 2018
...................................

...THE LONDON KY CLIMATE SUMMARY FOR FEBRUARY 12 2018...

CLIMATE NORMAL PERIOD 1981 TO 2010
CLIMATE RECORD PERIOD 1954 TO 2018

WEATHER ITEM   OBSERVED TIME   RECORD YEAR NORMAL DEPARTURE LAST
                VALUE   (LST)  VALUE       VALUE  FROM      YEAR
                                                  NORMAL
..................................................................
TEMPERATURE (F)
 YESTERDAY
  MAXIMUM         38   1211 AM  79    1984  49    -11       72
  MINIMUM         32   1159 PM  -7    1981  29      3       43
  AVERAGE         35                        39     -4       58

PRECIPITATION (IN)
  YESTERDAY        0.00          1.19 1972   0.14  -0.14      T
  MONTH TO DATE    4.76                      1.56   3.20     0.36
  SINCE DEC 1      9.18                      9.34  -0.16    10.74
  SINCE JAN 1      6.27                      5.10   1.17     4.44

SNOWFALL (IN)
  YESTERDAY       MM
  MONTH TO DATE   MM
  SINCE DEC 1     MM
  SINCE JUL 1     MM
  SNOW DEPTH      MM

DEGREE DAYS
 HEATING
  YESTERDAY       30                        26      4        7
  MONTH TO DATE  342                       327     15      258

 COOLING
  YESTERDAY        0                         0      0        0
  MONTH TO DATE    0                         0      0        0
  SINCE DEC 1      0                         1     -1        0
  SINCE JAN 1      0                         0      0        0
..................................................................

WIND (MPH)
  HIGHEST WIND SPEED    15   HIGHEST WIND DIRECTION     N (20)
  HIGHEST GUST SPEED    23   HIGHEST GUST DIRECTION     N (10)
  AVERAGE WIND SPEED     9.0

SKY COVER
  POSSIBLE SUNSHINE  MM
  AVERAGE SKY COVER 0.5

WEATHER CONDITIONS
 THE FOLLOWING WEATHER WAS RECORDED YESTERDAY.
  NO SIGNIFICANT WEATHER WAS OBSERVED.

RELATIVE HUMIDITY (PERCENT)
 HIGHEST    96           300 AM
 LOWEST     75           600 PM
 AVERAGE    86
..........................................................

THE LONDON KY CLIMATE NORMALS FOR TODAY
                         NORMAL    RECORD    YEAR
 MAXIMUM TEMPERATURE (F)   49        78      1962
 MINIMUM TEMPERATURE (F)   29        -9      1955

SUNRISE AND SUNSET
FEBRUARY 13 2018......SUNRISE   727 AM EST   SUNSET   614 PM EST
FEBRUARY 14 2018......SUNRISE   726 AM EST   SUNSET   615 PM EST

-  INDICATES NEGATIVE NUMBERS.
R  INDICATES RECORD WAS SET OR TIED.
MM INDICATES DATA IS MISSING.
T  INDICATES TRACE AMOUNT.

$$
