000
CDUS43 KJKL 280558
CLILOZ

CLIMATE REPORT
NATIONAL WEATHER SERVICE JACKSON KY
158 AM EDT MON JUL 28 2014

...................................

...THE LONDON KY CLIMATE SUMMARY FOR JULY 27 2014...

CLIMATE NORMAL PERIOD 1981 TO 2010
CLIMATE RECORD PERIOD 1954 TO 2014

WEATHER ITEM   OBSERVED TIME   RECORD YEAR NORMAL DEPARTURE LAST
                VALUE   (LST)  VALUE       VALUE  FROM      YEAR
                                                  NORMAL
..................................................................
TEMPERATURE (F)
 YESTERDAY
  MAXIMUM         86    256 PM  96    1966  86      0       81
  MINIMUM         70    742 AM  48    1962  66      4       66
  AVERAGE         78                        76      2       74

PRECIPITATION (IN)
  YESTERDAY        0.40          2.67 1978   0.13   0.27     0.00
  MONTH TO DATE    7.00                      3.56   3.44     6.80
  SINCE JUN 1        MM                      7.96     MM    14.04
  SINCE JAN 1        MM                     28.49     MM    37.05

SNOWFALL (IN)
  YESTERDAY       MM
  MONTH TO DATE   MM
  SINCE JUN 1     MM
  SINCE JUL 1     MM
  SNOW DEPTH      MM

DEGREE DAYS
 HEATING
  YESTERDAY        0                         0      0        0
  MONTH TO DATE    0                         0      0        0
  SINCE JUN 1      0                         9     -9        0
  SINCE JUL 1      0                         0      0        0

 COOLING
  YESTERDAY       13                        11      2        9
  MONTH TO DATE  262                       297    -35      267
  SINCE JUN 1     MM                       540     MM      498
  SINCE JAN 1     MM                       654     MM      598
..................................................................

WIND (MPH)
  HIGHEST WIND SPEED    18   HIGHEST WIND DIRECTION     W (290)
  HIGHEST GUST SPEED    25   HIGHEST GUST DIRECTION     W (270)
  AVERAGE WIND SPEED     6.2

SKY COVER
  POSSIBLE SUNSHINE  MM
  AVERAGE SKY COVER 0.6

WEATHER CONDITIONS
 THE FOLLOWING WEATHER WAS RECORDED YESTERDAY.
  THUNDERSTORM
  RAIN
  LIGHT RAIN
  FOG

RELATIVE HUMIDITY (PERCENT)
 HIGHEST    90           200 AM
 LOWEST     65           300 PM
 AVERAGE    78
..........................................................

THE LONDON KY CLIMATE NORMALS FOR TODAY
                         NORMAL    RECORD    YEAR
 MAXIMUM TEMPERATURE (F)   86        96      1999
 MINIMUM TEMPERATURE (F)   66        54      2004
                                             1962

SUNRISE AND SUNSET
JULY 28 2014..........SUNRISE   638 AM EDT   SUNSET   847 PM EDT
JULY 29 2014..........SUNRISE   639 AM EDT   SUNSET   846 PM EDT

-  INDICATES NEGATIVE NUMBERS.
R  INDICATES RECORD WAS SET OR TIED.
MM INDICATES DATA IS MISSING.
T  INDICATES TRACE AMOUNT.

$$

GEOGERIAN
