000
CDUS43 KJKL 240542
CLILOZ

CLIMATE REPORT
NATIONAL WEATHER SERVICE JACKSON KY
142 AM EDT SUN JUL 24 2016
...................................

...THE LONDON KY CLIMATE SUMMARY FOR JULY 23 2016...

CLIMATE NORMAL PERIOD 1981 TO 2010
CLIMATE RECORD PERIOD 1954 TO 2016

WEATHER ITEM   OBSERVED TIME   RECORD YEAR NORMAL DEPARTURE LAST
                VALUE   (LST)  VALUE       VALUE  FROM      YEAR
                                                  NORMAL
..................................................................

TEMPERATURE (F)
 YESTERDAY
  MAXIMUM         93    251 PM  95    1999  86      7       82
                                      1983
  MINIMUM         71    504 AM  58    2003  66      5       69
  AVERAGE         82                        76      6       76

PRECIPITATION (IN)
  YESTERDAY        0.00          2.30 1965   0.14  -0.14     0.08
  MONTH TO DATE    5.62                      3.03   2.59    10.96
  SINCE JUN 1      7.95                      7.43   0.52    15.93

SNOWFALL (IN)
  YESTERDAY       MM
  MONTH TO DATE   MM
  SINCE JUN 1     MM
  SINCE JUL 1     MM
  SNOW DEPTH      MM

DEGREE DAYS
 HEATING
  YESTERDAY        0                         0      0        0
  MONTH TO DATE    0                         0      0        0
  SINCE JUN 1      2                         9     -7        2
  SINCE JUL 1      0                         0      0        0

 COOLING
  YESTERDAY       17                        11      6       11
  MONTH TO DATE  300                       253     47      285
  SINCE JUN 1    599                       496    103      592
  SINCE JAN 1    701                       610     91      786
..................................................................

WIND (MPH)
  HIGHEST WIND SPEED    10   HIGHEST WIND DIRECTION    SW (230)
  HIGHEST GUST SPEED    12   HIGHEST GUST DIRECTION    SW (220)
  AVERAGE WIND SPEED     2.3

SKY COVER
  POSSIBLE SUNSHINE  MM
  AVERAGE SKY COVER 0.2

WEATHER CONDITIONS
 THE FOLLOWING WEATHER WAS RECORDED YESTERDAY.
  FOG

RELATIVE HUMIDITY (PERCENT)
 HIGHEST    93           500 AM
 LOWEST     44           200 PM
 AVERAGE    69
..........................................................

THE LONDON KY CLIMATE NORMALS FOR TODAY
                         NORMAL    RECORD    YEAR
 MAXIMUM TEMPERATURE (F)   86        96      1987
 MINIMUM TEMPERATURE (F)   66        57      2008
                                             2003
                                             1962

SUNRISE AND SUNSET
JULY 24 2016..........SUNRISE   635 AM EDT   SUNSET   850 PM EDT
JULY 25 2016..........SUNRISE   636 AM EDT   SUNSET   849 PM EDT

-  INDICATES NEGATIVE NUMBERS.
R  INDICATES RECORD WAS SET OR TIED.
MM INDICATES DATA IS MISSING.
T  INDICATES TRACE AMOUNT.

$$
