000
CDUS43 KJKL 240545
CLILOZ

CLIMATE REPORT
NATIONAL WEATHER SERVICE JACKSON KY
144 AM EDT SUN AUG 24 2014

...................................

...THE LONDON KY CLIMATE SUMMARY FOR AUGUST 23 2014...

CLIMATE NORMAL PERIOD 1981 TO 2010
CLIMATE RECORD PERIOD 1954 TO 2014

WEATHER ITEM   OBSERVED TIME   RECORD YEAR NORMAL DEPARTURE LAST
                VALUE   (LST)  VALUE       VALUE  FROM      YEAR
                                                  NORMAL
..................................................................
TEMPERATURE (F)
 YESTERDAY
  MAXIMUM         90    406 PM 101    2007  86      4       88
  MINIMUM         73    610 AM  48    1956  64      9       68
  AVERAGE         82                        75      7       78

PRECIPITATION (IN)
  YESTERDAY        T             0.86 1988   0.11  -0.11      T
  MONTH TO DATE    3.51                      2.85   0.66     3.30
  SINCE JUN 1     13.22                     11.29   M       17.73
  SINCE JAN 1     32.21                     31.82   M       40.74

SNOWFALL (IN)
  YESTERDAY       MM
  MONTH TO DATE   MM
  SINCE JUN 1     MM
  SINCE JUL 1     MM
  SNOW DEPTH      MM

DEGREE DAYS
 HEATING
  YESTERDAY        0                         0      0        0
  MONTH TO DATE    0                         0      0        0
  SINCE JUN 1      0                         9     -9        0
  SINCE JUL 1      0                         0      0        0

 COOLING
  YESTERDAY       17                        10      7       13
  MONTH TO DATE  227                       245    -18      193
  SINCE JUN 1    784                       838      M      695
  SINCE JAN 1    950                       952      M      795
..................................................................

WIND (MPH)
  HIGHEST WIND SPEED     9   HIGHEST WIND DIRECTION     W (290)
  HIGHEST GUST SPEED    16   HIGHEST GUST DIRECTION    NE (30)
  AVERAGE WIND SPEED     2.4

SKY COVER
  POSSIBLE SUNSHINE  MM
  AVERAGE SKY COVER 0.4

WEATHER CONDITIONS
 THE FOLLOWING WEATHER WAS RECORDED YESTERDAY.
  LIGHT RAIN
  FOG

RELATIVE HUMIDITY (PERCENT)
 HIGHEST    93           600 AM
 LOWEST     52           400 PM
 AVERAGE    73
..........................................................

THE LONDON KY CLIMATE NORMALS FOR TODAY
                         NORMAL    RECORD    YEAR
 MAXIMUM TEMPERATURE (F)   85        99      2007
 MINIMUM TEMPERATURE (F)   64        50      1997

SUNRISE AND SUNSET
AUGUST 24 2014........SUNRISE   700 AM EDT   SUNSET   816 PM EDT
AUGUST 25 2014........SUNRISE   701 AM EDT   SUNSET   815 PM EDT


-  INDICATES NEGATIVE NUMBERS.
R  INDICATES RECORD WAS SET OR TIED.
MM INDICATES DATA IS MISSING.
T  INDICATES TRACE AMOUNT.

$$
JJ
