000
CDUS43 KJKL 280537
CLILOZ

CLIMATE REPORT
NATIONAL WEATHER SERVICE JACKSON KY
137 AM EDT TUE JUL 28 2015
...................................

...THE LONDON KY CLIMATE SUMMARY FOR JULY 27 2015...

CLIMATE NORMAL PERIOD 1981 TO 2010
CLIMATE RECORD PERIOD 1954 TO 2015

WEATHER ITEM   OBSERVED TIME   RECORD YEAR NORMAL DEPARTURE LAST
                VALUE   (LST)  VALUE       VALUE  FROM      YEAR
                                                  NORMAL
..................................................................
TEMPERATURE (F)
 YESTERDAY
  MAXIMUM         89    528 PM  96    1966  86      3       86
  MINIMUM         72    611 AM  48    1962  66      6       70
  AVERAGE         81                        76      5       78

PRECIPITATION (IN)
  YESTERDAY        0.24          2.67 1978   0.13   0.11     0.40
  MONTH TO DATE   11.20                      3.56   7.64     7.00
  SINCE JUN 1     16.17                      7.96   8.21     9.71
  SINCE JAN 1     36.09                     28.49   7.60    28.70

SNOWFALL (IN)
  YESTERDAY       MM
  MONTH TO DATE   MM
  SINCE JUN 1     MM
  SINCE JUL 1     MM
  SNOW DEPTH      MM

DEGREE DAYS
 HEATING
  YESTERDAY        0                         0      0        0
  MONTH TO DATE    0                         0      0        0
  SINCE JUN 1      2                         9     -7        0
  SINCE JUL 1      0                         0      0        0

 COOLING
  YESTERDAY       16                        11      5       13
  MONTH TO DATE  337                       297     40      262
  SINCE JUN 1    644                       540    104      544
  SINCE JAN 1    838                       654    184      710
..................................................................

WIND (MPH)
  HIGHEST WIND SPEED    20   HIGHEST WIND DIRECTION     W (250)
  HIGHEST GUST SPEED    26   HIGHEST GUST DIRECTION     W (250)
  AVERAGE WIND SPEED     3.8

SKY COVER
  POSSIBLE SUNSHINE  MM
  AVERAGE SKY COVER 0.3

WEATHER CONDITIONS
 THE FOLLOWING WEATHER WAS RECORDED YESTERDAY.
  HEAVY RAIN
  LIGHT RAIN
  FOG
  HAZE

RELATIVE HUMIDITY (PERCENT)
 HIGHEST    87          1000 PM
 LOWEST     55           300 PM
 AVERAGE    71
..........................................................

THE LONDON KY CLIMATE NORMALS FOR TODAY
                         NORMAL    RECORD    YEAR
 MAXIMUM TEMPERATURE (F)   86        96      1999
 MINIMUM TEMPERATURE (F)   66        54      2004
                                             1962

SUNRISE AND SUNSET
JULY 28 2015..........SUNRISE   638 AM EDT   SUNSET   847 PM EDT
JULY 29 2015..........SUNRISE   639 AM EDT   SUNSET   846 PM EDT

-  INDICATES NEGATIVE NUMBERS.
R  INDICATES RECORD WAS SET OR TIED.
MM INDICATES DATA IS MISSING.
T  INDICATES TRACE AMOUNT.

$$
