000
CDUS43 KJKL 152022
CLILOZ

CLIMATE REPORT
NATIONAL WEATHER SERVICE JACKSON KY
422 PM EDT FRI AUG 15 2014

...................................

...THE LONDON KY CLIMATE SUMMARY FOR AUGUST 15 2014...
VALID TODAY AS OF 0400 PM LOCAL TIME.

CLIMATE NORMAL PERIOD 1981 TO 2010
CLIMATE RECORD PERIOD 1954 TO 2014

WEATHER ITEM   OBSERVED TIME   RECORD YEAR NORMAL DEPARTURE LAST
                VALUE   (LST)  VALUE       VALUE  FROM      YEAR
                                                  NORMAL
..................................................................
TEMPERATURE (F)
 TODAY
  MAXIMUM         83    216 PM  99    2007  86     -3       78
  MINIMUM         64    708 AM  49    1964  65     -1       53
  AVERAGE         74                        76     -2       66

PRECIPITATION (IN)
  TODAY            0.00          0.92 1985   0.12  -0.12     0.00
  MONTH TO DATE    2.06                      1.91   0.15     2.47
  SINCE JUN 1      MM                       10.35    MM     16.90
  SINCE JAN 1      MM                       30.88    MM     39.91

SNOWFALL (IN)
  TODAY           MM
  MONTH TO DATE   MM
  SINCE JUN 1     MM
  SINCE JUL 1     MM
  SNOW DEPTH      MM

DEGREE DAYS
 HEATING
  TODAY            0                         0      0        0
  MONTH TO DATE    0                         0      0        0
  SINCE JUN 1      0                         9     -9        0
  SINCE JUL 1      0                         0      0        0

 COOLING
  TODAY            9                        11     -2        1
  MONTH TO DATE  129                       165    -36      123
  SINCE JUN 1     MM                       758     MM      625
  SINCE JAN 1     MM                       872     MM      725
..................................................................

WIND (MPH)
  HIGHEST WIND SPEED    14   HIGHEST WIND DIRECTION     N (340)
  HIGHEST GUST SPEED    18   HIGHEST GUST DIRECTION     N (350)
  AVERAGE WIND SPEED     4.6

SKY COVER
  POSSIBLE SUNSHINE  MM
  AVERAGE SKY COVER 0.4

WEATHER CONDITIONS
 THE FOLLOWING WEATHER WAS RECORDED TODAY.
  FOG

RELATIVE HUMIDITY (PERCENT)
 HIGHEST    87           300 AM
 LOWEST     34           300 PM
 AVERAGE    61

..........................................................

THE LONDON KY CLIMATE NORMALS FOR TOMORROW
                         NORMAL    RECORD    YEAR
 MAXIMUM TEMPERATURE (F)   86       102      2007
 MINIMUM TEMPERATURE (F)   65        47      1963

SUNRISE AND SUNSET
AUGUST 15 2014........SUNRISE   653 AM EDT   SUNSET   828 PM EDT
AUGUST 16 2014........SUNRISE   654 AM EDT   SUNSET   827 PM EDT

-  INDICATES NEGATIVE NUMBERS.
R  INDICATES RECORD WAS SET OR TIED.
MM INDICATES DATA IS MISSING.
T  INDICATES TRACE AMOUNT.

$$

CARICO
