000
CDUS43 KJKL 260631
CLILOZ

CLIMATE REPORT
NATIONAL WEATHER SERVICE JACKSON KY
231 AM EDT FRI JUN 26 2015

...................................

...THE LONDON KY CLIMATE SUMMARY FOR JUNE 25 2015...

CLIMATE NORMAL PERIOD 1981 TO 2010
CLIMATE RECORD PERIOD 1954 TO 2015


WEATHER ITEM   OBSERVED TIME   RECORD YEAR NORMAL DEPARTURE LAST
                VALUE   (LST)  VALUE       VALUE  FROM      YEAR
                                                  NORMAL
..................................................................

TEMPERATURE (F)
 YESTERDAY
  MAXIMUM         90    359 PM  98    1988  86      4       86
  MINIMUM         64    611 AM  47    1974  65     -1       70
  AVERAGE         77                        75      2       78

PRECIPITATION (IN)
  YESTERDAY        T             2.90 1976   0.14  -0.14     0.11
  MONTH TO DATE    3.26                      3.70  -0.44     2.37
  SINCE JUN 1      3.26                      3.70  -0.44     2.37
  SINCE JAN 1     23.18                     24.23  -1.05    21.36

SNOWFALL (IN)
  YESTERDAY       MM
  MONTH TO DATE   MM
  SINCE JUN 1     MM
  SINCE JUL 1     MM
  SNOW DEPTH      MM

DEGREE DAYS
 HEATING
  YESTERDAY        0                         0      0        0
  MONTH TO DATE    2                         7     -5        0
  SINCE JUN 1      2                         7     -5        0
  SINCE JUL 1   4382                      4203    179     4420

 COOLING
  YESTERDAY       12                        10      2       13
  MONTH TO DATE  272                       191     81      220
  SINCE JUN 1    272                       191     81      220
  SINCE JAN 1    466                       305    161      386
..................................................................

WIND (MPH)
  HIGHEST WIND SPEED    14   HIGHEST WIND DIRECTION     W (260)
  HIGHEST GUST SPEED    19   HIGHEST GUST DIRECTION     W (290)
  AVERAGE WIND SPEED     5.5


SKY COVER
  POSSIBLE SUNSHINE  MM
  AVERAGE SKY COVER 0.1


WEATHER CONDITIONS
 THE FOLLOWING WEATHER WAS RECORDED YESTERDAY.
  THUNDERSTORM
  HEAVY RAIN
  RAIN
  LIGHT RAIN
  FOG


RELATIVE HUMIDITY (PERCENT)
 HIGHEST    87           400 AM
 LOWEST     50           300 PM
 AVERAGE    69
..........................................................

THE LONDON KY CLIMATE NORMALS FOR TODAY
                         NORMAL    RECORD    YEAR
 MAXIMUM TEMPERATURE (F)   86        97      1988
 MINIMUM TEMPERATURE (F)   65        44      1974


SUNRISE AND SUNSET
JUNE 26 2015..........SUNRISE   618 AM EDT   SUNSET   900 PM EDT
JUNE 27 2015..........SUNRISE   618 AM EDT   SUNSET   900 PM EDT


-  INDICATES NEGATIVE NUMBERS.
R  INDICATES RECORD WAS SET OR TIED.
MM INDICATES DATA IS MISSING.
T  INDICATES TRACE AMOUNT.
$$
