000
CDUS43 KJKL 140538
CLILOZ

CLIMATE REPORT
NATIONAL WEATHER SERVICE JACKSON KY
1238 AM EST SUN DEC 14 2014
...................................

...THE LONDON KY CLIMATE SUMMARY FOR DECEMBER 13 2014...

CLIMATE NORMAL PERIOD 1981 TO 2010
CLIMATE RECORD PERIOD 1954 TO 2014

WEATHER ITEM   OBSERVED TIME   RECORD YEAR NORMAL DEPARTURE LAST
                VALUE   (LST)  VALUE       VALUE  FROM      YEAR
                                                  NORMAL
..................................................................
TEMPERATURE (F)
 YESTERDAY
  MAXIMUM         40    511 PM  67    2007  48     -8       46
                                      1984
  MINIMUM         26    228 AM -17    1962  30     -4       19
  AVERAGE         33                        39     -6       33

PRECIPITATION (IN)
  YESTERDAY        0.00          1.86 1956   0.14  -0.14      T
  MONTH TO DATE    1.84                      1.90  -0.06     3.58
  SINCE DEC 1      1.84                      1.90  -0.06     3.58
  SINCE JAN 1        MM                     44.80     MM    53.56

SNOWFALL (IN)
  YESTERDAY       MM
  MONTH TO DATE   MM
  SINCE DEC 1     MM
  SINCE JUL 1     MM
  SNOW DEPTH      MM

DEGREE DAYS
 HEATING
  YESTERDAY       32                        26      6       32
  MONTH TO DATE  291                       319    -28      311
  SINCE DEC 1    291                       319    -28      311
  SINCE JUL 1   1235                      1149     86     1178

 COOLING
  YESTERDAY        0                         0      0        0
  MONTH TO DATE    0                         0      0        0
  SINCE DEC 1      0                         0      0        0
  SINCE JAN 1     MM                      1190     MM     1083
..................................................................

WIND (MPH)
  HIGHEST WIND SPEED     9   HIGHEST WIND DIRECTION     N (20)
  HIGHEST GUST SPEED    10   HIGHEST GUST DIRECTION     N (10)
  AVERAGE WIND SPEED     1.3

SKY COVER
  POSSIBLE SUNSHINE  MM
  AVERAGE SKY COVER 0.9

WEATHER CONDITIONS
 THE FOLLOWING WEATHER WAS RECORDED YESTERDAY.
  HAZE

RELATIVE HUMIDITY (PERCENT)
 HIGHEST    85           400 AM
 LOWEST     70           100 PM
 AVERAGE    78
..........................................................

THE LONDON KY CLIMATE NORMALS FOR TODAY
                         NORMAL    RECORD    YEAR
 MAXIMUM TEMPERATURE (F)   48        72      1984
 MINIMUM TEMPERATURE (F)   30         6      2010

SUNRISE AND SUNSET
DECEMBER 14 2014......SUNRISE   742 AM EST   SUNSET   520 PM EST
DECEMBER 15 2014......SUNRISE   742 AM EST   SUNSET   520 PM EST

-  INDICATES NEGATIVE NUMBERS.
R  INDICATES RECORD WAS SET OR TIED.
MM INDICATES DATA IS MISSING.
T  INDICATES TRACE AMOUNT.

$$
