882
CDUS43 KJKL 250530
CLILOZ

CLIMATE REPORT
NATIONAL WEATHER SERVICE JACKSON KY
130 AM EDT TUE APR 25 2017

...................................

...THE LONDON KY CLIMATE SUMMARY FOR APRIL 24 2017...

CLIMATE NORMAL PERIOD 1981 TO 2010
CLIMATE RECORD PERIOD 1954 TO 2017

WEATHER ITEM   OBSERVED TIME   RECORD YEAR NORMAL DEPARTURE LAST
                VALUE   (LST)  VALUE       VALUE  FROM      YEAR
                                                  NORMAL
..................................................................
TEMPERATURE (F)
 YESTERDAY
  MAXIMUM         67    340 PM  89    2009  71     -4       79
  MINIMUM         51    529 AM  28    1986  47      4       42
  AVERAGE         59                        59      0       61

PRECIPITATION (IN)
  YESTERDAY        0.00          1.42 2010   0.15  -0.15     0.00
  MONTH TO DATE    5.09                      3.20   1.89     1.23
  SINCE MAR 1     10.12                      7.25   2.87     3.36

SNOWFALL (IN)
  YESTERDAY       MM
  MONTH TO DATE   MM
  SINCE MAR 1     MM
  SINCE JUL 1     MM
  SNOW DEPTH      MM

DEGREE DAYS
 HEATING
  YESTERDAY        6                         7     -1        4
  MONTH TO DATE  122                       239   -117      228
  SINCE MAR 1    635                       788   -153      627
  SINCE JUL 1   3230                      4064   -834     3543

 COOLING
  YESTERDAY        0                         1     -1        0
  MONTH TO DATE   28                        16     12        9
  SINCE MAR 1     31                        19     12        9
  SINCE JAN 1     31                        19     12        9
..................................................................

WIND (MPH)
  HIGHEST WIND SPEED    12   HIGHEST WIND DIRECTION     E (70)
  HIGHEST GUST SPEED    17   HIGHEST GUST DIRECTION    NE (30)
  AVERAGE WIND SPEED     6.2

SKY COVER
  POSSIBLE SUNSHINE  MM
  AVERAGE SKY COVER 0.9

WEATHER CONDITIONS
 THE FOLLOWING WEATHER WAS RECORDED YESTERDAY.
  NO SIGNIFICANT WEATHER WAS OBSERVED.

RELATIVE HUMIDITY (PERCENT)
 HIGHEST    89           100 AM
 LOWEST     58           400 PM
 AVERAGE    74
..........................................................

THE LONDON KY CLIMATE NORMALS FOR TODAY
                         NORMAL    RECORD    YEAR
 MAXIMUM TEMPERATURE (F)   71        88      2009
 MINIMUM TEMPERATURE (F)   47        31      1967

SUNRISE AND SUNSET
APRIL 25 2017.........SUNRISE   649 AM EDT   SUNSET   820 PM EDT
APRIL 26 2017.........SUNRISE   647 AM EDT   SUNSET   821 PM EDT

-  INDICATES NEGATIVE NUMBERS.
R  INDICATES RECORD WAS SET OR TIED.
MM INDICATES DATA IS MISSING.
T  INDICATES TRACE AMOUNT.

$$

GEOGERIAN
