000
CDUS43 KJKL 160518 RRA
CLILOZ

CLIMATE REPORT
NATIONAL WEATHER SERVICE JACKSON KY
118 AM EDT MON OCT 16 2017

...................................

...THE LONDON KY CLIMATE SUMMARY FOR OCTOBER 15 2017...

CLIMATE NORMAL PERIOD 1981 TO 2010
CLIMATE RECORD PERIOD 1954 TO 2017


WEATHER ITEM   OBSERVED TIME   RECORD YEAR NORMAL DEPARTURE LAST
                VALUE   (LST)  VALUE       VALUE  FROM      YEAR
                                                  NORMAL
..................................................................
TEMPERATURE (F)
 YESTERDAY
  MAXIMUM         81    208 PM  89    1958  70     11       82
  MINIMUM         52   1159 PM  28    1978  45      7       56
  AVERAGE         67                        58      9       69

PRECIPITATION (IN)
  YESTERDAY        0.65          0.73 1974   0.09   0.56     0.02
  MONTH TO DATE    3.45                      1.42   2.03     0.08
  SINCE SEP 1      5.24                      4.79   0.45     1.26

SNOWFALL (IN)
  YESTERDAY       MM
  MONTH TO DATE   MM
  SINCE SEP 1     MM
  SINCE JUL 1     MM
  SNOW DEPTH      MM

DEGREE DAYS
 HEATING
  YESTERDAY        0                         8     -8        0
  MONTH TO DATE    7                        94    -87       46
  SINCE SEP 1     48                       140    -92       67
  SINCE JUL 1     48                       141    -93       67

 COOLING
  YESTERDAY        2                         1      1        4
  MONTH TO DATE   42                        17     25       18
  SINCE SEP 1    166                       160      6      250
  SINCE JAN 1   1135                      1184    -49     1473
..................................................................


WIND (MPH)
  HIGHEST WIND SPEED    20   HIGHEST WIND DIRECTION    SW (230)
  HIGHEST GUST SPEED    32   HIGHEST GUST DIRECTION    NW (300)
  AVERAGE WIND SPEED     7.6


SKY COVER
  POSSIBLE SUNSHINE  MM
  AVERAGE SKY COVER 0.7


WEATHER CONDITIONS
 THE FOLLOWING WEATHER WAS RECORDED YESTERDAY.
  THUNDERSTORM
  HEAVY RAIN
  RAIN
  LIGHT RAIN
  FOG


RELATIVE HUMIDITY (PERCENT)
 HIGHEST   100           300 AM
 LOWEST     58           100 PM
 AVERAGE    79

..........................................................


THE LONDON KY CLIMATE NORMALS FOR TODAY
                         NORMAL    RECORD    YEAR
 MAXIMUM TEMPERATURE (F)   69        82      1962
 MINIMUM TEMPERATURE (F)   45        33      1987


SUNRISE AND SUNSET
OCTOBER 16 2017.......SUNRISE   745 AM EDT   SUNSET   658 PM EDT
OCTOBER 17 2017.......SUNRISE   746 AM EDT   SUNSET   656 PM EDT


-  INDICATES NEGATIVE NUMBERS.
R  INDICATES RECORD WAS SET OR TIED.
MM INDICATES DATA IS MISSING.
T  INDICATES TRACE AMOUNT.




$$
