000
CDUS43 KJKL 131011
CLILOZ

CLIMATE REPORT
NATIONAL WEATHER SERVICE JACKSON KY
611 AM EDT SUN APR 13 2014

...................................

...THE LONDON KY CLIMATE SUMMARY FOR APRIL 12 2014...

CLIMATE NORMAL PERIOD 1981 TO 2010
CLIMATE RECORD PERIOD 1954 TO 2014


WEATHER ITEM   OBSERVED TIME   RECORD YEAR NORMAL DEPARTURE LAST
                VALUE   (LST)  VALUE       VALUE  FROM      YEAR
                                                  NORMAL
..................................................................

TEMPERATURE (F)
 YESTERDAY
  MAXIMUM         80    506 PM  86    1977  68     12       62
  MINIMUM         48    641 AM  25    1989  43      5       45
  AVERAGE         64                        56      8       54

PRECIPITATION (IN)
  YESTERDAY        0.00          1.08 2004   0.14  -0.14     0.24
  MONTH TO DATE    1.40                      1.56  -0.16     1.43
  SINCE MAR 1      6.57                      5.61   0.96     6.88
  SINCE JAN 1     13.08                     12.86   0.22    13.67

SNOWFALL (IN)
  YESTERDAY       MM
  MONTH TO DATE   MM
  SINCE MAR 1     MM
  SINCE JUL 1     MM
  SNOW DEPTH      MM

DEGREE DAYS
 HEATING
  YESTERDAY        1                        10     -9       11
  MONTH TO DATE   81                       139    -58      135
  SINCE MAR 1    732                       688     44      927
  SINCE JUL 1   4239                      3964    275     4275

 COOLING
  YESTERDAY        0                         1     -1        0
  MONTH TO DATE    7                         4      3        8
  SINCE MAR 1      7                         7      0        8
  SINCE JAN 1      7                         7      0        8
..................................................................

WIND (MPH)
  HIGHEST WIND SPEED    18   HIGHEST WIND DIRECTION     S (180)
  HIGHEST GUST SPEED    25   HIGHEST GUST DIRECTION    SW (210)
  AVERAGE WIND SPEED     5.3


SKY COVER
  POSSIBLE SUNSHINE  MM
  AVERAGE SKY COVER 0.0


WEATHER CONDITIONS
 THE FOLLOWING WEATHER WAS RECORDED YESTERDAY.
  FOG


RELATIVE HUMIDITY (PERCENT)
 HIGHEST    93           600 AM
 LOWEST     30           400 PM
 AVERAGE    62
..........................................................

THE LONDON KY CLIMATE NORMALS FOR TODAY
                         NORMAL    RECORD    YEAR
 MAXIMUM TEMPERATURE (F)   68        86      1977
 MINIMUM TEMPERATURE (F)   44        28      2007
                                             1989


SUNRISE AND SUNSET
APRIL 13 2014.........SUNRISE   705 AM EDT   SUNSET   809 PM EDT
APRIL 14 2014.........SUNRISE   703 AM EDT   SUNSET   810 PM EDT


-  INDICATES NEGATIVE NUMBERS.
R  INDICATES RECORD WAS SET OR TIED.
MM INDICATES DATA IS MISSING.
T  INDICATES TRACE AMOUNT.
$$
