000
CDUS43 KJKL 130547 RRA
CLILOZ

CLIMATE REPORT
NATIONAL WEATHER SERVICE JACKSON KY
147 AM EDT MON MAR 13 2017

...................................

...THE LONDON KY CLIMATE SUMMARY FOR MARCH 12 2017...

CLIMATE NORMAL PERIOD 1981 TO 2010
CLIMATE RECORD PERIOD 1954 TO 2017

WEATHER ITEM   OBSERVED TIME   RECORD YEAR NORMAL DEPARTURE LAST
                VALUE   (LST)  VALUE       VALUE  FROM      YEAR
                                                  NORMAL
..................................................................
TEMPERATURE (F)
 YESTERDAY
  MAXIMUM         46    445 PM  82    1990  57    -11       76
  MINIMUM         25    718 AM   6    1960  35    -10       51
  AVERAGE         36                        46    -10       64

PRECIPITATION (IN)
  YESTERDAY        0.00          3.22 1975   0.13  -0.13     0.00
  MONTH TO DATE    2.17                      1.57   0.60     0.76
  SINCE MAR 1      2.17                      1.57   0.60     0.76

SNOWFALL (IN)
  YESTERDAY       MM
  MONTH TO DATE   MM
  SINCE MAR 1     MM
  SINCE JUL 1     MM
  SNOW DEPTH      MM

DEGREE DAYS
 HEATING
  YESTERDAY       29                        19     10        1
  MONTH TO DATE  234                       244    -10      191
  SINCE MAR 1    234                       244    -10      191
  SINCE JUL 1   2829                      3520   -691     3107

 COOLING
  YESTERDAY        0                         0      0        0
  MONTH TO DATE    0                         0      0        0
  SINCE MAR 1      0                         0      0        0
  SINCE JAN 1      0                         0      0        0
..................................................................

WIND (MPH)
  HIGHEST WIND SPEED    13   HIGHEST WIND DIRECTION    NE (30)
  HIGHEST GUST SPEED    17   HIGHEST GUST DIRECTION    NE (60)
  AVERAGE WIND SPEED     5.1

SKY COVER
  POSSIBLE SUNSHINE  MM
  AVERAGE SKY COVER 0.0

WEATHER CONDITIONS
 THE FOLLOWING WEATHER WAS RECORDED YESTERDAY.
  NO SIGNIFICANT WEATHER WAS OBSERVED.

RELATIVE HUMIDITY (PERCENT)
 HIGHEST    60           700 AM
 LOWEST     21           400 PM
 AVERAGE    41
..........................................................

THE LONDON KY CLIMATE NORMALS FOR TODAY
                         NORMAL    RECORD    YEAR
 MAXIMUM TEMPERATURE (F)   58        84      1967
 MINIMUM TEMPERATURE (F)   35        -3      1960

SUNRISE AND SUNSET
MARCH 13 2017.........SUNRISE   750 AM EDT   SUNSET   742 PM EDT
MARCH 14 2017.........SUNRISE   748 AM EDT   SUNSET   743 PM EDT

-  INDICATES NEGATIVE NUMBERS.
R  INDICATES RECORD WAS SET OR TIED.
MM INDICATES DATA IS MISSING.
T  INDICATES TRACE AMOUNT.

$$
