000
CDUS43 KJKL 180622
CLILOZ

CLIMATE REPORT
NATIONAL WEATHER SERVICE JACKSON KY
222 AM EDT MON APR 18 2016


...................................

...THE LONDON KY CLIMATE SUMMARY FOR APRIL 17 2016...

CLIMATE NORMAL PERIOD 1981 TO 2010
CLIMATE RECORD PERIOD 1954 TO 2016


WEATHER ITEM   OBSERVED TIME   RECORD YEAR NORMAL DEPARTURE LAST
                VALUE   (LST)  VALUE       VALUE  FROM      YEAR
                                                  NORMAL
..................................................................
TEMPERATURE (F)
 YESTERDAY
  MAXIMUM         81    347 PM  86    1977  69     12       77
  MINIMUM         42    614 AM  27    1962  45     -3       52
  AVERAGE         62                        57      5       65

PRECIPITATION (IN)
  YESTERDAY        0.00          1.70 2013   0.14  -0.14     0.00
  MONTH TO DATE    0.98                      2.21  -1.23     4.55
  SINCE MAR 1      3.11                      6.26  -3.15     9.88

SNOWFALL (IN)
  YESTERDAY       MM
  MONTH TO DATE   MM
  SINCE MAR 1     MM
  SINCE JUL 1     MM
  SNOW DEPTH      MM

DEGREE DAYS
 HEATING
  YESTERDAY        3                         9     -6        0
  MONTH TO DATE  215                       186     29       84
  SINCE MAR 1    614                       735   -121      608
  SINCE JUL 1   3530                      4011   -481     4229

COOLING
  YESTERDAY        0                         1     -1        0
  MONTH TO DATE    1                         9     -8       17
  SINCE MAR 1      1                        12    -11       17
  SINCE JAN 1      1                        12    -11       17
..................................................................


WIND (MPH)
  HIGHEST WIND SPEED    12   HIGHEST WIND DIRECTION     W (260)
  HIGHEST GUST SPEED    16   HIGHEST GUST DIRECTION     N (340)
  AVERAGE WIND SPEED     2.3


SKY COVER
  POSSIBLE SUNSHINE  MM
  AVERAGE SKY COVER 0.0


WEATHER CONDITIONS
 THE FOLLOWING WEATHER WAS RECORDED YESTERDAY.
  NO SIGNIFICANT WEATHER WAS OBSERVED.


RELATIVE HUMIDITY (PERCENT)
 HIGHEST    83           400 AM
 LOWEST     16           400 PM
 AVERAGE    50

..........................................................


THE LONDON KY CLIMATE NORMALS FOR TODAY
                         NORMAL    RECORD    YEAR
 MAXIMUM TEMPERATURE (F)   70        88      1955
 MINIMUM TEMPERATURE (F)   45        28      1983


SUNRISE AND SUNSET
APRIL 18 2016.........SUNRISE   657 AM EDT   SUNSET   814 PM EDT
APRIL 19 2016.........SUNRISE   656 AM EDT   SUNSET   815 PM EDT


-  INDICATES NEGATIVE NUMBERS.
R  INDICATES RECORD WAS SET OR TIED.
MM INDICATES DATA IS MISSING.
T  INDICATES TRACE AMOUNT.

$$
