000
CDUS43 KJKL 190836
CLILOZ

CLIMATE REPORT
NATIONAL WEATHER SERVICE JACKSON KY
436 AM EDT TUE MAY 19 2015

...................................

...THE LONDON KY CLIMATE SUMMARY FOR MAY 18 2015...

CLIMATE NORMAL PERIOD 1981 TO 2010
CLIMATE RECORD PERIOD 1954 TO 2015


WEATHER ITEM   OBSERVED TIME   RECORD YEAR NORMAL DEPARTURE LAST
                VALUE   (LST)  VALUE       VALUE  FROM      YEAR
                                                  NORMAL
..................................................................

TEMPERATURE (F)
 YESTERDAY
  MAXIMUM         83    419 PM  90    1962  77      6       68
  MINIMUM         65    610 AM  33    1973  54     11       41
  AVERAGE         74                        65      9       55

PRECIPITATION (IN)
  YESTERDAY        0.09          1.94 1981   0.16  -0.07     0.00
  MONTH TO DATE    0.64                      3.00  -2.36     1.43
  SINCE MAR 1     11.52                     11.10   0.42    11.68
  SINCE JAN 1     18.99                     18.35   0.64    18.19

SNOWFALL (IN)
  YESTERDAY       MM
  MONTH TO DATE   MM
  SINCE MAR 1     MM
  SINCE JUL 1     MM
  SNOW DEPTH      MM

DEGREE DAYS
 HEATING
  YESTERDAY        0                         3     -3       10
  MONTH TO DATE   24                        70    -46       76
  SINCE MAR 1    742                       895   -153      906
  SINCE JUL 1   4363                      4171    192     4413

 COOLING
  YESTERDAY        9                         3      6        0
  MONTH TO DATE   99                        36     63       66
  SINCE MAR 1    122                        62     60       91
  SINCE JAN 1    122                        62     60       91
..................................................................

WIND (MPH)
  HIGHEST WIND SPEED    10   HIGHEST WIND DIRECTION     W (280)
  HIGHEST GUST SPEED    15   HIGHEST GUST DIRECTION    SW (240)
  AVERAGE WIND SPEED     3.2


SKY COVER
  POSSIBLE SUNSHINE  MM
  AVERAGE SKY COVER 0.5


WEATHER CONDITIONS
 THE FOLLOWING WEATHER WAS RECORDED YESTERDAY.
  THUNDERSTORM
  RAIN
  LIGHT RAIN
  FOG

RELATIVE HUMIDITY (PERCENT)
 HIGHEST    87           300 AM
 LOWEST     51           400 PM
 AVERAGE    69
..........................................................

THE LONDON KY CLIMATE NORMALS FOR TODAY
                         NORMAL    RECORD    YEAR
 MAXIMUM TEMPERATURE (F)   77        90      1962
 MINIMUM TEMPERATURE (F)   54        32      1976


SUNRISE AND SUNSET
MAY 19 2015...........SUNRISE   625 AM EDT   SUNSET   841 PM EDT
MAY 20 2015...........SUNRISE   625 AM EDT   SUNSET   842 PM EDT


-  INDICATES NEGATIVE NUMBERS.
R  INDICATES RECORD WAS SET OR TIED.
MM INDICATES DATA IS MISSING.
T  INDICATES TRACE AMOUNT.
$$
