000
CDUS43 KJKL 100548
CLILOZ

CLIMATE REPORT
NATIONAL WEATHER SERVICE JACKSON KY
150 AM EDT WED SEP 10 2014

...................................

...THE LONDON KY CLIMATE SUMMARY FOR SEPTEMBER 9 2014...

CLIMATE NORMAL PERIOD 1981 TO 2010
CLIMATE RECORD PERIOD 1954 TO 2014

WEATHER ITEM   OBSERVED TIME   RECORD YEAR NORMAL DEPARTURE LAST
                VALUE   (LST)  VALUE       VALUE  FROM      YEAR
                                                  NORMAL
..................................................................
TEMPERATURE (F)
 YESTERDAY
  MAXIMUM         85    356 PM  94    2002  82      3       88
                                      1955
  MINIMUM         66    430 AM  45    1956  60      6       65
  AVERAGE         76                        71      5       77

PRECIPITATION (IN)
  YESTERDAY        0.00          1.75 1997   0.12  -0.12     0.00
  MONTH TO DATE    0.86                      0.97  -0.11     0.68
  SINCE SEP 1      0.86                      0.97  -0.11     0.68
  SINCE JAN 1       MM                      33.65    MM     41.72

SNOWFALL (IN)
  YESTERDAY       MM
  MONTH TO DATE   MM
  SINCE SEP 1     MM
  SINCE JUL 1     MM
  SNOW DEPTH      MM

DEGREE DAYS
 HEATING
  YESTERDAY        0                         0      0        0
  MONTH TO DATE    0                         0      0        0
  SINCE SEP 1      0                         0      0        0
  SINCE JUL 1      0                         1     -1        0

 COOLING
  YESTERDAY       11                         6      5       12
  MONTH TO DATE  104                        65     39       78
  SINCE SEP 1    104                        65     39       78
  SINCE JAN 1     MM                      1089     MM      970
..................................................................

WIND (MPH)
  HIGHEST WIND SPEED    13   HIGHEST WIND DIRECTION     W (270)
  HIGHEST GUST SPEED    16   HIGHEST GUST DIRECTION     W (270)
  AVERAGE WIND SPEED     2.2

SKY COVER
  POSSIBLE SUNSHINE  MM
  AVERAGE SKY COVER 0.4

WEATHER CONDITIONS
 THE FOLLOWING WEATHER WAS RECORDED YESTERDAY.
  NO SIGNIFICANT WEATHER WAS OBSERVED.

RELATIVE HUMIDITY (PERCENT)
 HIGHEST    93           100 AM
 LOWEST     44           200 PM
 AVERAGE    69
..........................................................

THE LONDON KY CLIMATE NORMALS FOR TODAY
                         NORMAL    RECORD    YEAR
 MAXIMUM TEMPERATURE (F)   82        93      2002
                                             1983
 MINIMUM TEMPERATURE (F)   59        43      1956

SUNRISE AND SUNSET
SEPTEMBER 10 2014.....SUNRISE   714 AM EDT   SUNSET   752 PM EDT
SEPTEMBER 11 2014.....SUNRISE   715 AM EDT   SUNSET   750 PM EDT

-  INDICATES NEGATIVE NUMBERS.
R  INDICATES RECORD WAS SET OR TIED.
MM INDICATES DATA IS MISSING.
T  INDICATES TRACE AMOUNT.

$$

GREIF
