000
CDUS43 KJKL 130846
CLILOZ

CLIMATE REPORT
NATIONAL WEATHER SERVICE JACKSON KY
346 AM EST FRI JAN 13 2017

...................................

...THE LONDON KY CLIMATE SUMMARY FOR JANUARY 12 2017...

CLIMATE NORMAL PERIOD 1981 TO 2010
CLIMATE RECORD PERIOD 1954 TO 2017

WEATHER ITEM   OBSERVED TIME   RECORD YEAR NORMAL DEPARTURE LAST
                VALUE   (LST)  VALUE       VALUE  FROM      YEAR
                                                  NORMAL
..................................................................
TEMPERATURE (F)
 YESTERDAY
  MAXIMUM         67    157 PM  68    1995  44     23       41
  MINIMUM         53   1159 PM  -4    1981  26     27       20
  AVERAGE         60                        35     25       31

PRECIPITATION (IN)
  YESTERDAY        0.10          1.48 1975   0.11  -0.01      T
  MONTH TO DATE    1.27                      1.38  -0.11     0.74
  SINCE DEC 1      7.57                      5.62   1.95     6.19
  SINCE JAN 1      1.27                      1.38  -0.11     0.74

SNOWFALL (IN)
  YESTERDAY       MM
  MONTH TO DATE   MM
  SINCE DEC 1     MM
  SINCE JUL 1     MM
  SNOW DEPTH      MM

DEGREE DAYS
 HEATING
  YESTERDAY        5                        30    -25       34
  MONTH TO DATE  326                       356    -30      363
  SINCE DEC 1   1120                      1178    -58      838
  SINCE JUL 1   1711                      2008   -297     1503

 COOLING
  YESTERDAY        0                         0      0        0
  MONTH TO DATE    0                         0      0        0
  SINCE DEC 1      0                         1     -1        0
  SINCE JAN 1      0                         0      0        0
..................................................................

WIND (MPH)
  HIGHEST WIND SPEED    24   HIGHEST WIND DIRECTION    SW (210)
  HIGHEST GUST SPEED    35   HIGHEST GUST DIRECTION    SW (220)
  AVERAGE WIND SPEED    12.5

SKY COVER
  POSSIBLE SUNSHINE  MM
  AVERAGE SKY COVER 1.0

WEATHER CONDITIONS
 THE FOLLOWING WEATHER WAS RECORDED YESTERDAY.
  LIGHT RAIN
  FOG

RELATIVE HUMIDITY (PERCENT)
 HIGHEST    80          1200 AM
 LOWEST     63           200 AM
 AVERAGE    72

..........................................................

THE LONDON KY CLIMATE NORMALS FOR TODAY
                         NORMAL    RECORD    YEAR
 MAXIMUM TEMPERATURE (F)   44        71      1972
 MINIMUM TEMPERATURE (F)   26        -1      1997

SUNRISE AND SUNSET
JANUARY 13 2017.......SUNRISE   749 AM EST   SUNSET   541 PM EST
JANUARY 14 2017.......SUNRISE   749 AM EST   SUNSET   542 PM EST

-  INDICATES NEGATIVE NUMBERS.
R  INDICATES RECORD WAS SET OR TIED.
MM INDICATES DATA IS MISSING.
T  INDICATES TRACE AMOUNT.

$$
