000
CDUS43 KJKL 240627
CLILOZ

CLIMATE REPORT
NATIONAL WEATHER SERVICE JACKSON KY
227 AM EDT WED SEP 24 2014

...................................

...THE LONDON KY CLIMATE SUMMARY FOR SEPTEMBER 23 2014...

CLIMATE NORMAL PERIOD 1981 TO 2010
CLIMATE RECORD PERIOD 1954 TO 2014

WEATHER ITEM   OBSERVED TIME   RECORD YEAR NORMAL DEPARTURE LAST
                VALUE   (LST)  VALUE       VALUE  FROM      YEAR
                                                  NORMAL
..................................................................
TEMPERATURE (F)
 YESTERDAY
  MAXIMUM         74    337 PM  95    2007  77     -3       76
  MINIMUM         46    655 AM  37    1999  54     -8       49
  AVERAGE         60                        66     -6       63

PRECIPITATION (IN)
  YESTERDAY        0.00          3.07 2006   0.11  -0.11     0.00
  MONTH TO DATE    1.38                      2.58  -1.20     2.24
  SINCE SEP 1      1.38                      2.58  -1.20     2.24
  SINCE JAN 1        MM                     35.26     MM    43.28

SNOWFALL (IN)
  YESTERDAY       MM
  MONTH TO DATE   MM
  SINCE SEP 1     MM
  SINCE JUL 1     MM
  SNOW DEPTH      MM

DEGREE DAYS
 HEATING
  YESTERDAY        5                         3      2        2
  MONTH TO DATE   17                        20     -3       14
  SINCE SEP 1     17                        20     -3       14
  SINCE JUL 1     17                        21     -4       14

 COOLING
  YESTERDAY        0                         3     -3        0
  MONTH TO DATE  144                       126     18      138
  SINCE SEP 1    144                       126     18      138
  SINCE JAN 1     MM                      1150     MM     1030
..................................................................

WIND (MPH)
  HIGHEST WIND SPEED    14   HIGHEST WIND DIRECTION     E (90)
  HIGHEST GUST SPEED    19   HIGHEST GUST DIRECTION     E (70)
  AVERAGE WIND SPEED     4.0

SKY COVER
  POSSIBLE SUNSHINE  MM
  AVERAGE SKY COVER 0.0

WEATHER CONDITIONS
 THE FOLLOWING WEATHER WAS RECORDED YESTERDAY.
  NO SIGNIFICANT WEATHER WAS OBSERVED.

RELATIVE HUMIDITY (PERCENT)
 HIGHEST    93           200 AM
 LOWEST     38           300 PM
 AVERAGE    66

..........................................................

THE LONDON KY CLIMATE NORMALS FOR TODAY
                         NORMAL    RECORD    YEAR
 MAXIMUM TEMPERATURE (F)   77        94      2007
 MINIMUM TEMPERATURE (F)   53        32      1983

SUNRISE AND SUNSET
SEPTEMBER 24 2014.....SUNRISE   726 AM EDT   SUNSET   730 PM EDT
SEPTEMBER 25 2014.....SUNRISE   727 AM EDT   SUNSET   729 PM EDT

-  INDICATES NEGATIVE NUMBERS.
R  INDICATES RECORD WAS SET OR TIED.
MM INDICATES DATA IS MISSING.
T  INDICATES TRACE AMOUNT.

$$
