000
CDUS43 KJKL 132019
CLILOZ

CLIMATE REPORT
NATIONAL WEATHER SERVICE JACKSON KY
419 PM EDT FRI OCT 13 2017

...................................

...THE LONDON KY CLIMATE SUMMARY FOR OCTOBER 13 2017...
VALID TODAY AS OF 0400 PM LOCAL TIME.

CLIMATE NORMAL PERIOD 1981 TO 2010
CLIMATE RECORD PERIOD 1954 TO 2017

WEATHER ITEM   OBSERVED TIME   RECORD YEAR NORMAL DEPARTURE LAST
                VALUE   (LST)  VALUE       VALUE  FROM      YEAR
                                                  NORMAL
..................................................................
TEMPERATURE (F)
 TODAY
  MAXIMUM         78    259 PM  86    2008  70      8       68
  MINIMUM         49    718 AM  26    1988  46      3       55
  AVERAGE         64                        58      6       62

PRECIPITATION (IN)
  TODAY            0.00          1.29 1983   0.09  -0.09     0.06
  MONTH TO DATE    2.80                      1.23   1.57     0.06
  SINCE SEP 1      4.59                      4.60  -0.01     1.24

SNOWFALL (IN)
  TODAY           MM
  MONTH TO DATE   MM
  SINCE SEP 1     MM
  SINCE JUL 1     MM
  SNOW DEPTH      MM

DEGREE DAYS
 HEATING
  TODAY            1                         8     -7        3
  MONTH TO DATE    7                        78    -71       45
  SINCE SEP 1     48                       124    -76       66
  SINCE JUL 1     48                       125    -77       66

 COOLING
  TODAY            0                         1     -1        0
  MONTH TO DATE   36                        15     21       14
  SINCE SEP 1    160                       158      2      246
  SINCE JAN 1   1129                      1182    -53     1469
..................................................................

WIND (MPH)
  HIGHEST WIND SPEED    13   HIGHEST WIND DIRECTION     W (260)
  HIGHEST GUST SPEED    17   HIGHEST GUST DIRECTION     W (270)
  AVERAGE WIND SPEED     2.3

SKY COVER
  POSSIBLE SUNSHINE  MM
  AVERAGE SKY COVER 0.2

WEATHER CONDITIONS
 THE FOLLOWING WEATHER WAS RECORDED TODAY.
  FOG
  FOG W/VISIBILITY <= 1/4 MILE

RELATIVE HUMIDITY (PERCENT)
 HIGHEST   100           200 AM
 LOWEST     48           200 PM
 AVERAGE    74
..........................................................

THE LONDON KY CLIMATE NORMALS FOR TOMORROW
                         NORMAL    RECORD    YEAR
 MAXIMUM TEMPERATURE (F)   70        83      1962
 MINIMUM TEMPERATURE (F)   46        25      1988

SUNRISE AND SUNSET
OCTOBER 13 2017.......SUNRISE   742 AM EDT   SUNSET   702 PM EDT
OCTOBER 14 2017.......SUNRISE   743 AM EDT   SUNSET   701 PM EDT

-  INDICATES NEGATIVE NUMBERS.
R  INDICATES RECORD WAS SET OR TIED.
MM INDICATES DATA IS MISSING.
T  INDICATES TRACE AMOUNT.

$$

TAB
