000
CDUS43 KJKL 100526
CLILOZ

CLIMATE REPORT
NATIONAL WEATHER SERVICE JACKSON KY
1226 AM EST FRI NOV 10 2017

...................................

...THE LONDON KY CLIMATE SUMMARY FOR NOVEMBER 9 2017...

CLIMATE NORMAL PERIOD 1981 TO 2010
CLIMATE RECORD PERIOD 1954 TO 2017

WEATHER ITEM   OBSERVED TIME   RECORD YEAR NORMAL DEPARTURE LAST
                VALUE   (LST)  VALUE       VALUE  FROM      YEAR
                                                  NORMAL
..................................................................
TEMPERATURE (F)
 YESTERDAY
  MAXIMUM         57    418 PM  77    2005  61     -4       54
                                      1994
  MINIMUM         37   1159 PM  18    1961  39     -2       36
  AVERAGE         47                        50     -3       45

PRECIPITATION (IN)
  YESTERDAY        0.00          1.45 1962   0.11  -0.11     0.04
  MONTH TO DATE    1.26                      1.02   0.24     0.07
  SINCE SEP 1      8.35                      7.41   0.94     2.15

SNOWFALL (IN)
  YESTERDAY       MM
  MONTH TO DATE   MM
  SINCE SEP 1     MM
  SINCE JUL 1     MM
  SNOW DEPTH      MM

DEGREE DAYS
 HEATING
  YESTERDAY       18                        15      3       20
  MONTH TO DATE   70                       126    -56       77
  SINCE SEP 1    337                       431    -94      213
  SINCE JUL 1    337                       432    -95      213

 COOLING
  YESTERDAY        0                         0      0        0
  MONTH TO DATE    6                         0      6        7
  SINCE SEP 1    172                       164      8      284
  SINCE JAN 1   1141                      1188    -47     1507
..................................................................

WIND (MPH)
  HIGHEST WIND SPEED    13   HIGHEST WIND DIRECTION     W (280)
  HIGHEST GUST SPEED    16   HIGHEST GUST DIRECTION     W (290)
  AVERAGE WIND SPEED     2.4

SKY COVER
  POSSIBLE SUNSHINE  MM
  AVERAGE SKY COVER 0.5

WEATHER CONDITIONS
 THE FOLLOWING WEATHER WAS RECORDED YESTERDAY.
  NO SIGNIFICANT WEATHER WAS OBSERVED.

RELATIVE HUMIDITY (PERCENT)
 HIGHEST    93           500 AM
 LOWEST     40           400 PM
 AVERAGE    67

..........................................................

THE LONDON KY CLIMATE NORMALS FOR TODAY
                         NORMAL    RECORD    YEAR
 MAXIMUM TEMPERATURE (F)   61        78      2006
                                             2002
 MINIMUM TEMPERATURE (F)   38        17      1957

SUNRISE AND SUNSET
NOVEMBER 10 2017......SUNRISE   710 AM EST   SUNSET   530 PM EST
NOVEMBER 11 2017......SUNRISE   711 AM EST   SUNSET   529 PM EST

-  INDICATES NEGATIVE NUMBERS.
R  INDICATES RECORD WAS SET OR TIED.
MM INDICATES DATA IS MISSING.
T  INDICATES TRACE AMOUNT.

$$
