000
CDUS43 KJKL 202020
CLILOZ

CLIMATE REPORT
NATIONAL WEATHER SERVICE JACKSON KY
420 PM EDT WED MAY 20 2015

...................................

...THE LONDON KY CLIMATE SUMMARY FOR MAY 20 2015...
VALID TODAY AS OF 0400 PM LOCAL TIME.

CLIMATE NORMAL PERIOD 1981 TO 2010 CLIMATE RECORD PERIOD 1954 TO 2015

WEATHER ITEM   OBSERVED TIME   RECORD YEAR NORMAL DEPARTURE LAST
                VALUE   (LST)  VALUE       VALUE  FROM      YEAR
                                                  NORMAL
..................................................................
TEMPERATURE (F)
 TODAY
  MAXIMUM         77    259 PM  90    1977  77      0       85
  MINIMUM         52    603 AM  37    2002  54     -2       52
  AVERAGE         65                        66     -1       69

PRECIPITATION (IN)
  TODAY            0.00          1.72 1991   0.16  -0.16     0.00
  MONTH TO DATE    0.64                      3.32  -2.68     1.43
  SINCE MAR 1     11.52                     11.42   0.10    11.68
  SINCE JAN 1     18.99                     18.67   0.32    18.19

SNOWFALL (IN)
  TODAY           MM
  MONTH TO DATE   MM
  SINCE MAR 1     MM
  SINCE JUL 1     MM
  SNOW DEPTH      MM

DEGREE DAYS
 HEATING
  TODAY            0                         3     -3        0
  MONTH TO DATE   24                        76    -52       82
  SINCE MAR 1    742                       901   -159      912
  SINCE JUL 1   4363                      4177    186     4419

 COOLING
  TODAY            0                         3     -3        4
  MONTH TO DATE  104                        42     62       70
  SINCE MAR 1    127                        68     59       95
  SINCE JAN 1    127                        68     59       95
..................................................................

WIND (MPH)
  HIGHEST WIND SPEED    10   HIGHEST WIND DIRECTION    NE (60)
  HIGHEST GUST SPEED    19   HIGHEST GUST DIRECTION    NW (310)
  AVERAGE WIND SPEED     4.0

SKY COVER
  POSSIBLE SUNSHINE  MM
  AVERAGE SKY COVER 0.0

WEATHER CONDITIONS
 THE FOLLOWING WEATHER WAS RECORDED TODAY.
  NO SIGNIFICANT WEATHER WAS OBSERVED.

RELATIVE HUMIDITY (PERCENT)
 HIGHEST    83           600 AM
 LOWEST     36           300 PM
 AVERAGE    60
..........................................................

THE LONDON KY CLIMATE NORMALS FOR TOMORROW
                         NORMAL    RECORD    YEAR
 MAXIMUM TEMPERATURE (F)   77        88      1962
 MINIMUM TEMPERATURE (F)   55        38      2002

SUNRISE AND SUNSET
MAY 20 2015...........SUNRISE   625 AM EDT   SUNSET   842 PM EDT
MAY 21 2015...........SUNRISE   624 AM EDT   SUNSET   842 PM EDT

-  INDICATES NEGATIVE NUMBERS.
R  INDICATES RECORD WAS SET OR TIED.
MM INDICATES DATA IS MISSING.
T  INDICATES TRACE AMOUNT.

$$

TAB
