000
CDUS43 KJKL 200535
CLILOZ

CLIMATE REPORT
NATIONAL WEATHER SERVICE JACKSON KY
135 AM EDT WED SEP 20 2017

...................................

...THE LONDON KY CLIMATE SUMMARY FOR SEPTEMBER 19 2017...

CLIMATE NORMAL PERIOD 1981 TO 2010
CLIMATE RECORD PERIOD 1954 TO 2017

WEATHER ITEM   OBSERVED TIME   RECORD YEAR NORMAL DEPARTURE LAST
                VALUE   (LST)  VALUE       VALUE  FROM      YEAR
                                                  NORMAL
..................................................................
TEMPERATURE (F)
 YESTERDAY
  MAXIMUM         86    221 PM  92    2005  79      7       82
                                      1978
  MINIMUM         63    653 AM  39    1956  56      7       64
  AVERAGE         75                        67      8       73

PRECIPITATION (IN)
  YESTERDAY        0.08          0.51 1968   0.11  -0.03     0.00
  MONTH TO DATE    1.79                      2.13  -0.34     1.06
  SINCE SEP 1      1.79                      2.13  -0.34     1.06

SNOWFALL (IN)
  YESTERDAY       MM
  MONTH TO DATE   MM
  SINCE SEP 1     MM
  SINCE JUL 1     MM
  SNOW DEPTH      MM

DEGREE DAYS
 HEATING
  YESTERDAY        0                         2     -2        0
  MONTH TO DATE   38                        11     27        0
  SINCE SEP 1     38                        11     27        0
  SINCE JUL 1     38                        12     26        0

 COOLING
  YESTERDAY       10                         4      6        8
  MONTH TO DATE   47                       113    -66      174
  SINCE SEP 1     47                       113    -66      174
  SINCE JAN 1   1016                      1137   -121     1397
..................................................................

WIND (MPH)
  HIGHEST WIND SPEED    21   HIGHEST WIND DIRECTION     W (250)
  HIGHEST GUST SPEED    27   HIGHEST GUST DIRECTION     W (250)
  AVERAGE WIND SPEED     2.4

SKY COVER
  POSSIBLE SUNSHINE  MM
  AVERAGE SKY COVER 0.3

WEATHER CONDITIONS
 THE FOLLOWING WEATHER WAS RECORDED YESTERDAY.
  THUNDERSTORM
  HEAVY RAIN
  RAIN
  LIGHT RAIN
  FOG

RELATIVE HUMIDITY (PERCENT)
 HIGHEST   100          1200 AM
 LOWEST     51           100 PM
 AVERAGE    76
..........................................................

THE LONDON KY CLIMATE NORMALS FOR TODAY
                         NORMAL    RECORD    YEAR
 MAXIMUM TEMPERATURE (F)   78        92      1955
 MINIMUM TEMPERATURE (F)   55        40      1956

SUNRISE AND SUNSET
SEPTEMBER 20 2017.....SUNRISE   723 AM EDT   SUNSET   736 PM EDT
SEPTEMBER 21 2017.....SUNRISE   724 AM EDT   SUNSET   734 PM EDT

-  INDICATES NEGATIVE NUMBERS.
R  INDICATES RECORD WAS SET OR TIED.
MM INDICATES DATA IS MISSING.
T  INDICATES TRACE AMOUNT.

$$

GEOGERIAN
