000
CDUS43 KJKL 310549
CLILOZ

CLIMATE REPORT
NATIONAL WEATHER SERVICE JACKSON KY
148 AM EDT THU JUL 31 2014

...................................

...THE LONDON KY CLIMATE SUMMARY FOR JULY 30 2014...

CLIMATE NORMAL PERIOD 1981 TO 2010
CLIMATE RECORD PERIOD 1954 TO 2014

WEATHER ITEM   OBSERVED TIME   RECORD YEAR NORMAL DEPARTURE LAST
                VALUE   (LST)  VALUE       VALUE  FROM      YEAR
                                                  NORMAL
..................................................................
TEMPERATURE (F)
 YESTERDAY
  MAXIMUM         79    526 PM 101    1999  86     -7       77
  MINIMUM         54R   637 AM  54    1974  66    -12       56
  AVERAGE         67                        76     -9       67

PRECIPITATION (IN)
  YESTERDAY        0.00          1.57 1976   0.12  -0.12     0.08
  MONTH TO DATE    7.00                      3.92   3.08     6.88
  SINCE JUN 1      9.71                      8.32   1.39    14.12
  SINCE JAN 1     28.70                     28.85  -0.15    37.13

SNOWFALL (IN)
  YESTERDAY       MM
  MONTH TO DATE   MM
  SINCE JUN 1     MM
  SINCE JUL 1     MM
  SNOW DEPTH      MM

DEGREE DAYS
 HEATING
  YESTERDAY        0                         0      0        0
  MONTH TO DATE    0                         0      0        0
  SINCE JUN 1      0                         9     -9        0
  SINCE JUL 1      0                         0      0        0

 COOLING
  YESTERDAY        2                        11     -9        2
  MONTH TO DATE  269                       330    -61      270
  SINCE JUN 1    551                       573    -22      501
  SINCE JAN 1    717                       687     30      601
..................................................................

WIND (MPH)
  HIGHEST WIND SPEED    10   HIGHEST WIND DIRECTION     W (260)
  HIGHEST GUST SPEED    13   HIGHEST GUST DIRECTION     W (260)
  AVERAGE WIND SPEED     2.1

SKY COVER
  POSSIBLE SUNSHINE  MM
  AVERAGE SKY COVER 0.2

WEATHER CONDITIONS
 THE FOLLOWING WEATHER WAS RECORDED YESTERDAY.
  FOG

RELATIVE HUMIDITY (PERCENT)
 HIGHEST    93           100 AM
 LOWEST     45           300 PM
 AVERAGE    69

..........................................................

THE LONDON KY CLIMATE NORMALS FOR TODAY
                         NORMAL    RECORD    YEAR
 MAXIMUM TEMPERATURE (F)   86       101      1999
 MINIMUM TEMPERATURE (F)   66        54      1965

SUNRISE AND SUNSET
JULY 31 2014..........SUNRISE   641 AM EDT   SUNSET   844 PM EDT
AUGUST  1 2014........SUNRISE   641 AM EDT   SUNSET   843 PM EDT

-  INDICATES NEGATIVE NUMBERS.
R  INDICATES RECORD WAS SET OR TIED.
MM INDICATES DATA IS MISSING.
T  INDICATES TRACE AMOUNT.

$$
JJ
