000
CDUS43 KJKL 020558
CLILOZ

CLIMATE REPORT
NATIONAL WEATHER SERVICE JACKSON KY
157 AM EDT TUE JUN 2 2015
...................................

...THE LONDON KY CLIMATE SUMMARY FOR JUNE 1 2015...

CLIMATE NORMAL PERIOD 1981 TO 2010
CLIMATE RECORD PERIOD 1954 TO 2015

WEATHER ITEM   OBSERVED TIME   RECORD YEAR NORMAL DEPARTURE LAST
                VALUE   (LST)  VALUE       VALUE  FROM      YEAR
                                                  NORMAL
..................................................................

TEMPERATURE (F)
 YESTERDAY
  MAXIMUM         72   1022 AM  89    2011  80     -8       84
  MINIMUM         58   1159 PM  34    1966  58      0       64
  AVERAGE         65                        69     -4       74

PRECIPITATION (IN)
  YESTERDAY        1.19          1.22 1967   0.17   1.02      T
  MONTH TO DATE    1.19                      0.17   1.02      T
  SINCE JUN 1      1.19                      0.17   1.02      T
  SINCE JAN 1     21.11                     20.70   0.41    18.99

SNOWFALL (IN)
  YESTERDAY       MM
  MONTH TO DATE   MM
  SINCE JUN 1     MM
  SINCE JUL 1     MM
  SNOW DEPTH      MM

DEGREE DAYS
 HEATING
  YESTERDAY        0                         1     -1        0
  MONTH TO DATE    0                         1     -1        0
  SINCE JUN 1      0                         1     -1        0
  SINCE JUL 1   4380                      4197    183     4420

 COOLING
  YESTERDAY        0                         5     -5        9
  MONTH TO DATE    0                         5     -5        9
  SINCE JUN 1      0                         5     -5        9
  SINCE JAN 1    194                       119     75      175
..................................................................

WIND (MPH)
  HIGHEST WIND SPEED    13   HIGHEST WIND DIRECTION    NE (30)
  HIGHEST GUST SPEED    23   HIGHEST GUST DIRECTION    SW (240)
  AVERAGE WIND SPEED     5.5

SKY COVER
  POSSIBLE SUNSHINE  MM
  AVERAGE SKY COVER 1.0

WEATHER CONDITIONS
 THE FOLLOWING WEATHER WAS RECORDED YESTERDAY.
  HEAVY RAIN
  RAIN
  LIGHT RAIN
  FOG
  HAZE

RELATIVE HUMIDITY (PERCENT)
 HIGHEST    87           200 AM
 LOWEST     73          1000 AM
 AVERAGE    80
..........................................................

THE LONDON KY CLIMATE NORMALS FOR TODAY
                         NORMAL    RECORD    YEAR
 MAXIMUM TEMPERATURE (F)   80        88      1998
                                             1980
 MINIMUM TEMPERATURE (F)   58        37      1966

SUNRISE AND SUNSET
JUNE  2 2015..........SUNRISE   618 AM EDT   SUNSET   851 PM EDT
JUNE  3 2015..........SUNRISE   617 AM EDT   SUNSET   852 PM EDT

-  INDICATES NEGATIVE NUMBERS.
R  INDICATES RECORD WAS SET OR TIED.
MM INDICATES DATA IS MISSING.
T  INDICATES TRACE AMOUNT.

$$
