951
CDUS43 KJKL 161121 RRA
CLILOZ

CLIMATE REPORT
NATIONAL WEATHER SERVICE JACKSON KY
621 AM EST FRI FEB 16 2018

...................................

...THE LONDON KY CLIMATE SUMMARY FOR FEBRUARY 15 2018...

CLIMATE NORMAL PERIOD 1981 TO 2010
CLIMATE RECORD PERIOD 1954 TO 2018


WEATHER ITEM   OBSERVED TIME   RECORD YEAR NORMAL DEPARTURE LAST
                VALUE   (LST)  VALUE       VALUE  FROM      YEAR
                                                  NORMAL
..................................................................

TEMPERATURE (F)
 YESTERDAY
  MAXIMUM         74R   437 PM  69    1989  50     24       46
  MINIMUM         59    116 AM  -4    1960  29     30       31
  AVERAGE         67                        40     27       39

PRECIPITATION (IN)
  YESTERDAY        0.03          2.00 2016   0.13  -0.10     0.17
  MONTH TO DATE    5.21                      1.95   3.26     0.70
  SINCE DEC 1      9.63                      9.73  -0.10    11.08
  SINCE JAN 1      6.72                      5.49   1.23     4.78

SNOWFALL (IN)
  YESTERDAY       MM
  MONTH TO DATE   MM
  SINCE DEC 1     MM
  SINCE JUL 1     MM
  SNOW DEPTH      MM

DEGREE DAYS
 HEATING
  YESTERDAY        0                        25    -25       26
  MONTH TO DATE  373                       404    -31      336

 COOLING
  YESTERDAY        2                         0      2        0
  MONTH TO DATE    2                         0      2        0
  SINCE DEC 1      2                         1      1        0
  SINCE JAN 1      2                         0      2        0
..................................................................

WIND (MPH)
  HIGHEST WIND SPEED    21   HIGHEST WIND DIRECTION    SW (230)
  HIGHEST GUST SPEED    33   HIGHEST GUST DIRECTION    SW (240)
  AVERAGE WIND SPEED    12.1


SKY COVER
  POSSIBLE SUNSHINE  MM
  AVERAGE SKY COVER 0.7


WEATHER CONDITIONS
 THE FOLLOWING WEATHER WAS RECORDED YESTERDAY.
  LIGHT RAIN
  FOG


RELATIVE HUMIDITY (PERCENT)
 HIGHEST    97           500 AM
 LOWEST     57           300 PM
 AVERAGE    77
..........................................................

THE LONDON KY CLIMATE NORMALS FOR TODAY
                         NORMAL    RECORD    YEAR
 MAXIMUM TEMPERATURE (F)   50        69      2006
 MINIMUM TEMPERATURE (F)   30         0      1958


SUNRISE AND SUNSET
FEBRUARY 16 2018......SUNRISE   724 AM EST   SUNSET   617 PM EST
FEBRUARY 17 2018......SUNRISE   723 AM EST   SUNSET   618 PM EST


-  INDICATES NEGATIVE NUMBERS.
R  INDICATES RECORD WAS SET OR TIED.
MM INDICATES DATA IS MISSING.
T  INDICATES TRACE AMOUNT.
$$
