000
CDUS43 KJKL 180539
CLILOZ

CLIMATE REPORT
NATIONAL WEATHER SERVICE JACKSON KY
1238 AM EST SUN JAN 18 2015

...................................

...THE LONDON KY CLIMATE SUMMARY FOR JANUARY 17 2015...

CLIMATE NORMAL PERIOD 1981 TO 2010
CLIMATE RECORD PERIOD 1954 TO 2015


WEATHER ITEM   OBSERVED TIME   RECORD YEAR NORMAL DEPARTURE LAST
                VALUE   (LST)  VALUE       VALUE  FROM      YEAR
                                                  NORMAL
..................................................................
TEMPERATURE (F)
 YESTERDAY
  MAXIMUM         58    224 PM  69    1974  45     13       39
  MINIMUM         24    652 AM -15    1982  26     -2       20
  AVERAGE         41                        35      6       30

PRECIPITATION (IN)
  YESTERDAY        0.00          1.84 2006   0.11  -0.11     0.03
  MONTH TO DATE    1.74                      1.94  -0.20     2.12
  SINCE DEC 1      5.55                      6.18  -0.63     8.56
  SINCE JAN 1      1.74                      1.94  -0.20     2.12

SNOWFALL (IN)
  YESTERDAY       MM
  MONTH TO DATE   MM
  SINCE DEC 1     MM
  SINCE JUL 1     MM
  SNOW DEPTH      MM

DEGREE DAYS
 HEATING
  YESTERDAY       24                        30     -6       35
  MONTH TO DATE  555                       506     49      555
  SINCE DEC 1   1278                      1328    -50     1295
  SINCE JUL 1   2222                      2158     64     2162

 COOLING
  YESTERDAY        0                         0      0        0
  MONTH TO DATE    0                         0      0        0
  SINCE DEC 1      0                         1     -1        0
  SINCE JAN 1      0                         0      0        0
..................................................................


WIND (MPH)
  HIGHEST WIND SPEED    26   HIGHEST WIND DIRECTION    SW (230)
  HIGHEST GUST SPEED    33   HIGHEST GUST DIRECTION    SW (210)
  AVERAGE WIND SPEED     7.0


SKY COVER
  POSSIBLE SUNSHINE  MM
  AVERAGE SKY COVER 0.0


WEATHER CONDITIONS
 THE FOLLOWING WEATHER WAS RECORDED YESTERDAY.
  FOG
  HAZE


RELATIVE HUMIDITY (PERCENT)
 HIGHEST    85           900 AM
 LOWEST     25           300 PM
 AVERAGE    55

..........................................................


THE LONDON KY CLIMATE NORMALS FOR TODAY
                         NORMAL    RECORD    YEAR
 MAXIMUM TEMPERATURE (F)   45        69      1996
 MINIMUM TEMPERATURE (F)   26        -7      1994


SUNRISE AND SUNSET
JANUARY 18 2015.......SUNRISE   748 AM EST   SUNSET   546 PM EST
JANUARY 19 2015.......SUNRISE   747 AM EST   SUNSET   547 PM EST


-  INDICATES NEGATIVE NUMBERS.
R  INDICATES RECORD WAS SET OR TIED.
MM INDICATES DATA IS MISSING.
T  INDICATES TRACE AMOUNT.




$$
