000
CDUS43 KJKL 152026
CLILOZ

CLIMATE REPORT
NATIONAL WEATHER SERVICE JACKSON KY
418 PM EDT FRI APR 15 2016


...................................

...THE LONDON KY CLIMATE SUMMARY FOR APRIL 15 2016...
VALID TODAY AS OF 0400 PM LOCAL TIME.

CLIMATE NORMAL PERIOD 1981 TO 2010
CLIMATE RECORD PERIOD 1954 TO 2016


WEATHER ITEM   OBSERVED TIME   RECORD YEAR NORMAL DEPARTURE LAST
                VALUE   (LST)  VALUE       VALUE  FROM      YEAR
                                                  NORMAL
..................................................................
TEMPERATURE (F)
 TODAY
  MAXIMUM         76    243 PM  85    2006  69      7       66
                                      1977
  MINIMUM         52    310 AM  27    1963  44      8       51
  AVERAGE         64                        56      8       59

PRECIPITATION (IN)
  TODAY            0.00          1.86 1956   0.12  -0.12     0.22
  MONTH TO DATE    0.98                      1.94  -0.96     4.24
  SINCE MAR 1      3.11                      5.99  -2.88     9.57

SNOWFALL (IN)
  TODAY           MM
  MONTH TO DATE   MM
  SINCE MAR 1     MM
  SINCE JUL 1     MM
  SNOW DEPTH      MM

DEGREE DAYS
 HEATING
  TODAY            1                         9     -8        6
  MONTH TO DATE  208                       168     40       81
  SINCE MAR 1    607                       717   -110      605
  SINCE JUL 1   3523                      3993   -470     4226

 COOLING
  TODAY            0                         1     -1        0
  MONTH TO DATE    0                         7     -7       17
  SINCE MAR 1      0                        10    -10       17
  SINCE JAN 1      0                        10    -10       17
..................................................................


WIND (MPH)
  HIGHEST WIND SPEED    12   HIGHEST WIND DIRECTION    SE (150)
  HIGHEST GUST SPEED    15   HIGHEST GUST DIRECTION    SE (150)
  AVERAGE WIND SPEED     3.5


SKY COVER
  POSSIBLE SUNSHINE  MM
  AVERAGE SKY COVER 0.5


WEATHER CONDITIONS
 THE FOLLOWING WEATHER WAS RECORDED TODAY.
  NO SIGNIFICANT WEATHER WAS OBSERVED.


RELATIVE HUMIDITY (PERCENT)
 HIGHEST    59           400 AM
 LOWEST     25           300 PM
 AVERAGE    42

..........................................................


THE LONDON KY CLIMATE NORMALS FOR TOMORROW
                         NORMAL    RECORD    YEAR
 MAXIMUM TEMPERATURE (F)   69        86      2002
 MINIMUM TEMPERATURE (F)   45        25      1962


SUNRISE AND SUNSET
APRIL 15 2016.........SUNRISE   701 AM EDT   SUNSET   812 PM EDT
APRIL 16 2016.........SUNRISE   700 AM EDT   SUNSET   813 PM EDT


-  INDICATES NEGATIVE NUMBERS.
R  INDICATES RECORD WAS SET OR TIED.
MM INDICATES DATA IS MISSING.
T  INDICATES TRACE AMOUNT.




$$
