477
CDUS43 KJKL 182020
CLILOZ

CLIMATE REPORT
NATIONAL WEATHER SERVICE JACKSON KY
420 PM EDT SUN SEP 18 2016

...................................

...THE LONDON KY CLIMATE SUMMARY FOR SEPTEMBER 18 2016...
VALID TODAY AS OF 0400 PM LOCAL TIME.

CLIMATE NORMAL PERIOD 1981 TO 2010
CLIMATE RECORD PERIOD 1954 TO 2016

WEATHER ITEM   OBSERVED TIME   RECORD YEAR NORMAL DEPARTURE LAST
                VALUE   (LST)  VALUE       VALUE  FROM      YEAR
                                                  NORMAL
..................................................................
TEMPERATURE (F)
 TODAY
  MAXIMUM         71    259 PM  91    1998  79     -8       85
  MINIMUM         69    129 PM  41    1961  56     13       54
  AVERAGE         70                        68      2       70

PRECIPITATION (IN)
  TODAY            0.80          2.44 1992   0.11   0.69     0.00
  MONTH TO DATE    1.06                      2.02  -0.96     2.26
  SINCE SEP 1      1.06                      2.02  -0.96     2.26

SNOWFALL (IN)
  TODAY           MM
  MONTH TO DATE   MM
  SINCE SEP 1     MM
  SINCE JUL 1     MM
  SNOW DEPTH      MM

DEGREE DAYS
 HEATING
  TODAY            0                         2     -2        0
  MONTH TO DATE    0                         9     -9       12
  SINCE SEP 1      0                         9     -9       12
  SINCE JUL 1      0                        10    -10       12

 COOLING
  TODAY            5                         4      1        5
  MONTH TO DATE  166                       109     57      142
  SINCE SEP 1    166                       109     57      142
  SINCE JAN 1   1389                      1133    256     1313
..................................................................

WIND (MPH)
  HIGHEST WIND SPEED     8   HIGHEST WIND DIRECTION    SE (120)
  HIGHEST GUST SPEED    30   HIGHEST GUST DIRECTION    SW (210)
  AVERAGE WIND SPEED     1.5

SKY COVER
  POSSIBLE SUNSHINE  MM
  AVERAGE SKY COVER 1.0

WEATHER CONDITIONS
 THE FOLLOWING WEATHER WAS RECORDED TODAY.
  THUNDERSTORM
  HEAVY RAIN
  RAIN
  LIGHT RAIN
  FOG

RELATIVE HUMIDITY (PERCENT)
 HIGHEST    90          1200 AM
 LOWEST     90          1200 AM
 AVERAGE    90
..........................................................

THE LONDON KY CLIMATE NORMALS FOR TOMORROW
                         NORMAL    RECORD    YEAR
 MAXIMUM TEMPERATURE (F)   79        92      2005
                                             1978
 MINIMUM TEMPERATURE (F)   56        39      1956

SUNRISE AND SUNSET
SEPTEMBER 18 2016.....SUNRISE   721 AM EDT   SUNSET   739 PM EDT
SEPTEMBER 19 2016.....SUNRISE   722 AM EDT   SUNSET   737 PM EDT

-  INDICATES NEGATIVE NUMBERS.
R  INDICATES RECORD WAS SET OR TIED.
MM INDICATES DATA IS MISSING.
T  INDICATES TRACE AMOUNT.

$$

TAB
