000
CDUS43 KJKL 200857
CLILOZ

CLIMATE REPORT
NATIONAL WEATHER SERVICE JACKSON KY
457 AM EDT WED MAY 20 2015

...................................

...THE LONDON KY CLIMATE SUMMARY FOR MAY 19 2015...

CLIMATE NORMAL PERIOD 1981 TO 2010
CLIMATE RECORD PERIOD 1954 TO 2015


WEATHER ITEM   OBSERVED TIME   RECORD YEAR NORMAL DEPARTURE LAST
                VALUE   (LST)  VALUE       VALUE  FROM      YEAR
                                                  NORMAL
..................................................................

TEMPERATURE (F)
 YESTERDAY
  MAXIMUM         81    517 PM  90    1962  77      4       75
  MINIMUM         58   1159 PM  32    1976  54      4       42
  AVERAGE         70                        66      4       59

PRECIPITATION (IN)
  YESTERDAY        0.00          1.70 1981   0.16  -0.16     0.00
  MONTH TO DATE    0.64                      3.16  -2.52     1.43
  SINCE MAR 1     11.52                     11.26   0.26    11.68
  SINCE JAN 1     18.99                     18.51   0.48    18.19

SNOWFALL (IN)
  YESTERDAY       MM
  MONTH TO DATE   MM
  SINCE MAR 1     MM
  SINCE JUL 1     MM
  SNOW DEPTH      MM

DEGREE DAYS
 HEATING
  YESTERDAY        0                         3     -3        6
  MONTH TO DATE   24                        73    -49       82
  SINCE MAR 1    742                       898   -156      912
  SINCE JUL 1   4363                      4174    189     4419

 COOLING
  YESTERDAY        5                         3      2        0
  MONTH TO DATE  104                        39     65       66
  SINCE MAR 1    127                        65     62       91
  SINCE JAN 1    127                        65     62       91
..................................................................

WIND (MPH)
  HIGHEST WIND SPEED    14   HIGHEST WIND DIRECTION     W (280)
  HIGHEST GUST SPEED    23   HIGHEST GUST DIRECTION    NW (310)
  AVERAGE WIND SPEED     4.9


SKY COVER
  POSSIBLE SUNSHINE  MM
  AVERAGE SKY COVER 0.5


WEATHER CONDITIONS
 THE FOLLOWING WEATHER WAS RECORDED YESTERDAY.
  FOG
  HAZE


RELATIVE HUMIDITY (PERCENT)
 HIGHEST    87           200 AM
 LOWEST     42           500 PM
 AVERAGE    65
..........................................................

THE LONDON KY CLIMATE NORMALS FOR TODAY
                         NORMAL    RECORD    YEAR
 MAXIMUM TEMPERATURE (F)   77        90      1977
 MINIMUM TEMPERATURE (F)   54        37      2002


SUNRISE AND SUNSET
MAY 20 2015...........SUNRISE   625 AM EDT   SUNSET   842 PM EDT
MAY 21 2015...........SUNRISE   624 AM EDT   SUNSET   842 PM EDT


-  INDICATES NEGATIVE NUMBERS.
R  INDICATES RECORD WAS SET OR TIED.
MM INDICATES DATA IS MISSING.
T  INDICATES TRACE AMOUNT.
$$
