000
CDUS43 KJKL 112129
CLILOZ

CLIMATE REPORT
NATIONAL WEATHER SERVICE JACKSON KY
429 PM EST THU JAN 11 2018

...................................

...THE LONDON KY CLIMATE SUMMARY FOR JANUARY 11 2018...
VALID TODAY AS OF 0400 PM LOCAL TIME.

CLIMATE NORMAL PERIOD 1981 TO 2010
CLIMATE RECORD PERIOD 1954 TO 2018

WEATHER ITEM   OBSERVED TIME   RECORD YEAR NORMAL DEPARTURE LAST
                VALUE   (LST)  VALUE       VALUE  FROM      YEAR
                                                  NORMAL
..................................................................
TEMPERATURE (F)
 TODAY
  MAXIMUM         65    103 PM  66    1963  44     21       59
  MINIMUM         39    430 AM -13    1962  26     13       48
  AVERAGE         52                        35     17       54

PRECIPITATION (IN)
  TODAY            0.13          1.19 2012   0.12   0.01     0.24
  MONTH TO DATE    0.52                      1.27  -0.75     1.17
  SINCE DEC 1      3.43                      5.51  -2.08     7.47
  SINCE JAN 1      0.52                      1.27  -0.75     1.17

SNOWFALL (IN)
  TODAY           MM
  MONTH TO DATE   MM
  SINCE DEC 1     MM
  SINCE JUL 1     MM
  SNOW DEPTH      MM

DEGREE DAYS
 HEATING
  TODAY           13                        30              11

 COOLING
  TODAY            0                         0      0        0
  MONTH TO DATE    0                         0      0        0
  SINCE DEC 1      0                         1     -1        0
  SINCE JAN 1      0                         0      0        0
..................................................................

WIND (MPH)
  HIGHEST WIND SPEED    15   HIGHEST WIND DIRECTION     S (170)
  HIGHEST GUST SPEED    23   HIGHEST GUST DIRECTION    SE (150)
  AVERAGE WIND SPEED     3.3

SKY COVER
  POSSIBLE SUNSHINE  MM
  AVERAGE SKY COVER 0.7

WEATHER CONDITIONS
 THE FOLLOWING WEATHER WAS RECORDED TODAY.
  RAIN
  LIGHT RAIN
  FOG

RELATIVE HUMIDITY (PERCENT)
 HIGHEST   100           300 PM
 LOWEST     67           100 PM
 AVERAGE    84

..........................................................

THE LONDON KY CLIMATE NORMALS FOR TOMORROW
                         NORMAL    RECORD    YEAR
 MAXIMUM TEMPERATURE (F)   44        68      1995
 MINIMUM TEMPERATURE (F)   26        -4      1981

SUNRISE AND SUNSET
JANUARY 11 2018.......SUNRISE   750 AM EST   SUNSET   539 PM EST
JANUARY 12 2018.......SUNRISE   750 AM EST   SUNSET   540 PM EST

-  INDICATES NEGATIVE NUMBERS.
R  INDICATES RECORD WAS SET OR TIED.
MM INDICATES DATA IS MISSING.
T  INDICATES TRACE AMOUNT.

$$

CARICO
