000
CDUS43 KJKL 052027
CLILOZ

CLIMATE REPORT
NATIONAL WEATHER SERVICE JACKSON KY
427 PM EDT THU OCT 5 2017

...................................

...THE LONDON KY CLIMATE SUMMARY FOR OCTOBER 5 2017...
VALID TODAY AS OF 0400 PM LOCAL TIME.

CLIMATE NORMAL PERIOD 1981 TO 2010
CLIMATE RECORD PERIOD 1954 TO 2017


WEATHER ITEM   OBSERVED TIME   RECORD YEAR NORMAL DEPARTURE LAST
                VALUE   (LST)  VALUE       VALUE  FROM      YEAR
                                                  NORMAL
..................................................................
TEMPERATURE (F)
 TODAY
  MAXIMUM         82    149 PM  88    2007  73      9       83
                                      1959
  MINIMUM         50    634 AM  28    1968  49      1       55
  AVERAGE         66                        61      5       69

PRECIPITATION (IN)
  TODAY            0.00          2.14 1995   0.10  -0.10     0.00
  MONTH TO DATE    0.00                      0.48  -0.48     0.00
  SINCE SEP 1      1.79                      3.85  -2.06     1.18

SNOWFALL (IN)
  TODAY           MM
  MONTH TO DATE   MM
  SINCE SEP 1     MM
  SINCE JUL 1     MM
  SNOW DEPTH      MM

DEGREE DAYS
 HEATING
  TODAY            0                         5     -5        0
  MONTH TO DATE    4                        24    -20       12
  SINCE SEP 1     45                        70    -25       33
  SINCE JUL 1     45                        71    -26       33

 COOLING
  TODAY            1                         1      0        4
  MONTH TO DATE    1                         7     -6        8
  SINCE SEP 1    125                       150    -25      240
  SINCE JAN 1   1094                      1174    -80     1463
..................................................................

WIND (MPH)
  HIGHEST WIND SPEED     7   HIGHEST WIND DIRECTION     S (200)
  HIGHEST GUST SPEED    13   HIGHEST GUST DIRECTION     W (250)
  AVERAGE WIND SPEED     1.2


SKY COVER
  POSSIBLE SUNSHINE  MM
  AVERAGE SKY COVER 0.0


WEATHER CONDITIONS
 THE FOLLOWING WEATHER WAS RECORDED TODAY.
  FOG


RELATIVE HUMIDITY (PERCENT)
 HIGHEST   100           300 AM
 LOWEST     36           300 PM
 AVERAGE    68

..........................................................

THE LONDON KY CLIMATE NORMALS FOR TOMORROW
                         NORMAL    RECORD    YEAR
 MAXIMUM TEMPERATURE (F)   73        90      2007
 MINIMUM TEMPERATURE (F)   48        30      1964


SUNRISE AND SUNSET
OCTOBER  5 2017.......SUNRISE   735 AM EDT   SUNSET   713 PM EDT
OCTOBER  6 2017.......SUNRISE   736 AM EDT   SUNSET   712 PM EDT


-  INDICATES NEGATIVE NUMBERS.
R  INDICATES RECORD WAS SET OR TIED.
MM INDICATES DATA IS MISSING.
T  INDICATES TRACE AMOUNT.

$$

CGAL
