000
CDUS43 KJKL 130546
CLILOZ

CLIMATE REPORT
NATIONAL WEATHER SERVICE JACKSON KY
1246 AM EST SAT DEC 13 2014
...................................

...THE LONDON KY CLIMATE SUMMARY FOR DECEMBER 12 2014...

CLIMATE NORMAL PERIOD 1981 TO 2010
CLIMATE RECORD PERIOD 1954 TO 2014

WEATHER ITEM   OBSERVED TIME   RECORD YEAR NORMAL DEPARTURE LAST
                VALUE   (LST)  VALUE       VALUE  FROM      YEAR
                                                  NORMAL
..................................................................
TEMPERATURE (F)
 YESTERDAY
  MAXIMUM         46    411 PM  67    1972  48     -2       34
  MINIMUM         21    726 AM -12    1962  30     -9       20
  AVERAGE         34                        39     -5       27

PRECIPITATION (IN)
  YESTERDAY        0.00          2.38 1956   0.15  -0.15     0.00
  MONTH TO DATE    1.84                      1.76   0.08     3.58
  SINCE DEC 1      1.84                      1.76   0.08     3.58
  SINCE JAN 1        MM                     44.66     MM    53.56

SNOWFALL (IN)
  YESTERDAY       MM
  MONTH TO DATE   MM
  SINCE DEC 1     MM
  SINCE JUL 1     MM
  SNOW DEPTH      MM

DEGREE DAYS
 HEATING
  YESTERDAY       31                        26      5       38
  MONTH TO DATE  259                       293    -34      279
  SINCE DEC 1    259                       293    -34      279
  SINCE JUL 1   1203                      1123     80     1146

 COOLING
  YESTERDAY        0                         0      0        0
  MONTH TO DATE    0                         0      0        0
  SINCE DEC 1      0                         0      0        0
  SINCE JAN 1     MM                      1190     MM     1083
..................................................................

WIND (MPH)
  HIGHEST WIND SPEED     9   HIGHEST WIND DIRECTION     W (250)
  HIGHEST GUST SPEED    13   HIGHEST GUST DIRECTION     W (270)
  AVERAGE WIND SPEED     1.9

SKY COVER
  POSSIBLE SUNSHINE  MM
  AVERAGE SKY COVER 0.0

WEATHER CONDITIONS
 THE FOLLOWING WEATHER WAS RECORDED YESTERDAY.
  FOG

RELATIVE HUMIDITY (PERCENT)
 HIGHEST    88           400 AM
 LOWEST     41           300 PM
 AVERAGE    65
..........................................................

THE LONDON KY CLIMATE NORMALS FOR TODAY
                         NORMAL    RECORD    YEAR
 MAXIMUM TEMPERATURE (F)   48        67      2007
                                             1984
 MINIMUM TEMPERATURE (F)   30       -17      1962

SUNRISE AND SUNSET
DECEMBER 13 2014......SUNRISE   741 AM EST   SUNSET   520 PM EST
DECEMBER 14 2014......SUNRISE   742 AM EST   SUNSET   520 PM EST

-  INDICATES NEGATIVE NUMBERS.
R  INDICATES RECORD WAS SET OR TIED.
MM INDICATES DATA IS MISSING.
T  INDICATES TRACE AMOUNT.

$$
