000
CDUS43 KJKL 102024 RRA
CLILOZ

CLIMATE REPORT
NATIONAL WEATHER SERVICE JACKSON KY
424 PM EDT WED AUG 10 2016

...................................

...THE LONDON KY CLIMATE SUMMARY FOR AUGUST 10 2016...
VALID TODAY AS OF 0400 PM LOCAL TIME.

CLIMATE NORMAL PERIOD 1981 TO 2010
CLIMATE RECORD PERIOD 1954 TO 2016

WEATHER ITEM   OBSERVED TIME   RECORD YEAR NORMAL DEPARTURE LAST
                VALUE   (LST)  VALUE       VALUE  FROM      YEAR
                                                  NORMAL
..................................................................
TEMPERATURE (F)
 TODAY
  MAXIMUM         89    255 PM  98    1980  86      3       84
  MINIMUM         72    550 AM  51    1976  66      6       72
  AVERAGE         81                        76      5       78

PRECIPITATION (IN)
  TODAY            0.00          1.78 2006   0.13  -0.13     0.09
  MONTH TO DATE    1.84                      1.29   0.55     1.28
  SINCE JUN 1     12.56                      9.73   2.83    17.48

SNOWFALL (IN)
  TODAY           MM
  MONTH TO DATE   MM
  SINCE JUN 1     MM
  SINCE JUL 1     MM
  SNOW DEPTH      MM

DEGREE DAYS
 HEATING
  TODAY            0                         0      0        0
  MONTH TO DATE    0                         0      0        0
  SINCE JUN 1      2                         9     -7        2
  SINCE JUL 1      0                         0      0        0

 COOLING
  TODAY           16                        11      5       13
  MONTH TO DATE  139                       110     29      112
  SINCE JUN 1    853                       703    150      809
  SINCE JAN 1    955                       817    138     1003
..................................................................

WIND (MPH)
  HIGHEST WIND SPEED     9   HIGHEST WIND DIRECTION     S (190)
  HIGHEST GUST SPEED    12   HIGHEST GUST DIRECTION     S (190)
  AVERAGE WIND SPEED     1.8

SKY COVER
  POSSIBLE SUNSHINE  MM
  AVERAGE SKY COVER 0.4

WEATHER CONDITIONS
 THE FOLLOWING WEATHER WAS RECORDED TODAY.
  NO SIGNIFICANT WEATHER WAS OBSERVED.

RELATIVE HUMIDITY (PERCENT)
 HIGHEST    84           300 AM
 LOWEST     53           200 PM
 AVERAGE    69
..........................................................

THE LONDON KY CLIMATE NORMALS FOR TOMORROW
                         NORMAL    RECORD    YEAR
 MAXIMUM TEMPERATURE (F)   86        94      2010
                                             1999
                                             1983
 MINIMUM TEMPERATURE (F)   65        50      1962

SUNRISE AND SUNSET
AUGUST 10 2016........SUNRISE   649 AM EDT   SUNSET   833 PM EDT
AUGUST 11 2016........SUNRISE   650 AM EDT   SUNSET   832 PM EDT

-  INDICATES NEGATIVE NUMBERS.
R  INDICATES RECORD WAS SET OR TIED.
MM INDICATES DATA IS MISSING.
T  INDICATES TRACE AMOUNT.

$$

TAB
