000
CDUS43 KJKL 090530
CLILOZ

CLIMATE REPORT
NATIONAL WEATHER SERVICE JACKSON KY
130 AM EDT TUE AUG 9 2016

...................................

...THE LONDON KY CLIMATE SUMMARY FOR AUGUST 8 2016...

CLIMATE NORMAL PERIOD 1981 TO 2010
CLIMATE RECORD PERIOD 1954 TO 2016


WEATHER ITEM   OBSERVED TIME   RECORD YEAR NORMAL DEPARTURE LAST
                VALUE   (LST)  VALUE       VALUE  FROM      YEAR
                                                  NORMAL
..................................................................
TEMPERATURE (F)
 YESTERDAY
  MAXIMUM         85    452 PM  96    2007  86     -1       86
  MINIMUM         69    552 AM  46    1986  66      3       65
  AVERAGE         77                        76      1       76

PRECIPITATION (IN)
  YESTERDAY        0.00          1.62 1964   0.13  -0.13     0.00
  MONTH TO DATE    1.83                      1.02   0.81     1.19
  SINCE JUN 1     12.55                      9.46   3.09    17.39

SNOWFALL (IN)
  YESTERDAY       MM
  MONTH TO DATE   MM
  SINCE JUN 1     MM
  SINCE JUL 1     MM
  SNOW DEPTH      MM

DEGREE DAYS
 HEATING
  YESTERDAY        0                         0      0        0
  MONTH TO DATE    0                         0      0        0
  SINCE JUN 1      2                         9     -7        2
  SINCE JUL 1      0                         0      0        0

 COOLING
  YESTERDAY       12                        11      1       11
  MONTH TO DATE  108                        88     20       88
  SINCE JUN 1    822                       681    141      785
  SINCE JAN 1    924                       795    129      979
..................................................................

WIND (MPH)
  HIGHEST WIND SPEED    10   HIGHEST WIND DIRECTION     E (70)
  HIGHEST GUST SPEED    14   HIGHEST GUST DIRECTION     E (90)
  AVERAGE WIND SPEED     4.0

SKY COVER
  POSSIBLE SUNSHINE  MM
  AVERAGE SKY COVER 0.7

WEATHER CONDITIONS
 THE FOLLOWING WEATHER WAS RECORDED YESTERDAY.
  NO SIGNIFICANT WEATHER WAS OBSERVED.

RELATIVE HUMIDITY (PERCENT)
 HIGHEST    82          1100 PM
 LOWEST     64          1200 AM
 AVERAGE    73

..........................................................

THE LONDON KY CLIMATE NORMALS FOR TODAY
                         NORMAL    RECORD    YEAR
 MAXIMUM TEMPERATURE (F)   86        98      2007
 MINIMUM TEMPERATURE (F)   66        48      1989

SUNRISE AND SUNSET
AUGUST  9 2016........SUNRISE   648 AM EDT   SUNSET   834 PM EDT
AUGUST 10 2016........SUNRISE   649 AM EDT   SUNSET   833 PM EDT

-  INDICATES NEGATIVE NUMBERS.
R  INDICATES RECORD WAS SET OR TIED.
MM INDICATES DATA IS MISSING.
T  INDICATES TRACE AMOUNT.

$$
