273
CDUS43 KJKL 260535
CLILOZ

CLIMATE REPORT
NATIONAL WEATHER SERVICE JACKSON KY
135 AM EDT TUE APR 26 2016

...................................

...THE LONDON KY CLIMATE SUMMARY FOR APRIL 25 2016...

CLIMATE NORMAL PERIOD 1981 TO 2010
CLIMATE RECORD PERIOD 1954 TO 2016

WEATHER ITEM   OBSERVED TIME   RECORD YEAR NORMAL DEPARTURE LAST
                VALUE   (LST)  VALUE       VALUE  FROM      YEAR
                                                  NORMAL
..................................................................
TEMPERATURE (F)
 YESTERDAY
  MAXIMUM         82    307 PM  88    2009  71     11       81
  MINIMUM         50    445 AM  31    1967  47      3       53
  AVERAGE         66                        59      7       67

PRECIPITATION (IN)
  YESTERDAY        0.00          1.60 1975   0.15  -0.15     0.43
  MONTH TO DATE    1.23                      3.35  -2.12     5.46
  SINCE MAR 1      3.36                      7.40  -4.04    10.79

SNOWFALL (IN)
  YESTERDAY       MM
  MONTH TO DATE   MM
  SINCE MAR 1     MM
  SINCE JUL 1     MM
  SNOW DEPTH      MM

DEGREE DAYS
 HEATING
  YESTERDAY        0                         7     -7        0
  MONTH TO DATE  228                       246    -18      142
  SINCE MAR 1    627                       795   -168      666
  SINCE JUL 1   3543                      4071   -528     4287

 COOLING
  YESTERDAY        1                         1      0        2
  MONTH TO DATE   10                        17     -7       23
  SINCE MAR 1     10                        20    -10       23
  SINCE JAN 1     10                        20    -10       23
..................................................................

WIND (MPH)
  HIGHEST WIND SPEED    16   HIGHEST WIND DIRECTION     W (250)
  HIGHEST GUST SPEED    22   HIGHEST GUST DIRECTION    SW (210)
  AVERAGE WIND SPEED     5.5

SKY COVER
  POSSIBLE SUNSHINE  MM
  AVERAGE SKY COVER 0.3

WEATHER CONDITIONS
 THE FOLLOWING WEATHER WAS RECORDED YESTERDAY.
  NO SIGNIFICANT WEATHER WAS OBSERVED.

RELATIVE HUMIDITY (PERCENT)
 HIGHEST    89           700 AM
 LOWEST     33           300 PM
 AVERAGE    61

..........................................................

THE LONDON KY CLIMATE NORMALS FOR TODAY
                         NORMAL    RECORD    YEAR
 MAXIMUM TEMPERATURE (F)   72        87      1984
 MINIMUM TEMPERATURE (F)   48        33      1968

SUNRISE AND SUNSET
APRIL 26 2016.........SUNRISE   647 AM EDT   SUNSET   821 PM EDT
APRIL 27 2016.........SUNRISE   646 AM EDT   SUNSET   822 PM EDT

-  INDICATES NEGATIVE NUMBERS.
R  INDICATES RECORD WAS SET OR TIED.
MM INDICATES DATA IS MISSING.
T  INDICATES TRACE AMOUNT.

$$
