000
CDUS43 KJKL 100540
CLILOZ

CLIMATE REPORT
NATIONAL WEATHER SERVICE JACKSON KY
140 AM EDT MON APR 10 2017


...................................

...THE LONDON KY CLIMATE SUMMARY FOR APRIL 9 2017...

CLIMATE NORMAL PERIOD 1981 TO 2010
CLIMATE RECORD PERIOD 1954 TO 2017


WEATHER ITEM   OBSERVED TIME   RECORD YEAR NORMAL DEPARTURE LAST
                VALUE   (LST)  VALUE       VALUE  FROM      YEAR
                                                  NORMAL
..................................................................
TEMPERATURE (F)
 YESTERDAY
  MAXIMUM         76    513 PM  86    2015  67      9       45
  MINIMUM         36    641 AM  23    2007  43     -7       31
                                      1972
  AVERAGE         56                        55      1       38

PRECIPITATION (IN)
  YESTERDAY        0.00          0.99 1961   0.14  -0.14     0.00
  MONTH TO DATE    0.75                      1.16  -0.41     0.79
  SINCE MAR 1      5.78                      5.21   0.57     2.92

SNOWFALL (IN)
  YESTERDAY       MM
  MONTH TO DATE   MM
  SINCE MAR 1     MM
  SINCE JUL 1     MM
  SNOW DEPTH      MM

DEGREE DAYS
 HEATING
  YESTERDAY        9                        11     -2       27
  MONTH TO DATE   88                       108    -20      154
  SINCE MAR 1    601                       657    -56      553
  SINCE JUL 1   3196                      3933   -737     3469

COOLING
  YESTERDAY        0                         1     -1        0
  MONTH TO DATE    0                         1     -1        0
  SINCE MAR 1      3                         4     -1        0
  SINCE JAN 1      3                         4     -1        0
..................................................................


WIND (MPH)
  HIGHEST WIND SPEED    15   HIGHEST WIND DIRECTION     S (180)
  HIGHEST GUST SPEED    21   HIGHEST GUST DIRECTION     S (180)
  AVERAGE WIND SPEED     4.9


SKY COVER
  POSSIBLE SUNSHINE  MM
  AVERAGE SKY COVER 0.0


WEATHER CONDITIONS
 THE FOLLOWING WEATHER WAS RECORDED YESTERDAY.
  NO SIGNIFICANT WEATHER WAS OBSERVED.


RELATIVE HUMIDITY (PERCENT)
 HIGHEST    85           400 AM
 LOWEST     15           500 PM
 AVERAGE    50

..........................................................


THE LONDON KY CLIMATE NORMALS FOR TODAY
                         NORMAL    RECORD    YEAR
 MAXIMUM TEMPERATURE (F)   67        90      1995
 MINIMUM TEMPERATURE (F)   43        24      1960


SUNRISE AND SUNSET
APRIL 10 2017.........SUNRISE   709 AM EDT   SUNSET   807 PM EDT
APRIL 11 2017.........SUNRISE   707 AM EDT   SUNSET   808 PM EDT


-  INDICATES NEGATIVE NUMBERS.
R  INDICATES RECORD WAS SET OR TIED.
MM INDICATES DATA IS MISSING.
T  INDICATES TRACE AMOUNT.




$$
