000
CDUS43 KJKL 180530
CLILOZ

CLIMATE REPORT
NATIONAL WEATHER SERVICE JACKSON KY
130 AM EDT THU MAY 18 2017

...................................

...THE LONDON KY CLIMATE SUMMARY FOR MAY 17 2017...

CLIMATE NORMAL PERIOD 1981 TO 2010
CLIMATE RECORD PERIOD 1954 TO 2017

WEATHER ITEM   OBSERVED TIME   RECORD YEAR NORMAL DEPARTURE LAST
                VALUE   (LST)  VALUE       VALUE  FROM      YEAR
                                                  NORMAL
..................................................................
TEMPERATURE (F)
 YESTERDAY
  MAXIMUM         87    248 PM  89    1962  77     10       67
  MINIMUM         62    555 AM  36    1983  54      8       49
  AVERAGE         75                        65     10       58

PRECIPITATION (IN)
  YESTERDAY        0.00          1.89 1963   0.17  -0.17     0.39
  MONTH TO DATE    4.28                      2.84   1.44     3.12
  SINCE MAR 1     14.64                     10.94   3.70     8.15

SNOWFALL (IN)
  YESTERDAY       MM
  MONTH TO DATE   MM
  SINCE MAR 1     MM
  SINCE JUL 1     MM
  SNOW DEPTH      MM

DEGREE DAYS
 HEATING
  YESTERDAY        0                         3     -3        7
  MONTH TO DATE   75                        67      8       97
  SINCE MAR 1    712                       892   -180      727
  SINCE JUL 1   3307                      4168   -861     3643

 COOLING
  YESTERDAY       10                         3      7        0
  MONTH TO DATE   33                        33      0       25
  SINCE MAR 1     90                        59     31       47
  SINCE JAN 1     90                        59     31       47
..................................................................

WIND (MPH)
  HIGHEST WIND SPEED    18   HIGHEST WIND DIRECTION     S (200)
  HIGHEST GUST SPEED    29   HIGHEST GUST DIRECTION     S (200)
  AVERAGE WIND SPEED     5.5

SKY COVER
  POSSIBLE SUNSHINE  MM
  AVERAGE SKY COVER 0.0

WEATHER CONDITIONS
 THE FOLLOWING WEATHER WAS RECORDED YESTERDAY.
  NO SIGNIFICANT WEATHER WAS OBSERVED.

RELATIVE HUMIDITY (PERCENT)
 HIGHEST    84           200 AM
 LOWEST     27           100 PM
 AVERAGE    56
..........................................................

THE LONDON KY CLIMATE NORMALS FOR TODAY
                         NORMAL    RECORD    YEAR
 MAXIMUM TEMPERATURE (F)   77        90      1962
 MINIMUM TEMPERATURE (F)   54        33      1973

SUNRISE AND SUNSET
MAY 18 2017...........SUNRISE   626 AM EDT   SUNSET   840 PM EDT
MAY 19 2017...........SUNRISE   625 AM EDT   SUNSET   841 PM EDT

-  INDICATES NEGATIVE NUMBERS.
R  INDICATES RECORD WAS SET OR TIED.
MM INDICATES DATA IS MISSING.
T  INDICATES TRACE AMOUNT.

$$

GEOGERIAN
