000
CDUS43 KJKL 250543
CLILOZ

CLIMATE REPORT
NATIONAL WEATHER SERVICE JACKSON KY
1243 AM EST WED FEB 25 2015

...................................

...THE LONDON KY CLIMATE SUMMARY FOR FEBRUARY 24 2015...

CLIMATE NORMAL PERIOD 1981 TO 2010
CLIMATE RECORD PERIOD 1954 TO 2015


WEATHER ITEM   OBSERVED TIME   RECORD YEAR NORMAL DEPARTURE LAST
                VALUE   (LST)  VALUE       VALUE  FROM      YEAR
                                                  NORMAL
..................................................................
TEMPERATURE (F)
 YESTERDAY
  MAXIMUM         35    538 PM  70    2000  52    -17       44
                                      1982
  MINIMUM         15    510 AM   2    1967  31    -16       25
  AVERAGE         25                        42    -17       35

PRECIPITATION (IN)
  YESTERDAY        0.00          1.63 1972   0.14  -0.14     0.00
  MONTH TO DATE    5.09                      3.17   1.92     4.23
  SINCE DEC 1     11.28                     10.95   0.33    12.95
  SINCE JAN 1      7.47                      6.71   0.76     6.51

SNOWFALL (IN)
  YESTERDAY       MM
  MONTH TO DATE   MM
  SINCE DEC 1     MM
  SINCE JUL 1     MM
  SNOW DEPTH      MM

DEGREE DAYS
 HEATING
  YESTERDAY       40                        23     17       30
  MONTH TO DATE  868                       621    247      642
  SINCE DEC 1   2533                      2354    179     2506
  SINCE JUL 1   3477                      3184    293     3373

 COOLING
  YESTERDAY        0                         0      0        0
  MONTH TO DATE    0                         0      0        0
  SINCE DEC 1      0                         1     -1        0
  SINCE JAN 1      0                         0      0        0
..................................................................

WIND (MPH)
  HIGHEST WIND SPEED    17   HIGHEST WIND DIRECTION     W (250)
  HIGHEST GUST SPEED    22   HIGHEST GUST DIRECTION     W (250)
  AVERAGE WIND SPEED     5.3

SKY COVER
  POSSIBLE SUNSHINE  MM
  AVERAGE SKY COVER 0.5

WEATHER CONDITIONS
 THE FOLLOWING WEATHER WAS RECORDED YESTERDAY.
  NO SIGNIFICANT WEATHER WAS OBSERVED.

RELATIVE HUMIDITY (PERCENT)
 HIGHEST    74           900 AM
 LOWEST     27           500 PM
 AVERAGE    51

..........................................................

THE LONDON KY CLIMATE NORMALS FOR TODAY
                         NORMAL    RECORD    YEAR
 MAXIMUM TEMPERATURE (F)   53        74      2000
 MINIMUM TEMPERATURE (F)   32        -3      1967

SUNRISE AND SUNSET
FEBRUARY 25 2015......SUNRISE   713 AM EST   SUNSET   626 PM EST
FEBRUARY 26 2015......SUNRISE   712 AM EST   SUNSET   627 PM EST

-  INDICATES NEGATIVE NUMBERS.
R  INDICATES RECORD WAS SET OR TIED.
MM INDICATES DATA IS MISSING.
T  INDICATES TRACE AMOUNT.

$$
