000
CDUS43 KJKL 250538
CLILOZ

CLIMATE REPORT
NATIONAL WEATHER SERVICE JACKSON KY
138 AM EDT MON MAY 25 2015


...................................

...THE LONDON KY CLIMATE SUMMARY FOR MAY 24 2015...

CLIMATE NORMAL PERIOD 1981 TO 2010
CLIMATE RECORD PERIOD 1954 TO 2015


WEATHER ITEM   OBSERVED TIME   RECORD YEAR NORMAL DEPARTURE LAST
                VALUE   (LST)  VALUE       VALUE  FROM      YEAR
                                                  NORMAL
..................................................................
TEMPERATURE (F)
 YESTERDAY
  MAXIMUM         84    257 PM  89    1958  78      6       79
  MINIMUM         54    559 AM  36    1961  56     -2       49
  AVERAGE         69                        67      2       64

PRECIPITATION (IN)
  YESTERDAY        0.00          1.26 1978   0.17  -0.17     0.00
  MONTH TO DATE    0.64                      3.98  -3.34     2.08
  SINCE MAR 1     11.52                     12.08  -0.56    12.33
  SINCE JAN 1     18.99                     19.33  -0.34    18.84

SNOWFALL (IN)
  YESTERDAY       MM
  MONTH TO DATE   MM
  SINCE MAR 1     MM
  SINCE JUL 1     MM
  SNOW DEPTH      MM

DEGREE DAYS
 HEATING
  YESTERDAY        0                         2     -2        1
  MONTH TO DATE   41                        84    -43       83
  SINCE MAR 1    759                       909   -150      913
  SINCE JUL 1   4380                      4185    195     4420

COOLING
  YESTERDAY        4                         4      0        0
  MONTH TO DATE  108                        57     51       87
  SINCE MAR 1    131                        83     48      112
  SINCE JAN 1    131                        83     48      112
..................................................................


WIND (MPH)
  HIGHEST WIND SPEED    15   HIGHEST WIND DIRECTION     S (190)
  HIGHEST GUST SPEED    20   HIGHEST GUST DIRECTION     S (180)
  AVERAGE WIND SPEED     4.9


SKY COVER
  POSSIBLE SUNSHINE  MM
  AVERAGE SKY COVER 0.0


WEATHER CONDITIONS
 THE FOLLOWING WEATHER WAS RECORDED YESTERDAY.
  HAZE


RELATIVE HUMIDITY (PERCENT)
 HIGHEST    83           500 AM
 LOWEST     24           300 PM
 AVERAGE    54

..........................................................


THE LONDON KY CLIMATE NORMALS FOR TODAY
                         NORMAL    RECORD    YEAR
 MAXIMUM TEMPERATURE (F)   78        88      1970
 MINIMUM TEMPERATURE (F)   56        40      2013


SUNRISE AND SUNSET
MAY 25 2015...........SUNRISE   621 AM EDT   SUNSET   846 PM EDT
MAY 26 2015...........SUNRISE   621 AM EDT   SUNSET   846 PM EDT


-  INDICATES NEGATIVE NUMBERS.
R  INDICATES RECORD WAS SET OR TIED.
MM INDICATES DATA IS MISSING.
T  INDICATES TRACE AMOUNT.




$$
