993
CDUS43 KJKL 210546
CLILOZ

CLIMATE REPORT
NATIONAL WEATHER SERVICE JACKSON KY
144 AM EDT THU JUL 21 2016

...................................

...THE LONDON KY CLIMATE SUMMARY FOR JULY 20 2016...

CLIMATE NORMAL PERIOD 1981 TO 2010
CLIMATE RECORD PERIOD 1954 TO 2016

WEATHER ITEM   OBSERVED TIME   RECORD YEAR NORMAL DEPARTURE LAST
                VALUE   (LST)  VALUE       VALUE  FROM      YEAR
                                                  NORMAL
..................................................................
TEMPERATURE (F)
 YESTERDAY
  MAXIMUM         91    418 PM  95    2008  86      5       91
  MINIMUM         70    611 AM  54    2009  66      4       73
  AVERAGE         81                        76      5       82

PRECIPITATION (IN)
  YESTERDAY        0.00          1.23 2001   0.12  -0.12     0.17
                                      1963
  MONTH TO DATE    5.55                      2.63   2.92    10.71
  SINCE JUN 1      7.88                      7.03   0.85    15.68

SNOWFALL (IN)
  YESTERDAY       MM
  MONTH TO DATE   MM
  SINCE JUN 1     MM
  SINCE JUL 1     MM
  SNOW DEPTH      MM

DEGREE DAYS
 HEATING
  YESTERDAY        0                         0      0        0
  MONTH TO DATE    0                         0      0        0
  SINCE JUN 1      2                         9     -7        2
  SINCE JUL 1      0                         0      0        0

 COOLING
  YESTERDAY       16                        11      5       17
  MONTH TO DATE  253                       220     33      245
  SINCE JUN 1    552                       463     89      552
  SINCE JAN 1    654                       577     77      746
..................................................................

WIND (MPH)
  HIGHEST WIND SPEED    10   HIGHEST WIND DIRECTION    NE (50)
  HIGHEST GUST SPEED    13   HIGHEST GUST DIRECTION    NE (40)
  AVERAGE WIND SPEED     2.4

SKY COVER
  POSSIBLE SUNSHINE  MM
  AVERAGE SKY COVER 0.2

WEATHER CONDITIONS
 THE FOLLOWING WEATHER WAS RECORDED YESTERDAY.
  FOG

RELATIVE HUMIDITY (PERCENT)
 HIGHEST    93           100 AM
 LOWEST     50          1100 AM
 AVERAGE    72
....................................................

THE LONDON KY CLIMATE NORMALS FOR TODAY
                         NORMAL    RECORD    YEAR
 MAXIMUM TEMPERATURE (F)   86        95      2008
 MINIMUM TEMPERATURE (F)   66        54      1971

SUNRISE AND SUNSET
JULY 21 2016..........SUNRISE   633 AM EDT   SUNSET   852 PM EDT
JULY 22 2016..........SUNRISE   634 AM EDT   SUNSET   851 PM EDT

-  INDICATES NEGATIVE NUMBERS.
R  INDICATES RECORD WAS SET OR TIED.
MM INDICATES DATA IS MISSING.
T  INDICATES TRACE AMOUNT.


$$
