000
CDUS43 KJKL 051058
CLILOZ

CLIMATE REPORT
NATIONAL WEATHER SERVICE JACKSON KY
558 AM EST SUN FEB 5 2017

...................................

...THE JACKSON KY CLIMATE SUMMARY FOR FEBRUARY 4 2017...

CLIMATE NORMAL PERIOD 1981 TO 2010
CLIMATE RECORD PERIOD 1981 TO 2017


WEATHER ITEM   OBSERVED TIME   RECORD YEAR NORMAL DEPARTURE LAST
                VALUE   (LST)  VALUE       VALUE  FROM      YEAR
                                                  NORMAL
..................................................................

TEMPERATURE (F)
 YESTERDAY
  MAXIMUM         42    411 PM  69    1991  45     -3       39
  MINIMUM         16    659 AM  -8    1996  28    -12       30
  AVERAGE         29                        36     -7       35

PRECIPITATION (IN)
  YESTERDAY        0.00          1.08 1997   0.14  -0.14     0.00
  MONTH TO DATE    0.00                      0.54  -0.54     1.86
  SINCE DEC 1     10.87                      8.33   2.54     9.79
  SINCE JAN 1      4.71                      4.15   0.56     5.15

SNOWFALL (IN)
  YESTERDAY        0.0           5.7  1998   0.3   -0.3      0.0
  MONTH TO DATE    0.0                       1.2   -1.2      0.0
  SINCE DEC 1      4.6                      13.2   -8.6     21.4
  SINCE JUL 1      4.6                      13.8   -9.2     21.4
  SNOW DEPTH       0

DEGREE DAYS
 HEATING
  YESTERDAY       36                        29      7       30
  MONTH TO DATE  118                       116      2       63
  SINCE DEC 1   1613                      1882   -269     1477
  SINCE JUL 1   2139                      2682   -543     2075

 COOLING
  YESTERDAY        0                         0      0        0
  MONTH TO DATE    0                         0      0        0
  SINCE DEC 1      0                         1     -1        2
  SINCE JAN 1      0                         0      0        0
..................................................................

WIND (MPH)
  HIGHEST WIND SPEED     9   HIGHEST WIND DIRECTION    SE (140)
  HIGHEST GUST SPEED    13   HIGHEST GUST DIRECTION     E (110)
  AVERAGE WIND SPEED     1.8


SKY COVER
  POSSIBLE SUNSHINE  MM
  AVERAGE SKY COVER 0.1


WEATHER CONDITIONS
 THE FOLLOWING WEATHER WAS RECORDED YESTERDAY.
  NO SIGNIFICANT WEATHER WAS OBSERVED.


RELATIVE HUMIDITY (PERCENT)
 HIGHEST    62           900 AM
 LOWEST     25           400 PM
 AVERAGE    44
..........................................................

THE JACKSON KY CLIMATE NORMALS FOR TODAY
                         NORMAL    RECORD    YEAR
 MAXIMUM TEMPERATURE (F)   45        71      2008
 MINIMUM TEMPERATURE (F)   28        -5      1996


SUNRISE AND SUNSET
FEBRUARY  5 2017......SUNRISE   733 AM EST   SUNSET   602 PM EST
FEBRUARY  6 2017......SUNRISE   732 AM EST   SUNSET   603 PM EST


-  INDICATES NEGATIVE NUMBERS.
R  INDICATES RECORD WAS SET OR TIED.
MM INDICATES DATA IS MISSING.
T  INDICATES TRACE AMOUNT.
$$
