000
CDUS43 KJKL 092121 RRA
CLILOZ

CLIMATE REPORT
NATIONAL WEATHER SERVICE JACKSON KY
421 PM EST MON JAN 9 2017

...................................

...THE LONDON KY CLIMATE SUMMARY FOR JANUARY 9 2017...
VALID TODAY AS OF 0400 PM LOCAL TIME.

CLIMATE NORMAL PERIOD 1981 TO 2010
CLIMATE RECORD PERIOD 1954 TO 2017

WEATHER ITEM   OBSERVED TIME   RECORD YEAR NORMAL DEPARTURE LAST
                VALUE   (LST)  VALUE       VALUE  FROM      YEAR
                                                  NORMAL
..................................................................
TEMPERATURE (F)
 TODAY
  MAXIMUM         39    147 PM  64    2006  44     -5       55
  MINIMUM         13   1219 AM  -9    1970  26    -13       34
  AVERAGE         26                        35     -9       45

PRECIPITATION (IN)
  TODAY            0.00          1.21 1965   0.12  -0.12     0.41
  MONTH TO DATE    0.80                      1.04  -0.24     0.65
  SINCE DEC 1      7.10                      5.28   1.82     6.10

SNOWFALL (IN)
  TODAY           MM
  MONTH TO DATE   MM
  SINCE DEC 1     MM
  SINCE JUL 1     MM
  SNOW DEPTH      MM

DEGREE DAYS
 HEATING
  TODAY           39                        30      9       20
  MONTH TO DATE  290                       266     24      256
  SINCE DEC 1   1084                      1088     -4      731
  SINCE JUL 1   1675                      1918   -243     1396

 COOLING
  TODAY            0                         0      0        0
  MONTH TO DATE    0                         0      0        0
  SINCE DEC 1      0                         1     -1        0
  SINCE JAN 1      0                         0      0        0
..................................................................

WIND (MPH)
  HIGHEST WIND SPEED    21   HIGHEST WIND DIRECTION    SW (240)
  HIGHEST GUST SPEED    27   HIGHEST GUST DIRECTION     W (250)
  AVERAGE WIND SPEED     4.9

SKY COVER
  POSSIBLE SUNSHINE  MM
  AVERAGE SKY COVER 0.4

WEATHER CONDITIONS
 THE FOLLOWING WEATHER WAS RECORDED TODAY.
  NO SIGNIFICANT WEATHER WAS OBSERVED.

RELATIVE HUMIDITY (PERCENT)
 HIGHEST    80           100 AM
 LOWEST     24           100 PM
 AVERAGE    52
..........................................................

THE LONDON KY CLIMATE NORMALS FOR TOMORROW
                         NORMAL    RECORD    YEAR
 MAXIMUM TEMPERATURE (F)   44        65      1972
 MINIMUM TEMPERATURE (F)   26       -15      1970

SUNRISE AND SUNSET
JANUARY  9 2017.......SUNRISE   750 AM EST   SUNSET   537 PM EST
JANUARY 10 2017.......SUNRISE   750 AM EST   SUNSET   538 PM EST

-  INDICATES NEGATIVE NUMBERS.
R  INDICATES RECORD WAS SET OR TIED.
MM INDICATES DATA IS MISSING.
T  INDICATES TRACE AMOUNT.

$$

TAB
