000
CDUS43 KJKL 080532
CLILOZ

CLIMATE REPORT
NATIONAL WEATHER SERVICE JACKSON KY
130 AM EDT MON AUG 8 2016

...................................

...THE LONDON KY CLIMATE SUMMARY FOR AUGUST 7 2016...

CLIMATE NORMAL PERIOD 1981 TO 2010
CLIMATE RECORD PERIOD 1954 TO 2016

WEATHER ITEM   OBSERVED TIME   RECORD YEAR NORMAL DEPARTURE LAST
                VALUE   (LST)  VALUE       VALUE  FROM      YEAR
                                                  NORMAL
..................................................................
TEMPERATURE (F)
 YESTERDAY
  MAXIMUM         85    407 PM  95    2007  86     -1       81
                                      2006
  MINIMUM         72   1010 PM  49    2004  66      6       68
                                      1957
  AVERAGE         79                        76      3       75

PRECIPITATION (IN)
  YESTERDAY        0.00          0.77 2003   0.14  -0.14     0.00
  MONTH TO DATE    1.83                      0.89   0.94     1.19
  SINCE JUN 1     12.55                      9.33   3.22    17.39

SNOWFALL (IN)
  YESTERDAY       MM
  MONTH TO DATE   MM
  SINCE JUN 1     MM
  SINCE JUL 1     MM
  SNOW DEPTH      MM

DEGREE DAYS
 HEATING
  YESTERDAY        0                         0      0        0
  MONTH TO DATE    0                         0      0        0
  SINCE JUN 1      2                         9     -7        2
  SINCE JUL 1      0                         0      0        0

 COOLING
  YESTERDAY       14                        11      3       10
  MONTH TO DATE   96                        77     19       77
  SINCE JUN 1    810                       670    140      774
  SINCE JAN 1    912                       784    128      968
..................................................................

WIND (MPH)
  HIGHEST WIND SPEED    12   HIGHEST WIND DIRECTION    NE (60)
  HIGHEST GUST SPEED    15   HIGHEST GUST DIRECTION     N (10)
  AVERAGE WIND SPEED     4.7

SKY COVER
  POSSIBLE SUNSHINE  MM
  AVERAGE SKY COVER 0.7

WEATHER CONDITIONS
 THE FOLLOWING WEATHER WAS RECORDED YESTERDAY.
  FOG

RELATIVE HUMIDITY (PERCENT)
 HIGHEST    93          1200 AM
 LOWEST     55           400 PM
 AVERAGE    74
..........................................................

THE LONDON KY CLIMATE NORMALS FOR TODAY
                         NORMAL    RECORD    YEAR
 MAXIMUM TEMPERATURE (F)   86        96      2007
 MINIMUM TEMPERATURE (F)   66        46      1986

SUNRISE AND SUNSET
AUGUST  8 2016........SUNRISE   648 AM EDT   SUNSET   836 PM EDT
AUGUST  9 2016........SUNRISE   648 AM EDT   SUNSET   834 PM EDT

-  INDICATES NEGATIVE NUMBERS.
R  INDICATES RECORD WAS SET OR TIED.
MM INDICATES DATA IS MISSING.
T  INDICATES TRACE AMOUNT.

$$
GREIF
