000
CDUS43 KJKL 100555
CLILOZ

CLIMATE REPORT
NATIONAL WEATHER SERVICE JACKSON KY
1255 AM EST FRI MAR 10 2017

...................................

...THE LONDON KY CLIMATE SUMMARY FOR MARCH 9 2017...

CLIMATE NORMAL PERIOD 1981 TO 2010
CLIMATE RECORD PERIOD 1954 TO 2017

WEATHER ITEM   OBSERVED TIME   RECORD YEAR NORMAL DEPARTURE LAST
                VALUE   (LST)  VALUE       VALUE  FROM      YEAR
                                                  NORMAL
..................................................................
TEMPERATURE (F)
 YESTERDAY
  MAXIMUM         70    445 PM  82    1973  56     14       77
  MINIMUM         32    720 AM  12    2008  34     -2       47
  AVERAGE         51                        45      6       62

PRECIPITATION (IN)
  YESTERDAY        0.00          1.16 1994   0.12  -0.12     0.00
  MONTH TO DATE    1.83                      1.19   0.64     0.62
  SINCE MAR 1      1.83                      1.19   0.64     0.62

SNOWFALL (IN)
  YESTERDAY       MM
  MONTH TO DATE   MM
  SINCE MAR 1     MM
  SINCE JUL 1     MM
  SNOW DEPTH      MM

DEGREE DAYS
 HEATING
  YESTERDAY       14                        20     -6        3
  MONTH TO DATE  156                       187    -31      184
  SINCE MAR 1    156                       187    -31      184
  SINCE JUL 1   2751                      3463   -712     3100

 COOLING
  YESTERDAY        0                         0      0        0
  MONTH TO DATE    0                         0      0        0
  SINCE MAR 1      0                         0      0        0
  SINCE JAN 1      0                         0      0        0
..................................................................

WIND (MPH)
  HIGHEST WIND SPEED    17   HIGHEST WIND DIRECTION     W (250)
  HIGHEST GUST SPEED    25   HIGHEST GUST DIRECTION     W (250)
  AVERAGE WIND SPEED     4.9

SKY COVER
  POSSIBLE SUNSHINE  MM
  AVERAGE SKY COVER 0.0

WEATHER CONDITIONS
 THE FOLLOWING WEATHER WAS RECORDED YESTERDAY.
  NO SIGNIFICANT WEATHER WAS OBSERVED.

RELATIVE HUMIDITY (PERCENT)
 HIGHEST    85           600 AM
 LOWEST     16           300 PM
 AVERAGE    51
..........................................................

THE LONDON KY CLIMATE NORMALS FOR TODAY
                         NORMAL    RECORD    YEAR
 MAXIMUM TEMPERATURE (F)   57        78      2016
                                             2009
 MINIMUM TEMPERATURE (F)   35        19      2001
                                             1995

SUNRISE AND SUNSET
MARCH 10 2017.........SUNRISE   654 AM EST   SUNSET   639 PM EST
MARCH 11 2017.........SUNRISE   653 AM EST   SUNSET   640 PM EST

-  INDICATES NEGATIVE NUMBERS.
R  INDICATES RECORD WAS SET OR TIED.
MM INDICATES DATA IS MISSING.
T  INDICATES TRACE AMOUNT.

$$

GEOGERIAN
