000
CDUS43 KJKL 070529
CLILOZ

CLIMATE REPORT
NATIONAL WEATHER SERVICE JACKSON KY
129 AM EDT MON APR 7 2014

...................................

...THE LONDON KY CLIMATE SUMMARY FOR APRIL 6 2014...

CLIMATE NORMAL PERIOD 1981 TO 2010
CLIMATE RECORD PERIOD 1954 TO 2014

WEATHER ITEM   OBSERVED TIME   RECORD YEAR NORMAL DEPARTURE LAST
                VALUE   (LST)  VALUE       VALUE  FROM      YEAR
                                                  NORMAL
..................................................................
TEMPERATURE (F)
 YESTERDAY
  MAXIMUM         68    419 PM  88    2010  66      2       70
  MINIMUM         37    635 AM  26    2007  42     -5       34
  AVERAGE         53                        54     -1       52

PRECIPITATION (IN)
  YESTERDAY        0.02          2.10 1962   0.12  -0.10     0.00
  MONTH TO DATE    1.15                      0.76   0.39     0.25
  SINCE MAR 1      6.32                      4.81   1.51     5.70
  SINCE JAN 1     12.83                     12.06   0.77    12.49

SNOWFALL (IN)
  YESTERDAY       MM
  MONTH TO DATE   MM
  SINCE MAR 1     MM
  SINCE JUL 1     MM
  SNOW DEPTH      MM

DEGREE DAYS
 HEATING
  YESTERDAY       12                        12      0       13
  MONTH TO DATE   41                        75    -34      117
  SINCE MAR 1    692                       624     68      909
  SINCE JUL 1   4199                      3900    299     4257

 COOLING
  YESTERDAY        0                         0      0        0
  MONTH TO DATE    4                         0      4        0
  SINCE MAR 1      4                         3      1        0
  SINCE JAN 1      4                         3      1        0
..................................................................

WIND (MPH)
  HIGHEST WIND SPEED    15   HIGHEST WIND DIRECTION     S (190)
  HIGHEST GUST SPEED    20   HIGHEST GUST DIRECTION     S (180)
  AVERAGE WIND SPEED     4.9

SKY COVER
  POSSIBLE SUNSHINE  MM
  AVERAGE SKY COVER 0.2

WEATHER CONDITIONS
 THE FOLLOWING WEATHER WAS RECORDED YESTERDAY.
  LIGHT RAIN

RELATIVE HUMIDITY (PERCENT)
 HIGHEST    70           600 AM
 LOWEST     24           400 PM
 AVERAGE    47

..........................................................

THE LONDON KY CLIMATE NORMALS FOR TODAY
                         NORMAL    RECORD    YEAR
 MAXIMUM TEMPERATURE (F)   66        84      2001
 MINIMUM TEMPERATURE (F)   42        21      1982

SUNRISE AND SUNSET
APRIL  7 2014.........SUNRISE   713 AM EDT   SUNSET   804 PM EDT
APRIL  8 2014.........SUNRISE   712 AM EDT   SUNSET   805 PM EDT

-  INDICATES NEGATIVE NUMBERS.
R  INDICATES RECORD WAS SET OR TIED.
MM INDICATES DATA IS MISSING.
T  INDICATES TRACE AMOUNT.

$$
JJ
