448
CDUS43 KJKL 180805
CLILOZ

CLIMATE REPORT
NATIONAL WEATHER SERVICE JACKSON KY
305 AM EDT SAT MAR 18 2017

...................................

...THE LONDON KY CLIMATE SUMMARY FOR MARCH 17 2017...

CLIMATE NORMAL PERIOD 1981 TO 2010
CLIMATE RECORD PERIOD 1954 TO 2017

WEATHER ITEM   OBSERVED TIME   RECORD YEAR NORMAL DEPARTURE LAST
                VALUE   (LST)  VALUE       VALUE  FROM      YEAR
                                                  NORMAL
..................................................................
TEMPERATURE (F)
 YESTERDAY
  MAXIMUM         49   1159 PM  78    1995  59    -10       65
                                      1982
  MINIMUM         24    238 AM  19    1988  36    -12       37
  AVERAGE         37                        48    -11       51

PRECIPITATION (IN)
  YESTERDAY        0.66          2.04 2002   0.13   0.53     0.00
  MONTH TO DATE    3.15                      2.22   0.93     1.05
  SINCE MAR 1      3.15                      2.22   0.93     1.05

SNOWFALL (IN)
  YESTERDAY       MM
  MONTH TO DATE   MM
  SINCE MAR 1     MM
  SINCE JUL 1     MM
  SNOW DEPTH      MM

DEGREE DAYS
 HEATING
  YESTERDAY       28                        17     11       14
  MONTH TO DATE  395                       334     61      218
  SINCE MAR 1    395                       334     61      218
  SINCE JUL 1   2990                      3610   -620     3134

 COOLING
  YESTERDAY        0                         0      0        0
  MONTH TO DATE    0                         0      0        0
  SINCE MAR 1      0                         0      0        0
  SINCE JAN 1      0                         0      0        0
..................................................................

WIND (MPH)
  HIGHEST WIND SPEED    15   HIGHEST WIND DIRECTION     S (190)
  HIGHEST GUST SPEED    21   HIGHEST GUST DIRECTION     S (180)
  AVERAGE WIND SPEED     5.0

SKY COVER
  POSSIBLE SUNSHINE  MM
  AVERAGE SKY COVER 0.9

WEATHER CONDITIONS
 THE FOLLOWING WEATHER WAS RECORDED YESTERDAY.
  THUNDERSTORM
  HEAVY RAIN
  RAIN
  LIGHT RAIN
  FOG

RELATIVE HUMIDITY (PERCENT)
 HIGHEST    93           800 PM
 LOWEST     38          1000 AM
 AVERAGE    66

..........................................................

THE LONDON KY CLIMATE NORMALS FOR TODAY
                         NORMAL    RECORD    YEAR
 MAXIMUM TEMPERATURE (F)   59        83      1982
 MINIMUM TEMPERATURE (F)   37        13      1967

SUNRISE AND SUNSET
MARCH 18 2017.........SUNRISE   742 AM EDT   SUNSET   747 PM EDT
MARCH 19 2017.........SUNRISE   741 AM EDT   SUNSET   748 PM EDT

-  INDICATES NEGATIVE NUMBERS.
R  INDICATES RECORD WAS SET OR TIED.
MM INDICATES DATA IS MISSING.
T  INDICATES TRACE AMOUNT.

$$
