000
CDUS43 KJKL 050534
CLILOZ

CLIMATE REPORT
NATIONAL WEATHER SERVICE JACKSON KY
134 AM EDT THU OCT 5 2017


...................................

...THE LONDON KY CLIMATE SUMMARY FOR OCTOBER 4 2017...

CLIMATE NORMAL PERIOD 1981 TO 2010
CLIMATE RECORD PERIOD 1954 TO 2017


WEATHER ITEM   OBSERVED TIME   RECORD YEAR NORMAL DEPARTURE LAST
                VALUE   (LST)  VALUE       VALUE  FROM      YEAR
                                                  NORMAL
..................................................................
TEMPERATURE (F)
 YESTERDAY
  MAXIMUM         80    358 PM  88    1959  73      7       82
  MINIMUM         49    642 AM  28    1974  49      0       55
  AVERAGE         65                        61      4       69

PRECIPITATION (IN)
  YESTERDAY        0.00          1.08 1995   0.09  -0.09     0.00
  MONTH TO DATE    0.00                      0.38  -0.38     0.00
  SINCE SEP 1      1.79                      3.75  -1.96     1.18

SNOWFALL (IN)
  YESTERDAY       MM
  MONTH TO DATE   MM
  SINCE SEP 1     MM
  SINCE JUL 1     MM
  SNOW DEPTH      MM

DEGREE DAYS
 HEATING
  YESTERDAY        0                         5     -5        0
  MONTH TO DATE    4                        19    -15       12
  SINCE SEP 1     45                        65    -20       33
  SINCE JUL 1     45                        66    -21       33

COOLING
  YESTERDAY        0                         1     -1        4
  MONTH TO DATE    0                         6     -6        4
  SINCE SEP 1    124                       149    -25      236
  SINCE JAN 1   1093                      1173    -80     1459
..................................................................


WIND (MPH)
  HIGHEST WIND SPEED     7   HIGHEST WIND DIRECTION    NW (320)
  HIGHEST GUST SPEED    11   HIGHEST GUST DIRECTION     W (260)
  AVERAGE WIND SPEED     1.4


SKY COVER
  POSSIBLE SUNSHINE  MM
  AVERAGE SKY COVER 0.0


WEATHER CONDITIONS
 THE FOLLOWING WEATHER WAS RECORDED YESTERDAY.
  FOG


RELATIVE HUMIDITY (PERCENT)
 HIGHEST    96           300 AM
 LOWEST     37           300 PM
 AVERAGE    67

..........................................................


THE LONDON KY CLIMATE NORMALS FOR TODAY
                         NORMAL    RECORD    YEAR
 MAXIMUM TEMPERATURE (F)   73        88      2007
                                             1959
 MINIMUM TEMPERATURE (F)   49        28      1968


SUNRISE AND SUNSET
OCTOBER  5 2017.......SUNRISE   735 AM EDT   SUNSET   713 PM EDT
OCTOBER  6 2017.......SUNRISE   736 AM EDT   SUNSET   712 PM EDT


-  INDICATES NEGATIVE NUMBERS.
R  INDICATES RECORD WAS SET OR TIED.
MM INDICATES DATA IS MISSING.
T  INDICATES TRACE AMOUNT.




$$
