000
CDUS43 KJKL 080625 CCA
CLILOZ

CLIMATE REPORT...CORRECTED
NATIONAL WEATHER SERVICE JACKSON KY
206 AM EDT FRI JUL 8 2016

...................................

...THE LONDON KY CLIMATE SUMMARY FOR JULY 7 2016...

CLIMATE NORMAL PERIOD 1981 TO 2010
CLIMATE RECORD PERIOD 1954 TO 2016


WEATHER ITEM   OBSERVED TIME   RECORD YEAR NORMAL DEPARTURE LAST
                VALUE   (LST)  VALUE       VALUE  FROM      YEAR
                                                  NORMAL
..................................................................
TEMPERATURE (F)
 YESTERDAY
  MAXIMUM         82    448 PM  99    2012  87     -5       89
  MINIMUM         67    449 AM  46    1972  66      1       68
  AVERAGE         75                        76     -1       79

PRECIPITATION (IN)
  YESTERDAY        1.56R         1.55 2013   0.13   1.43     0.03
  MONTH TO DATE    3.60                      0.94   2.66     5.96
  SINCE JUN 1      5.93                      5.34   0.59    10.93

SNOWFALL (IN)
  YESTERDAY       MM
  MONTH TO DATE   MM
  SINCE JUN 1     MM
  SINCE JUL 1     MM
  SNOW DEPTH      MM

DEGREE DAYS
 HEATING
  YESTERDAY        0                         0      0        0
  MONTH TO DATE    0                         0      0        0
  SINCE JUN 1      2                         9     -7        2
  SINCE JUL 1      0                         0      0        0

 COOLING
  YESTERDAY       10                        11     -1       14
  MONTH TO DATE   85                        77      8       66
  SINCE JUN 1    384                       320     64      373
  SINCE JAN 1    486                       434     52      567
..................................................................


WIND (MPH)
  HIGHEST WIND SPEED    31   HIGHEST WIND DIRECTION     W (280)
  HIGHEST GUST SPEED    41   HIGHEST GUST DIRECTION     W (290)
  AVERAGE WIND SPEED     5.0


SKY COVER
  POSSIBLE SUNSHINE  MM
  AVERAGE SKY COVER 0.7


WEATHER CONDITIONS
 THE FOLLOWING WEATHER WAS RECORDED YESTERDAY.
  THUNDERSTORM
  HEAVY RAIN
  RAIN
  LIGHT RAIN
  FOG


RELATIVE HUMIDITY (PERCENT)
 HIGHEST   100          1200 AM
 LOWEST     69           300 PM
 AVERAGE    85

..........................................................


THE LONDON KY CLIMATE NORMALS FOR TODAY
                         NORMAL    RECORD    YEAR
 MAXIMUM TEMPERATURE (F)   87       100      1988
 MINIMUM TEMPERATURE (F)   66        50      1972


SUNRISE AND SUNSET
JULY  8 2016..........SUNRISE   624 AM EDT   SUNSET   859 PM EDT
JULY  9 2016..........SUNRISE   625 AM EDT   SUNSET   858 PM EDT


-  INDICATES NEGATIVE NUMBERS.
R  INDICATES RECORD WAS SET OR TIED.
MM INDICATES DATA IS MISSING.
T  INDICATES TRACE AMOUNT.




$$
