000
CDUS43 KJKL 070534
CLILOZ

CLIMATE REPORT
NATIONAL WEATHER SERVICE JACKSON KY
134 AM EDT THU JUL 7 2016

...................................

...THE LONDON KY CLIMATE SUMMARY FOR JULY 6 2016...

CLIMATE NORMAL PERIOD 1981 TO 2010
CLIMATE RECORD PERIOD 1954 TO 2016

WEATHER ITEM   OBSERVED TIME   RECORD YEAR NORMAL DEPARTURE LAST
                VALUE   (LST)  VALUE       VALUE  FROM      YEAR
                                                  NORMAL
..................................................................
TEMPERATURE (F)
 YESTERDAY
  MAXIMUM         88    406 PM  97    2012  87      1       85
  MINIMUM         67   1156 PM  50    1964  66      1       67
  AVERAGE         78                        76      2       76

PRECIPITATION (IN)
  YESTERDAY        0.26          2.95 1967   0.14   0.12     0.00
  MONTH TO DATE    2.04                      0.81   1.23     5.93
  SINCE JUN 1      4.37                      5.21  -0.84    10.90

SNOWFALL (IN)
  YESTERDAY       MM
  MONTH TO DATE   MM
  SINCE JUN 1     MM
  SINCE JUL 1     MM
  SNOW DEPTH      MM

DEGREE DAYS
 HEATING
  YESTERDAY        0                         0      0        0
  MONTH TO DATE    0                         0      0        0
  SINCE JUN 1      2                         9     -7        2
  SINCE JUL 1      0                         0      0        0

 COOLING
  YESTERDAY       13                        11      2       11
  MONTH TO DATE   75                        66      9       52
  SINCE JUN 1    374                       309     65      359
  SINCE JAN 1    476                       423     53      553
..................................................................

WIND (MPH)
  HIGHEST WIND SPEED    32   HIGHEST WIND DIRECTION     W (260)
  HIGHEST GUST SPEED    41   HIGHEST GUST DIRECTION     W (250)
  AVERAGE WIND SPEED     7.2

SKY COVER
  POSSIBLE SUNSHINE  MM
  AVERAGE SKY COVER 0.5

WEATHER CONDITIONS
 THE FOLLOWING WEATHER WAS RECORDED YESTERDAY.
  THUNDERSTORM
  HEAVY RAIN
  RAIN
  LIGHT RAIN
  FOG

RELATIVE HUMIDITY (PERCENT)
 HIGHEST    93           400 AM
 LOWEST     55           200 PM
 AVERAGE    74

..........................................................

THE LONDON KY CLIMATE NORMALS FOR TODAY
                         NORMAL    RECORD    YEAR
 MAXIMUM TEMPERATURE (F)   87        99      2012
 MINIMUM TEMPERATURE (F)   66        46      1972

SUNRISE AND SUNSET
JULY  7 2016..........SUNRISE   624 AM EDT   SUNSET   859 PM EDT
JULY  8 2016..........SUNRISE   624 AM EDT   SUNSET   859 PM EDT

-  INDICATES NEGATIVE NUMBERS.
R  INDICATES RECORD WAS SET OR TIED.
MM INDICATES DATA IS MISSING.
T  INDICATES TRACE AMOUNT.

$$
