000
CDUS43 KJKL 220542
CLILOZ

CLIMATE REPORT
NATIONAL WEATHER SERVICE JACKSON KY
1242 AM EST WED NOV 22 2017

...................................

...THE LONDON KY CLIMATE SUMMARY FOR NOVEMBER 21 2017...

CLIMATE NORMAL PERIOD 1981 TO 2010
CLIMATE RECORD PERIOD 1954 TO 2017

WEATHER ITEM   OBSERVED TIME   RECORD YEAR NORMAL DEPARTURE LAST
                VALUE   (LST)  VALUE       VALUE  FROM      YEAR
                                                  NORMAL
..................................................................
TEMPERATURE (F)
 YESTERDAY
  MAXIMUM         63    405 PM  75    1979  56      7       45
  MINIMUM         27    727 AM  15    1964  35     -8       20
  AVERAGE         45                        46     -1       33

PRECIPITATION (IN)
  YESTERDAY        0.00          0.95 1962   0.14  -0.14     0.00
  MONTH TO DATE    1.97                      2.56  -0.59     0.25
  SINCE SEP 1      9.06                      8.95   0.11     2.33

SNOWFALL (IN)
  YESTERDAY       MM
  MONTH TO DATE   MM
  SINCE SEP 1     MM
  SINCE JUL 1     MM
  SNOW DEPTH      MM

DEGREE DAYS
 HEATING
  YESTERDAY       20                        19      1       32
  MONTH TO DATE  325                       336    -11      301
  SINCE SEP 1    592                       641    -49      437
  SINCE JUL 1    592                       642    -50      437

 COOLING
  YESTERDAY        0                         0      0        0
  MONTH TO DATE    6                         0      6        7
  SINCE SEP 1    172                       164      8      284
  SINCE JAN 1   1141                      1188    -47     1507
..................................................................

WIND (MPH)
  HIGHEST WIND SPEED    26   HIGHEST WIND DIRECTION    SW (220)
  HIGHEST GUST SPEED    41   HIGHEST GUST DIRECTION    SW (230)
  AVERAGE WIND SPEED     4.6

SKY COVER
  POSSIBLE SUNSHINE  MM
  AVERAGE SKY COVER 0.3

WEATHER CONDITIONS
 THE FOLLOWING WEATHER WAS RECORDED YESTERDAY.
  NO SIGNIFICANT WEATHER WAS OBSERVED.

RELATIVE HUMIDITY (PERCENT)
 HIGHEST    85           400 AM
 LOWEST     41          1000 PM
 AVERAGE    63
..........................................................

THE LONDON KY CLIMATE NORMALS FOR TODAY
                         NORMAL    RECORD    YEAR
 MAXIMUM TEMPERATURE (F)   56        75      1963
 MINIMUM TEMPERATURE (F)   35        11      1964

SUNRISE AND SUNSET
NOVEMBER 22 2017......SUNRISE   723 AM EST   SUNSET   522 PM EST
NOVEMBER 23 2017......SUNRISE   724 AM EST   SUNSET   522 PM EST

-  INDICATES NEGATIVE NUMBERS.
R  INDICATES RECORD WAS SET OR TIED.
MM INDICATES DATA IS MISSING.
T  INDICATES TRACE AMOUNT.

$$

GEOGERIAN
