000
CDUS43 KJKL 060809
CLILOZ

CLIMATE REPORT
NATIONAL WEATHER SERVICE JACKSON KY
309 AM EST FRI MAR 6 2015

...................................

...THE LONDON KY CLIMATE SUMMARY FOR MARCH 5 2015...

CLIMATE NORMAL PERIOD 1981 TO 2010
CLIMATE RECORD PERIOD 1954 TO 2015


WEATHER ITEM   OBSERVED TIME   RECORD YEAR NORMAL DEPARTURE LAST
                VALUE   (LST)  VALUE       VALUE  FROM      YEAR
                                                  NORMAL
..................................................................
TEMPERATURE (F)
 YESTERDAY
  MAXIMUM         34   1251 AM  77    1983  55    -21       43
  MINIMUM          8   1156 PM  -5    1960  33    -25       28
  AVERAGE         21                        44    -23       36

PRECIPITATION (IN)
  YESTERDAY        0.39          2.91 1989   0.13   0.26     0.00
  MONTH TO DATE    2.78                      0.67   2.11     2.38
  SINCE MAR 1      2.78                      0.67   2.11     2.38
  SINCE JAN 1     10.25                      7.92   2.33     8.89

SNOWFALL (IN)
  YESTERDAY       MM
  MONTH TO DATE   MM
  SINCE MAR 1     MM
  SINCE JUL 1     MM
  SNOW DEPTH      MM

DEGREE DAYS
 HEATING
  YESTERDAY       44                        21     23       29
  MONTH TO DATE  128                       107     21      149
  SINCE MAR 1    128                       107     21      149
  SINCE JUL 1   3749                      3383    366     3656

 COOLING
  YESTERDAY        0                         0      0        0
  MONTH TO DATE    0                         0      0        0
  SINCE MAR 1      0                         0      0        0
  SINCE JAN 1      0                         0      0        0
..................................................................

WIND (MPH)
  HIGHEST WIND SPEED    18   HIGHEST WIND DIRECTION     N (10)
  HIGHEST GUST SPEED    24   HIGHEST GUST DIRECTION     N (360)
  AVERAGE WIND SPEED     8.5

SKY COVER
  POSSIBLE SUNSHINE  MM
  AVERAGE SKY COVER 0.8

WEATHER CONDITIONS
 THE FOLLOWING WEATHER WAS RECORDED YESTERDAY.
  LIGHT RAIN
  FREEZING RAIN
  LT FREEZING RAIN
  HEAVY SNOW
  SNOW
  LIGHT SNOW
  FOG
  HAZE

RELATIVE HUMIDITY (PERCENT)
 HIGHEST    89           100 AM
 LOWEST     67           600 PM
 AVERAGE    78

..........................................................

THE LONDON KY CLIMATE NORMALS FOR TODAY
                         NORMAL    RECORD    YEAR
 MAXIMUM TEMPERATURE (F)   55        79      1956
 MINIMUM TEMPERATURE (F)   34        -8      1960

SUNRISE AND SUNSET
MARCH  6 2015.........SUNRISE   701 AM EST   SUNSET   635 PM EST
MARCH  7 2015.........SUNRISE   659 AM EST   SUNSET   636 PM EST

-  INDICATES NEGATIVE NUMBERS.
R  INDICATES RECORD WAS SET OR TIED.
MM INDICATES DATA IS MISSING.
T  INDICATES TRACE AMOUNT.

$$
