000
CDUS43 KJKL 020625 CCA
CLILOZ

CLIMATE REPORT...CORRECTED
NATIONAL WEATHER SERVICE JACKSON KY
117 AM EST SUN NOV 2 2014

...................................

...THE LONDON KY CLIMATE SUMMARY FOR NOVEMBER 1 2014...

CLIMATE NORMAL PERIOD 1981 TO 2010
CLIMATE RECORD PERIOD 1954 TO 2014

WEATHER ITEM   OBSERVED TIME   RECORD YEAR NORMAL DEPARTURE LAST
                VALUE   (LST)  VALUE       VALUE  FROM      YEAR
                                                  NORMAL
..................................................................
TEMPERATURE (F)
 YESTERDAY
  MAXIMUM         38    540 PM  81    1987  64    -26       72
  MINIMUM         33   1159 PM  27    1962  41     -8       53
  AVERAGE         36                        52    -16       63

PRECIPITATION (IN)
  YESTERDAY        0.02          1.76 1967   0.12  -0.10     0.33
  MONTH TO DATE    0.02                      0.12  -0.10     0.33
  SINCE SEP 1      9.76                      6.51   3.25     6.49
  SINCE JAN 1        MM                     39.19     MM    47.53

SNOWFALL (IN)
  YESTERDAY       MM
  MONTH TO DATE   MM
  SINCE SEP 1     MM
  SINCE JUL 1     MM
  SNOW DEPTH      MM

DEGREE DAYS
 HEATING
  YESTERDAY       29                        13     16        2
  MONTH TO DATE   29                        13     16        2
  SINCE SEP 1    274                       318    -44      246
  SINCE JUL 1    274                       319    -45      246

 COOLING
  YESTERDAY        0                         0      0        0
  MONTH TO DATE    0                         0      0        0
  SINCE SEP 1    193                       164     29      191
  SINCE JAN 1     MM                      1188     MM     1083
..................................................................

WIND (MPH)
  HIGHEST WIND SPEED    17   HIGHEST WIND DIRECTION     N (350)
  HIGHEST GUST SPEED    25   HIGHEST GUST DIRECTION    NW (330)
  AVERAGE WIND SPEED    11.1

SKY COVER
  POSSIBLE SUNSHINE  MM
  AVERAGE SKY COVER 1.0

WEATHER CONDITIONS
 THE FOLLOWING WEATHER WAS RECORDED YESTERDAY.
  LIGHT SNOW
  FOG
  HAZE

RELATIVE HUMIDITY (PERCENT)
 HIGHEST    89          1200 AM
 LOWEST     64           800 PM
 AVERAGE    77
..........................................................

THE LONDON KY CLIMATE NORMALS FOR TODAY
                         NORMAL    RECORD    YEAR
 MAXIMUM TEMPERATURE (F)   64        81      1961
 MINIMUM TEMPERATURE (F)   40        23      1963

SUNRISE AND SUNSET
NOVEMBER  2 2014......SUNRISE   702 AM EST   SUNSET   538 PM EST
NOVEMBER  3 2014......SUNRISE   703 AM EST   SUNSET   537 PM EST

-  INDICATES NEGATIVE NUMBERS.
R  INDICATES RECORD WAS SET OR TIED.
MM INDICATES DATA IS MISSING.
T  INDICATES TRACE AMOUNT.

$$

RAY
