666
CDUS43 KJKL 140529
CLILOZ

CLIMATE REPORT
NATIONAL WEATHER SERVICE JACKSON KY
129 AM EDT FRI APR 14 2017

...................................

...THE LONDON KY CLIMATE SUMMARY FOR APRIL 13 2017...

CLIMATE NORMAL PERIOD 1981 TO 2010
CLIMATE RECORD PERIOD 1954 TO 2017

WEATHER ITEM   OBSERVED TIME   RECORD YEAR NORMAL DEPARTURE LAST
                VALUE   (LST)  VALUE       VALUE  FROM      YEAR
                                                  NORMAL
..................................................................
TEMPERATURE (F)
 YESTERDAY
  MAXIMUM         82    505 PM  86    1977  68     14       71
  MINIMUM         44    623 AM  28    2007  44      0       37
                                      1989
  AVERAGE         63                        56      7       54

PRECIPITATION (IN)
  YESTERDAY        0.00          0.81 2004   0.13  -0.13     0.00
  MONTH TO DATE    0.76                      1.69  -0.93     0.98
  SINCE MAR 1      5.79                      5.74   0.05     3.11

SNOWFALL (IN)
  YESTERDAY       MM
  MONTH TO DATE   MM
  SINCE MAR 1     MM
  SINCE JUL 1     MM
  SNOW DEPTH      MM

DEGREE DAYS
 HEATING
  YESTERDAY        2                        10     -8       11
  MONTH TO DATE   90                       149    -59      201
  SINCE MAR 1    603                       698    -95      600
  SINCE JUL 1   3198                      3974   -776     3516

 COOLING
  YESTERDAY        0                         1     -1        0
  MONTH TO DATE    6                         5      1        0
  SINCE MAR 1      9                         8      1        0
  SINCE JAN 1      9                         8      1        0
..................................................................

WIND (MPH)
  HIGHEST WIND SPEED    10   HIGHEST WIND DIRECTION    SE (120)
  HIGHEST GUST SPEED    15   HIGHEST GUST DIRECTION     E (110)
  AVERAGE WIND SPEED     2.0

SKY COVER
  POSSIBLE SUNSHINE  MM
  AVERAGE SKY COVER 0.0

WEATHER CONDITIONS
 THE FOLLOWING WEATHER WAS RECORDED YESTERDAY.
  NO SIGNIFICANT WEATHER WAS OBSERVED.

RELATIVE HUMIDITY (PERCENT)
 HIGHEST    76           600 AM
 LOWEST     10           600 PM
 AVERAGE    43

..........................................................

THE LONDON KY CLIMATE NORMALS FOR TODAY
                         NORMAL    RECORD    YEAR
 MAXIMUM TEMPERATURE (F)   68        87      2006
 MINIMUM TEMPERATURE (F)   44        26      1962

SUNRISE AND SUNSET
APRIL 14 2017.........SUNRISE   703 AM EDT   SUNSET   811 PM EDT
APRIL 15 2017.........SUNRISE   702 AM EDT   SUNSET   811 PM EDT

-  INDICATES NEGATIVE NUMBERS.
R  INDICATES RECORD WAS SET OR TIED.
MM INDICATES DATA IS MISSING.
T  INDICATES TRACE AMOUNT.

$$
