000
CDUS43 KJKL 170853
CLILOZ

CLIMATE REPORT
NATIONAL WEATHER SERVICE JACKSON KY
453 EDT THU JUL 17 2014

...................................

...THE LONDON KY CLIMATE SUMMARY FOR JULY 16 2014...

CLIMATE NORMAL PERIOD 1981 TO 2010
CLIMATE RECORD PERIOD 1954 TO 2014


WEATHER ITEM   OBSERVED TIME   RECORD YEAR NORMAL DEPARTURE LAST
                VALUE   (LST)  VALUE       VALUE  FROM      YEAR
                                                  NORMAL
..................................................................

TEMPERATURE (F)
 YESTERDAY
  MAXIMUM         77    427 PM 100    1980  87    -10       91
  MINIMUM         56    555 AM  50    1967  66    -10       67
  AVERAGE         67                        76     -9       79

PRECIPITATION (IN)
  YESTERDAY        0.00          1.32 1961   0.13  -0.13     0.00
  MONTH TO DATE    4.57                      2.11   2.46     6.08
  SINCE JUN 1     MM                         6.51  MM       13.32
  SINCE JAN 1     MM                        27.04  MM       36.33

SNOWFALL (IN)
  YESTERDAY       MM
  MONTH TO DATE   MM
  SINCE JUN 1     MM
  SINCE JUL 1     MM
  SNOW DEPTH      MM

DEGREE DAYS
 HEATING
  YESTERDAY        0                         0      0        0
  MONTH TO DATE    0                         0      0        0
  SINCE JUN 1      0                         9     -9        0
  SINCE JUL 1      0                         0      0        0

 COOLING
  YESTERDAY        2                        11     -9       14
  MONTH TO DATE  169                       176     -7      150
  SINCE JUN 1     MM                       419     MM      381
  SINCE JAN 1     MM                       533     MM      481
..................................................................

WIND (MPH)
  HIGHEST WIND SPEED    14   HIGHEST WIND DIRECTION     N (10)
  HIGHEST GUST SPEED    20   HIGHEST GUST DIRECTION     W (290)
  AVERAGE WIND SPEED     3.1


SKY COVER
  POSSIBLE SUNSHINE  MM
  AVERAGE SKY COVER 0.3


WEATHER CONDITIONS
 THE FOLLOWING WEATHER WAS RECORDED YESTERDAY.
  NO SIGNIFICANT WEATHER WAS OBSERVED.


RELATIVE HUMIDITY (PERCENT)
 HIGHEST    93           300 AM
 LOWEST     38           400 PM
 AVERAGE    66
..........................................................

THE LONDON KY CLIMATE NORMALS FOR TODAY
                         NORMAL    RECORD    YEAR
 MAXIMUM TEMPERATURE (F)   87        95      1977
 MINIMUM TEMPERATURE (F)   66        53      1970


SUNRISE AND SUNSET
JULY 17 2014..........SUNRISE   630 AM EDT   SUNSET   855 PM EDT
JULY 18 2014..........SUNRISE   630 AM EDT   SUNSET   854 PM EDT


-  INDICATES NEGATIVE NUMBERS.
R  INDICATES RECORD WAS SET OR TIED.
MM INDICATES DATA IS MISSING.
T  INDICATES TRACE AMOUNT.
$$
