000
CDUS43 KJKL 062120
CLILOZ

CLIMATE REPORT
NATIONAL WEATHER SERVICE JACKSON KY
420 PM EST MON FEB 6 2017

...................................

...THE LONDON KY CLIMATE SUMMARY FOR FEBRUARY 6 2017...
VALID TODAY AS OF 0400 PM LOCAL TIME.

CLIMATE NORMAL PERIOD 1981 TO 2010
CLIMATE RECORD PERIOD 1954 TO 2017

WEATHER ITEM   OBSERVED TIME   RECORD YEAR NORMAL DEPARTURE LAST
                VALUE   (LST)  VALUE       VALUE  FROM      YEAR
                                                  NORMAL
..................................................................
TEMPERATURE (F)
 TODAY
  MAXIMUM         63    202 PM  71    2008  47     16       47
  MINIMUM         28    713 AM   1    1978  28      0       24
  AVERAGE         46                        38      8       36

PRECIPITATION (IN)
  TODAY            0.01          1.40 2004   0.13  -0.12     0.00
  MONTH TO DATE    0.01                      0.77  -0.76     1.48
  SINCE DEC 1     10.39                      8.55   1.84     9.01
  SINCE JAN 1      4.09                      4.31  -0.22     3.56

SNOWFALL (IN)
  TODAY           MM
  MONTH TO DATE   MM
  SINCE DEC 1     MM
  SINCE JUL 1     MM
  SNOW DEPTH      MM

DEGREE DAYS
 HEATING
  TODAY           19                        27     -8       29
  MONTH TO DATE  161                       167     -6      125
  SINCE DEC 1   1647                      1900   -253     1631
  SINCE JUL 1   2238                      2730   -492     2296

 COOLING
  TODAY            0                         0      0        0
  MONTH TO DATE    0                         0      0        0
  SINCE DEC 1      0                         1     -1        0
  SINCE JAN 1      0                         0      0        0
..................................................................

WIND (MPH)
  HIGHEST WIND SPEED    16   HIGHEST WIND DIRECTION     S (200)
  HIGHEST GUST SPEED    21   HIGHEST GUST DIRECTION     S (190)
  AVERAGE WIND SPEED     3.1

SKY COVER
  POSSIBLE SUNSHINE  MM
  AVERAGE SKY COVER 0.0

WEATHER CONDITIONS
 THE FOLLOWING WEATHER WAS RECORDED TODAY.
  LIGHT RAIN
  FOG

RELATIVE HUMIDITY (PERCENT)
 HIGHEST    89           900 AM
 LOWEST     47          1200 PM
 AVERAGE    68
..........................................................

THE LONDON KY CLIMATE NORMALS FOR TOMORROW
                         NORMAL    RECORD    YEAR
 MAXIMUM TEMPERATURE (F)   48        67      2009
 MINIMUM TEMPERATURE (F)   28       -10      1978

SUNRISE AND SUNSET
FEBRUARY  6 2017......SUNRISE   734 AM EST   SUNSET   607 PM EST
FEBRUARY  7 2017......SUNRISE   733 AM EST   SUNSET   608 PM EST

-  INDICATES NEGATIVE NUMBERS.
R  INDICATES RECORD WAS SET OR TIED.
MM INDICATES DATA IS MISSING.
T  INDICATES TRACE AMOUNT.

$$

TAB
