000
CDUS43 KJKL 172023
CLILOZ

CLIMATE REPORT
NATIONAL WEATHER SERVICE JACKSON KY
423 PM EDT SUN JUL 17 2016

...................................

...THE LONDON KY CLIMATE SUMMARY FOR JULY 17 2016...
VALID TODAY AS OF 0400 PM LOCAL TIME.

CLIMATE NORMAL PERIOD 1981 TO 2010
CLIMATE RECORD PERIOD 1954 TO 2016

WEATHER ITEM   OBSERVED TIME   RECORD YEAR NORMAL DEPARTURE LAST
                VALUE   (LST)  VALUE       VALUE  FROM      YEAR
                                                  NORMAL
..................................................................
TEMPERATURE (F)
 TODAY
  MAXIMUM         87    259 PM  95    1977  87      0       90
  MINIMUM         63    514 AM  53    1970  66     -3       68
  AVERAGE         75                        76     -1       79

PRECIPITATION (IN)
  TODAY            0.00          1.50 1959   0.13  -0.13     0.00
  MONTH TO DATE    5.55                      2.24   3.31    10.25
  SINCE JUN 1      7.88                      6.64   1.24    15.22

SNOWFALL (IN)
  TODAY           MM
  MONTH TO DATE   MM
  SINCE JUN 1     MM
  SINCE JUL 1     MM
  SNOW DEPTH      MM

DEGREE DAYS
 HEATING
  TODAY            0                         0      0        0
  MONTH TO DATE    0                         0      0        0
  SINCE JUN 1      2                         9     -7        2
  SINCE JUL 1      0                         0      0        0

 COOLING
  TODAY           10                        11     -1       14
  MONTH TO DATE  207                       187     20      192
  SINCE JUN 1    506                       430     76      499
  SINCE JAN 1    608                       544     64      693
..................................................................

WIND (MPH)
  HIGHEST WIND SPEED    10   HIGHEST WIND DIRECTION     W (270)
  HIGHEST GUST SPEED    14   HIGHEST GUST DIRECTION     W (280)
  AVERAGE WIND SPEED     2.5

SKY COVER
  POSSIBLE SUNSHINE  MM
  AVERAGE SKY COVER 0.1

WEATHER CONDITIONS
 THE FOLLOWING WEATHER WAS RECORDED TODAY.
  FOG

RELATIVE HUMIDITY (PERCENT)
 HIGHEST   100           300 AM
 LOWEST     53           200 PM
 AVERAGE    77

..........................................................

THE LONDON KY CLIMATE NORMALS FOR TOMORROW
                         NORMAL    RECORD    YEAR
 MAXIMUM TEMPERATURE (F)   87        94      1968
 MINIMUM TEMPERATURE (F)   66        50      1976

SUNRISE AND SUNSET
JULY 17 2016..........SUNRISE   630 AM EDT   SUNSET   855 PM EDT
JULY 18 2016..........SUNRISE   631 AM EDT   SUNSET   854 PM EDT

-  INDICATES NEGATIVE NUMBERS.
R  INDICATES RECORD WAS SET OR TIED.
MM INDICATES DATA IS MISSING.
T  INDICATES TRACE AMOUNT.

$$

CARICO
