000
CDUS43 KJKL 070644
CLILOZ

CLIMATE REPORT
NATIONAL WEATHER SERVICE JACKSON KY
144 AM EST TUE NOV 7 2017

...................................

...THE LONDON KY CLIMATE SUMMARY FOR NOVEMBER 6 2017...

CLIMATE NORMAL PERIOD 1981 TO 2010
CLIMATE RECORD PERIOD 1954 TO 2017

WEATHER ITEM   OBSERVED TIME   RECORD YEAR NORMAL DEPARTURE LAST
                VALUE   (LST)  VALUE       VALUE  FROM      YEAR
                                                  NORMAL
..................................................................
TEMPERATURE (F)
 YESTERDAY
  MAXIMUM         72   1239 AM  79    1977  63      9       70
  MINIMUM         54   1153 PM  20    1967  39     15       37
  AVERAGE         63                        51     12       54

PRECIPITATION (IN)
  YESTERDAY        0.85          1.93 1977   0.12   0.73     0.00
  MONTH TO DATE    1.16                      0.70   0.46     0.02
  SINCE SEP 1      8.25                      7.09   1.16     2.10

SNOWFALL (IN)
  YESTERDAY       MM
  MONTH TO DATE   MM
  SINCE SEP 1     MM
  SINCE JUL 1     MM
  SNOW DEPTH      MM

DEGREE DAYS
 HEATING
  YESTERDAY        2                        14    -12       11
  MONTH TO DATE   15                        81    -66       33
  SINCE SEP 1    282                       386   -104      169
  SINCE JUL 1    282                       387   -105      169

 COOLING
  YESTERDAY        0                         0      0        0
  MONTH TO DATE    6                         0      6        7
  SINCE SEP 1    172                       164      8      284
  SINCE JAN 1   1141                      1188    -47     1507
..................................................................

WIND (MPH)
  HIGHEST WIND SPEED    22   HIGHEST WIND DIRECTION     S (200)
  HIGHEST GUST SPEED    35   HIGHEST GUST DIRECTION     S (200)
  AVERAGE WIND SPEED     8.2

SKY COVER
  POSSIBLE SUNSHINE  MM
  AVERAGE SKY COVER 1.0

WEATHER CONDITIONS
 THE FOLLOWING WEATHER WAS RECORDED YESTERDAY.
  THUNDERSTORM
  HEAVY RAIN
  RAIN
  LIGHT RAIN
  FOG

RELATIVE HUMIDITY (PERCENT)
 HIGHEST    93           700 AM
 LOWEST     66           200 AM
 AVERAGE    80

..........................................................

THE LONDON KY CLIMATE NORMALS FOR TODAY
                         NORMAL    RECORD    YEAR
 MAXIMUM TEMPERATURE (F)   62        75      1996
 MINIMUM TEMPERATURE (F)   39        20      1960

SUNRISE AND SUNSET
NOVEMBER  7 2017......SUNRISE   707 AM EST   SUNSET   533 PM EST
NOVEMBER  8 2017......SUNRISE   708 AM EST   SUNSET   532 PM EST

-  INDICATES NEGATIVE NUMBERS.
R  INDICATES RECORD WAS SET OR TIED.
MM INDICATES DATA IS MISSING.
T  INDICATES TRACE AMOUNT.

$$
