000
CDUS43 KJKL 090534
CLILOZ

CLIMATE REPORT
NATIONAL WEATHER SERVICE JACKSON KY
1234 AM EST MON JAN 9 2017


...................................

...THE LONDON KY CLIMATE SUMMARY FOR JANUARY 8 2017...

CLIMATE NORMAL PERIOD 1981 TO 2010
CLIMATE RECORD PERIOD 1954 TO 2017


WEATHER ITEM   OBSERVED TIME   RECORD YEAR NORMAL DEPARTURE LAST
                VALUE   (LST)  VALUE       VALUE  FROM      YEAR
                                                  NORMAL
..................................................................
TEMPERATURE (F)
 YESTERDAY
  MAXIMUM         23    423 PM  69    2008  44    -21       55
  MINIMUM          8   1213 AM  -3    1970  26    -18       39
  AVERAGE         16                        35    -19       47

PRECIPITATION (IN)
  YESTERDAY        0.00          1.40 1999   0.11  -0.11     0.24
  MONTH TO DATE    0.80                      0.92  -0.12     0.24
  SINCE DEC 1      7.10                      5.16   1.94     5.69

SNOWFALL (IN)
  YESTERDAY       MM
  MONTH TO DATE   MM
  SINCE DEC 1     MM
  SINCE JUL 1     MM
  SNOW DEPTH      MM

DEGREE DAYS
 HEATING
  YESTERDAY       49                        30     19       18
  MONTH TO DATE  251                       236     15      236
  SINCE DEC 1   1045                      1058    -13      711
  SINCE JUL 1   1636                      1888   -252     1376

COOLING
  YESTERDAY        0                         0      0        0
  MONTH TO DATE    0                         0      0        0
  SINCE DEC 1      0                         1     -1        0
  SINCE JAN 1      0                         0      0        0
..................................................................


WIND (MPH)
  HIGHEST WIND SPEED     9   HIGHEST WIND DIRECTION     W (280)
  HIGHEST GUST SPEED    11   HIGHEST GUST DIRECTION     W (260)
  AVERAGE WIND SPEED     2.8


SKY COVER
  POSSIBLE SUNSHINE  MM
  AVERAGE SKY COVER 0.4


WEATHER CONDITIONS
 THE FOLLOWING WEATHER WAS RECORDED YESTERDAY.
  NO SIGNIFICANT WEATHER WAS OBSERVED.


RELATIVE HUMIDITY (PERCENT)
 HIGHEST    73          1200 AM
 LOWEST     39           300 PM
 AVERAGE    56

..........................................................


THE LONDON KY CLIMATE NORMALS FOR TODAY
                         NORMAL    RECORD    YEAR
 MAXIMUM TEMPERATURE (F)   44        64      2006
 MINIMUM TEMPERATURE (F)   26        -9      1970


SUNRISE AND SUNSET
JANUARY  9 2017.......SUNRISE   750 AM EST   SUNSET   537 PM EST
JANUARY 10 2017.......SUNRISE   750 AM EST   SUNSET   538 PM EST


-  INDICATES NEGATIVE NUMBERS.
R  INDICATES RECORD WAS SET OR TIED.
MM INDICATES DATA IS MISSING.
T  INDICATES TRACE AMOUNT.




$$
