514
CDUS43 KJKL 202020
CLILOZ

CLIMATE REPORT
NATIONAL WEATHER SERVICE JACKSON KY
420 PM EDT WED APR 20 2016

...................................

...THE LONDON KY CLIMATE SUMMARY FOR APRIL 20 2016...
VALID TODAY AS OF 0400 PM LOCAL TIME.

CLIMATE NORMAL PERIOD 1981 TO 2010
CLIMATE RECORD PERIOD 1954 TO 2016

WEATHER ITEM   OBSERVED TIME   RECORD YEAR NORMAL DEPARTURE LAST
                VALUE   (LST)  VALUE       VALUE  FROM      YEAR
                                                  NORMAL
..................................................................
TEMPERATURE (F)
 TODAY
  MAXIMUM         84    259 PM  88    1964  70     14       69
  MINIMUM         55    420 AM  23    1983  46      9       51
  AVERAGE         70                        58     12       60

PRECIPITATION (IN)
  TODAY            0.00          1.20 1958   0.14  -0.14     0.07
  MONTH TO DATE    0.98                      2.62  -1.64     5.03
  SINCE MAR 1      3.11                      6.67  -3.56    10.36

SNOWFALL (IN)
  TODAY           MM
  MONTH TO DATE   MM
  SINCE MAR 1     MM
  SINCE JUL 1     MM
  SNOW DEPTH      MM

DEGREE DAYS
 HEATING
  TODAY            0                         8     -8        5
  MONTH TO DATE  216                       210      6       89
  SINCE MAR 1    615                       759   -144      613
  SINCE JUL 1   3531                      4035   -504     4234

 COOLING
  TODAY            5                         1      4        0
  MONTH TO DATE    7                        12     -5       21
  SINCE MAR 1      7                        15     -8       21
  SINCE JAN 1      7                        15     -8       21
..................................................................

WIND (MPH)
  HIGHEST WIND SPEED    14   HIGHEST WIND DIRECTION     S (200)
  HIGHEST GUST SPEED    19   HIGHEST GUST DIRECTION     S (190)
  AVERAGE WIND SPEED     4.0

SKY COVER
  POSSIBLE SUNSHINE  MM
  AVERAGE SKY COVER 0.1

WEATHER CONDITIONS
 THE FOLLOWING WEATHER WAS RECORDED TODAY.
  NO SIGNIFICANT WEATHER WAS OBSERVED.

RELATIVE HUMIDITY (PERCENT)
 HIGHEST    72           400 AM
 LOWEST     19           300 PM
 AVERAGE    46
..........................................................

THE LONDON KY CLIMATE NORMALS FOR TOMORROW
                         NORMAL    RECORD    YEAR
 MAXIMUM TEMPERATURE (F)   70        87      1963
 MINIMUM TEMPERATURE (F)   46        25      1983

SUNRISE AND SUNSET
APRIL 20 2016.........SUNRISE   655 AM EDT   SUNSET   816 PM EDT
APRIL 21 2016.........SUNRISE   653 AM EDT   SUNSET   817 PM EDT

-  INDICATES NEGATIVE NUMBERS.
R  INDICATES RECORD WAS SET OR TIED.
MM INDICATES DATA IS MISSING.
T  INDICATES TRACE AMOUNT.

$$

TAB
