000
CDUS43 KJKL 112023
CLILOZ

CLIMATE REPORT
NATIONAL WEATHER SERVICE JACKSON KY
423 PM EDT WED MAY 11 2016

...................................

...THE LONDON KY CLIMATE SUMMARY FOR MAY 11 2016...
VALID TODAY AS OF 0400 PM LOCAL TIME.

CLIMATE NORMAL PERIOD 1981 TO 2010
CLIMATE RECORD PERIOD 1954 TO 2016

WEATHER ITEM   OBSERVED TIME   RECORD YEAR NORMAL DEPARTURE LAST
                VALUE   (LST)  VALUE       VALUE  FROM      YEAR
                                                  NORMAL
..................................................................
TEMPERATURE (F)
 TODAY
  MAXIMUM         75    259 PM  88    2015  75      0       88
  MINIMUM         61    531 AM  35    1997  52      9       64
  AVERAGE         68                        64      4       76

PRECIPITATION (IN)
  TODAY            1.73          1.90 1958   0.16   1.57     0.12
  MONTH TO DATE    2.24                      1.78   0.46     0.12
  SINCE MAR 1      7.27                      9.88  -2.61    11.00

SNOWFALL (IN)
  TODAY           MM
  MONTH TO DATE   MM
  SINCE MAR 1     MM
  SINCE JUL 1     MM
  SNOW DEPTH      MM

DEGREE DAYS
 HEATING
  TODAY            0                         4     -4        0
  MONTH TO DATE   46                        48     -2       20
  SINCE MAR 1    676                       873   -197      738
  SINCE JUL 1   3592                      4149   -557     4359

 COOLING
  TODAY            3                         2      1       11
  MONTH TO DATE   18                        17      1       59
  SINCE MAR 1     40                        43     -3       82
  SINCE JAN 1     40                        43     -3       82
..................................................................

WIND (MPH)
  HIGHEST WIND SPEED    22   HIGHEST WIND DIRECTION    NW (320)
  HIGHEST GUST SPEED    31   HIGHEST GUST DIRECTION    NW (310)
  AVERAGE WIND SPEED     6.3

SKY COVER
  POSSIBLE SUNSHINE  MM
  AVERAGE SKY COVER 0.4

WEATHER CONDITIONS
 THE FOLLOWING WEATHER WAS RECORDED TODAY.
  THUNDERSTORM
  HEAVY RAIN
  RAIN
  LIGHT RAIN
  FOG

RELATIVE HUMIDITY (PERCENT)
 HIGHEST    93           700 AM
 LOWEST     69           300 PM
 AVERAGE    81

..........................................................

THE LONDON KY CLIMATE NORMALS FOR TOMORROW
                         NORMAL    RECORD    YEAR
 MAXIMUM TEMPERATURE (F)   75        89      2000
 MINIMUM TEMPERATURE (F)   52        33      1989

SUNRISE AND SUNSET
MAY 11 2016...........SUNRISE   631 AM EDT   SUNSET   835 PM EDT
MAY 12 2016...........SUNRISE   630 AM EDT   SUNSET   836 PM EDT

-  INDICATES NEGATIVE NUMBERS.
R  INDICATES RECORD WAS SET OR TIED.
MM INDICATES DATA IS MISSING.
T  INDICATES TRACE AMOUNT.

$$

CARICO
