000
CDUS43 KJKL 150621
CLILOZ

CLIMATE REPORT
NATIONAL WEATHER SERVICE JACKSON KY
120 AM EST SAT NOV 15 2014

...................................

...THE LONDON KY CLIMATE SUMMARY FOR NOVEMBER 14 2014...

CLIMATE NORMAL PERIOD 1981 TO 2010
CLIMATE RECORD PERIOD 1954 TO 2014

WEATHER ITEM   OBSERVED TIME   RECORD YEAR NORMAL DEPARTURE LAST
                VALUE   (LST)  VALUE       VALUE  FROM      YEAR
                                                  NORMAL
..................................................................
TEMPERATURE (F)
 YESTERDAY
  MAXIMUM         31    410 PM  79    1993  59    -28       57
  MINIMUM         20   1135 PM  12    1969  37    -17       21
  AVERAGE         26                        48    -22       39

PRECIPITATION (IN)
  YESTERDAY        T             1.51 2007   0.13  -0.13     0.00
  MONTH TO DATE    1.46                      1.61  -0.15     0.73
  SINCE SEP 1     11.20                      8.00   3.20     6.89
  SINCE JAN 1      MM                       40.68    MM     47.93

SNOWFALL (IN)
  YESTERDAY       MM
  MONTH TO DATE   MM
  SINCE SEP 1     MM
  SINCE JUL 1     MM
  SNOW DEPTH      MM

DEGREE DAYS
 HEATING
  YESTERDAY       39                        17     22       26
  MONTH TO DATE  293                       208     85      245
  SINCE SEP 1    538                       513     25      489
  SINCE JUL 1    538                       514     24      489

 COOLING
  YESTERDAY        0                         0      0        0
  MONTH TO DATE    0                         0      0        0
  SINCE SEP 1    193                       164     29      191
  SINCE JAN 1     MM                      1188     MM     1083
..................................................................

WIND (MPH)
  HIGHEST WIND SPEED    13   HIGHEST WIND DIRECTION     N (20)
  HIGHEST GUST SPEED    17   HIGHEST GUST DIRECTION     N (360)
  AVERAGE WIND SPEED     5.1

SKY COVER
  POSSIBLE SUNSHINE  MM
  AVERAGE SKY COVER 0.9

WEATHER CONDITIONS
 THE FOLLOWING WEATHER WAS RECORDED YESTERDAY.
  NO SIGNIFICANT WEATHER WAS OBSERVED.

RELATIVE HUMIDITY (PERCENT)
 HIGHEST    77          1100 PM
 LOWEST     43           300 PM
 AVERAGE    60
..........................................................

THE LONDON KY CLIMATE NORMALS FOR TODAY
                         NORMAL    RECORD    YEAR
 MAXIMUM TEMPERATURE (F)   59        76      1964
 MINIMUM TEMPERATURE (F)   37        10      1969

SUNRISE AND SUNSET
NOVEMBER 15 2014......SUNRISE   715 AM EST   SUNSET   526 PM EST
NOVEMBER 16 2014......SUNRISE   716 AM EST   SUNSET   526 PM EST

-  INDICATES NEGATIVE NUMBERS.
R  INDICATES RECORD WAS SET OR TIED.
MM INDICATES DATA IS MISSING.
T  INDICATES TRACE AMOUNT.

$$
GREIF
