000
CDUS43 KJKL 162021
CLILOZ

CLIMATE REPORT
NATIONAL WEATHER SERVICE JACKSON KY
421 PM EDT SUN AUG 16 2015


...................................

...THE LONDON KY CLIMATE SUMMARY FOR AUGUST 16 2015...
VALID TODAY AS OF 0400 PM LOCAL TIME.

CLIMATE NORMAL PERIOD 1981 TO 2010
CLIMATE RECORD PERIOD 1954 TO 2015


WEATHER ITEM   OBSERVED TIME   RECORD YEAR NORMAL DEPARTURE LAST
                VALUE   (LST)  VALUE       VALUE  FROM      YEAR
                                                  NORMAL
..................................................................
TEMPERATURE (F)
 TODAY
  MAXIMUM         89    229 PM 102    2007  86      3       82
  MINIMUM         64    638 AM  47    1963  65     -1       58
  AVERAGE         77                        76      1       70

PRECIPITATION (IN)
  TODAY            0.00          1.40 1986   0.13  -0.13      T
  MONTH TO DATE    1.28                      2.04  -0.76     2.06
  SINCE JUN 1     17.48                     10.48   7.00    11.77
  SINCE JAN 1     37.40                     31.01   6.39    30.76

SNOWFALL (IN)
  TODAY           MM
  MONTH TO DATE   MM
  SINCE JUN 1     MM
  SINCE JUL 1     MM
  SNOW DEPTH      MM

DEGREE DAYS
 HEATING
  TODAY            0                         0      0        0
  MONTH TO DATE    0                         0      0        0
  SINCE JUN 1      2                         9     -7        0
  SINCE JUL 1      0                         0      0        0

 COOLING
  TODAY           12                        10      2        5
  MONTH TO DATE  168                       175     -7      132
  SINCE JUN 1    865                       768     97      689
  SINCE JAN 1   1059                       882    177      855
..................................................................


WIND (MPH)
  HIGHEST WIND SPEED     8   HIGHEST WIND DIRECTION    NE (40)
  HIGHEST GUST SPEED    10   HIGHEST GUST DIRECTION     W (290)
  AVERAGE WIND SPEED     1.2


SKY COVER
  POSSIBLE SUNSHINE  MM
  AVERAGE SKY COVER 0.3


WEATHER CONDITIONS
 THE FOLLOWING WEATHER WAS RECORDED TODAY.
  FOG
  FOG W/VISIBILITY <= 1/4 MILE
  HAZE


RELATIVE HUMIDITY (PERCENT)
 HIGHEST    87           200 AM
 LOWEST     43           200 PM
 AVERAGE    65

..........................................................


THE LONDON KY CLIMATE NORMALS FOR TOMORROW
                         NORMAL    RECORD    YEAR
 MAXIMUM TEMPERATURE (F)   86        99      1988
 MINIMUM TEMPERATURE (F)   65        51      1979


SUNRISE AND SUNSET
AUGUST 16 2015........SUNRISE   654 AM EDT   SUNSET   827 PM EDT
AUGUST 17 2015........SUNRISE   654 AM EDT   SUNSET   826 PM EDT


-  INDICATES NEGATIVE NUMBERS.
R  INDICATES RECORD WAS SET OR TIED.
MM INDICATES DATA IS MISSING.
T  INDICATES TRACE AMOUNT.


$$

CARICO
