000
CDUS43 KJKL 192023
CLILOZ

CLIMATE REPORT
NATIONAL WEATHER SERVICE JACKSON KY
423 PM EDT SUN JUL 19 2015

...................................

...THE LONDON KY CLIMATE SUMMARY FOR JULY 19 2015...
VALID TODAY AS OF 0400 PM LOCAL TIME.

CLIMATE NORMAL PERIOD 1981 TO 2010
CLIMATE RECORD PERIOD 1954 TO 2015


WEATHER ITEM   OBSERVED TIME   RECORD YEAR NORMAL DEPARTURE LAST
                VALUE   (LST)  VALUE       VALUE  FROM      YEAR
                                                  NORMAL
..................................................................
TEMPERATURE (F)
 TODAY
  MAXIMUM         92    222 PM  96    1980  86      6       76
  MINIMUM         73    527 AM  53    1976  66      7       63
  AVERAGE         83                        76      7       70

PRECIPITATION (IN)
  TODAY            0.00          1.78 2012   0.13  -0.13     0.60
  MONTH TO DATE   10.54                      2.51   8.03     5.59
  SINCE JUN 1     15.51                      6.91   8.60     8.30
  SINCE JAN 1     35.43                     27.44   7.99    27.29

SNOWFALL (IN)
  TODAY           MM
  MONTH TO DATE   MM
  SINCE JUN 1     MM
  SINCE JUL 1     MM
  SNOW DEPTH      MM

DEGREE DAYS
 HEATING
  TODAY            0                         0      0        0
  MONTH TO DATE    0                         0      0        0
  SINCE JUN 1      2                         9     -7        0
  SINCE JUL 1      0                         0      0        0

 COOLING
  TODAY           18                        11      7        5
  MONTH TO DATE  228                       209     19      178
  SINCE JUN 1    535                       452     83      460
  SINCE JAN 1    729                       566    163      626
..................................................................


WIND (MPH)
  HIGHEST WIND SPEED    14   HIGHEST WIND DIRECTION     W (260)
  HIGHEST GUST SPEED    17   HIGHEST GUST DIRECTION     W (260)
  AVERAGE WIND SPEED     4.3


SKY COVER
  POSSIBLE SUNSHINE  MM
  AVERAGE SKY COVER 0.2


WEATHER CONDITIONS
 THE FOLLOWING WEATHER WAS RECORDED TODAY.
  NO SIGNIFICANT WEATHER WAS OBSERVED.


RELATIVE HUMIDITY (PERCENT)
 HIGHEST    87           400 AM
 LOWEST     52           200 PM
 AVERAGE    70

..........................................................


THE LONDON KY CLIMATE NORMALS FOR TOMORROW
                         NORMAL    RECORD    YEAR
 MAXIMUM TEMPERATURE (F)   86        95      2008
 MINIMUM TEMPERATURE (F)   66        54      2009


SUNRISE AND SUNSET
JULY 19 2015..........SUNRISE   631 AM EDT   SUNSET   854 PM EDT
JULY 20 2015..........SUNRISE   632 AM EDT   SUNSET   853 PM EDT


-  INDICATES NEGATIVE NUMBERS.
R  INDICATES RECORD WAS SET OR TIED.
MM INDICATES DATA IS MISSING.
T  INDICATES TRACE AMOUNT.

$$

CARICO
