000
CDUS43 KJKL 070550
CLILOZ

CLIMATE REPORT
NATIONAL WEATHER SERVICE JACKSON KY
1250 AM EST SUN DEC 7 2014

...................................

...THE LONDON KY CLIMATE SUMMARY FOR DECEMBER 6 2014...

CLIMATE NORMAL PERIOD 1981 TO 2010
CLIMATE RECORD PERIOD 1954 TO 2014

WEATHER ITEM   OBSERVED TIME   RECORD YEAR NORMAL DEPARTURE LAST
                VALUE   (LST)  VALUE       VALUE  FROM      YEAR
                                                  NORMAL
..................................................................
TEMPERATURE (F)
 YESTERDAY
  MAXIMUM         58    557 AM  74    1998  50      8       43
  MINIMUM         40   1159 PM   5    1977  31      9       34
  AVERAGE         49                        41      8       39

PRECIPITATION (IN)
  YESTERDAY        0.59          2.05 2013   0.15   0.44     2.05
  MONTH TO DATE    1.83                      0.86   0.97     2.76
  SINCE DEC 1      1.83                      0.86   0.97     2.76
  SINCE JAN 1        MM                     43.76     MM    52.74

SNOWFALL (IN)
  YESTERDAY       MM
  MONTH TO DATE   MM
  SINCE DEC 1     MM
  SINCE JUL 1     MM
  SNOW DEPTH      MM

DEGREE DAYS
 HEATING
  YESTERDAY       16                        24     -8       26
  MONTH TO DATE  101                       141    -40       95
  SINCE DEC 1    101                       141    -40       95
  SINCE JUL 1   1045                       971     74      962

 COOLING
  YESTERDAY        0                         0      0        0
  MONTH TO DATE    0                         0      0        0
  SINCE DEC 1      0                         0      0        0
  SINCE JAN 1     MM                      1190     MM     1083
..................................................................

WIND (MPH)
  HIGHEST WIND SPEED    21   HIGHEST WIND DIRECTION     N (350)
  HIGHEST GUST SPEED    29   HIGHEST GUST DIRECTION    NE (50)
  AVERAGE WIND SPEED    10.8

SKY COVER
  POSSIBLE SUNSHINE  MM
  AVERAGE SKY COVER 1.0

WEATHER CONDITIONS
 THE FOLLOWING WEATHER WAS RECORDED YESTERDAY.
  HEAVY RAIN
  RAIN
  LIGHT RAIN
  FOG

RELATIVE HUMIDITY (PERCENT)
 HIGHEST    89           400 PM
 LOWEST     70          1100 PM
 AVERAGE    80
..........................................................

THE LONDON KY CLIMATE NORMALS FOR TODAY
                         NORMAL    RECORD    YEAR
 MAXIMUM TEMPERATURE (F)   50        71      2004
 MINIMUM TEMPERATURE (F)   31         3      1977

SUNRISE AND SUNSET
DECEMBER  7 2014......SUNRISE   736 AM EST   SUNSET   519 PM EST
DECEMBER  8 2014......SUNRISE   737 AM EST   SUNSET   519 PM EST

-  INDICATES NEGATIVE NUMBERS.
R  INDICATES RECORD WAS SET OR TIED.
MM INDICATES DATA IS MISSING.
T  INDICATES TRACE AMOUNT.

$$

RAY
