719
CDUS43 KJKL 140551
CLILOZ

CLIMATE REPORT
NATIONAL WEATHER SERVICE JACKSON KY
150 AM EDT THU JUL 14 2016

...................................

...THE LONDON KY CLIMATE SUMMARY FOR JULY 13 2016...

CLIMATE NORMAL PERIOD 1981 TO 2010
CLIMATE RECORD PERIOD 1954 TO 2016

WEATHER ITEM   OBSERVED TIME   RECORD YEAR NORMAL DEPARTURE LAST
                VALUE   (LST)  VALUE       VALUE  FROM      YEAR
                                                  NORMAL
..................................................................
TEMPERATURE (F)
 YESTERDAY
  MAXIMUM         89    536 PM  95    1966  87      2       90
  MINIMUM         69    557 AM  55    1974  66      3       69
  AVERAGE         79                        76      3       80

PRECIPITATION (IN)
  YESTERDAY        0.00          1.23 1956   0.12  -0.12     0.06
  MONTH TO DATE    5.33                      1.71   3.62     6.85
  SINCE JUN 1      7.66                      6.11   1.55    11.82

SNOWFALL (IN)
  YESTERDAY       MM
  MONTH TO DATE   MM
  SINCE JUN 1     MM
  SINCE JUL 1     MM
  SNOW DEPTH      MM

DEGREE DAYS
 HEATING
  YESTERDAY        0                         0      0        0
  MONTH TO DATE    0                         0      0        0
  SINCE JUN 1      2                         9     -7        2
  SINCE JUL 1      0                         0      0        0

 COOLING
  YESTERDAY       14                        11      3       15
  MONTH TO DATE  157                       143     14      146
  SINCE JUN 1    456                       386     70      453
  SINCE JAN 1    558                       500     58      647
..................................................................

WIND (MPH)
  HIGHEST WIND SPEED    15   HIGHEST WIND DIRECTION     W (270)
  HIGHEST GUST SPEED    20   HIGHEST GUST DIRECTION     W (250)
  AVERAGE WIND SPEED     5.3

SKY COVER
  POSSIBLE SUNSHINE  MM
  AVERAGE SKY COVER 0.2

WEATHER CONDITIONS
 THE FOLLOWING WEATHER WAS RECORDED YESTERDAY.
  NO SIGNIFICANT WEATHER WAS OBSERVED.

RELATIVE HUMIDITY (PERCENT)
 HIGHEST    97           100 AM
 LOWEST     50           500 PM
 AVERAGE    74
..........................................................

THE LONDON KY CLIMATE NORMALS FOR TODAY
                         NORMAL    RECORD    YEAR
 MAXIMUM TEMPERATURE (F)   87        96      1966
 MINIMUM TEMPERATURE (F)   66        52      1964

SUNRISE AND SUNSET
JULY 14 2016..........SUNRISE   628 AM EDT   SUNSET   856 PM EDT
JULY 15 2016..........SUNRISE   629 AM EDT   SUNSET   856 PM EDT

-  INDICATES NEGATIVE NUMBERS.
R  INDICATES RECORD WAS SET OR TIED.
MM INDICATES DATA IS MISSING.
T  INDICATES TRACE AMOUNT.

$$
GREIF
