000
CDUS43 KJKL 060611
CLILOZ

CLIMATE REPORT
NATIONAL WEATHER SERVICE JACKSON KY
110 AM EST THU NOV 6 2014

...................................

...THE LONDON KY CLIMATE SUMMARY FOR NOVEMBER 5 2014...

CLIMATE NORMAL PERIOD 1981 TO 2010
CLIMATE RECORD PERIOD 1954 TO 2014

WEATHER ITEM   OBSERVED TIME   RECORD YEAR NORMAL DEPARTURE LAST
                VALUE   (LST)  VALUE       VALUE  FROM      YEAR
                                                  NORMAL
..................................................................
TEMPERATURE (F)
 YESTERDAY
  MAXIMUM         60    206 AM  79    1975  63     -3       67
  MINIMUM         50   1216 PM  14    1991  40     10       45
  AVERAGE         55                        51      4       56

PRECIPITATION (IN)
  YESTERDAY        1.14          1.37 1988   0.11   1.03     0.00
  MONTH TO DATE    1.16                      0.58   0.58     0.33
  SINCE SEP 1     10.90                      6.97   3.93     6.49
  SINCE JAN 1        MM                     39.65     MM    47.53

SNOWFALL (IN)
  YESTERDAY       MM
  MONTH TO DATE   MM
  SINCE SEP 1     MM
  SINCE JUL 1     MM
  SNOW DEPTH      MM

DEGREE DAYS
 HEATING
  YESTERDAY       10                        14     -4        9
  MONTH TO DATE   95                        67     28       60
  SINCE SEP 1    340                       372    -32      304
  SINCE JUL 1    340                       373    -33      304

 COOLING
  YESTERDAY        0                         0      0        0
  MONTH TO DATE    0                         0      0        0
  SINCE SEP 1    193                       164     29      191
  SINCE JAN 1     MM                      1188     MM     1083
..................................................................

WIND (MPH)
  HIGHEST WIND SPEED    10   HIGHEST WIND DIRECTION    SW (230)
  HIGHEST GUST SPEED    17   HIGHEST GUST DIRECTION    SW (240)
  AVERAGE WIND SPEED     4.0

SKY COVER
  POSSIBLE SUNSHINE  MM
  AVERAGE SKY COVER 1.0

WEATHER CONDITIONS
 THE FOLLOWING WEATHER WAS RECORDED YESTERDAY.
  RAIN
  LIGHT RAIN
  FOG

RELATIVE HUMIDITY (PERCENT)
 HIGHEST    93           900 AM
 LOWEST     32           200 AM
 AVERAGE    63

..........................................................

THE LONDON KY CLIMATE NORMALS FOR TODAY
                         NORMAL    RECORD    YEAR
 MAXIMUM TEMPERATURE (F)   63        79      1977
 MINIMUM TEMPERATURE (F)   39        20      1967

SUNRISE AND SUNSET
NOVEMBER  6 2014......SUNRISE   706 AM EST   SUNSET   534 PM EST
NOVEMBER  7 2014......SUNRISE   707 AM EST   SUNSET   533 PM EST

-  INDICATES NEGATIVE NUMBERS.
R  INDICATES RECORD WAS SET OR TIED.
MM INDICATES DATA IS MISSING.
T  INDICATES TRACE AMOUNT.

$$
