941
CDUS43 KJKL 260641
CLILOZ

CLIMATE REPORT
NATIONAL WEATHER SERVICE JACKSON KY
141 AM EST TUE JAN 26 2016

...................................

...THE LONDON KY CLIMATE SUMMARY FOR JANUARY 25 2016...

CLIMATE NORMAL PERIOD 1981 TO 2010
CLIMATE RECORD PERIOD 1954 TO 2016

WEATHER ITEM   OBSERVED TIME   RECORD YEAR NORMAL DEPARTURE LAST
                VALUE   (LST)  VALUE       VALUE  FROM      YEAR
                                                  NORMAL
..................................................................
TEMPERATURE (F)
 YESTERDAY
  MAXIMUM         49    959 PM  71    1967  45      4       52
  MINIMUM         12    805 AM -10    1963  26    -14       30
  AVERAGE         31                        36     -5       41

PRECIPITATION (IN)
  YESTERDAY        0.00          1.53 1978   0.11  -0.11     0.10
  MONTH TO DATE    2.07                      2.84  -0.77     2.25
  SINCE DEC 1      7.52                      7.08   0.44     6.06
  SINCE JAN 1      2.07                      2.84  -0.77     2.25

SNOWFALL (IN)
  YESTERDAY       MM
  MONTH TO DATE   MM
  SINCE DEC 1     MM
  SINCE JUL 1     MM
  SNOW DEPTH      MM

DEGREE DAYS
 HEATING
  YESTERDAY       34                        29      5       24
  MONTH TO DATE  870                       742    128      753
  SINCE DEC 1   1345                      1564   -219     1476
  SINCE JUL 1   2010                      2394   -384     2420

 COOLING
  YESTERDAY        0                         0      0        0
  MONTH TO DATE    0                         0      0        0
  SINCE DEC 1      0                         1     -1        0
  SINCE JAN 1      0                         0      0        0
..................................................................

WIND (MPH)
  HIGHEST WIND SPEED    15   HIGHEST WIND DIRECTION     S (180)
  HIGHEST GUST SPEED    20   HIGHEST GUST DIRECTION     S (180)
  AVERAGE WIND SPEED     4.9

SKY COVER
  POSSIBLE SUNSHINE  MM
  AVERAGE SKY COVER 0.2

WEATHER CONDITIONS
 THE FOLLOWING WEATHER WAS RECORDED YESTERDAY.
  FOG
  FOG W/VISIBILITY <= 1/4 MILE
  HAZE

RELATIVE HUMIDITY (PERCENT)
 HIGHEST    92           200 AM
 LOWEST     34           500 PM
 AVERAGE    63

..........................................................

THE LONDON KY CLIMATE NORMALS FOR TODAY
                         NORMAL    RECORD    YEAR
 MAXIMUM TEMPERATURE (F)   45        71      1962
 MINIMUM TEMPERATURE (F)   26         3      1987

SUNRISE AND SUNSET
JANUARY 26 2016.......SUNRISE   744 AM EST   SUNSET   554 PM EST
JANUARY 27 2016.......SUNRISE   743 AM EST   SUNSET   555 PM EST

-  INDICATES NEGATIVE NUMBERS.
R  INDICATES RECORD WAS SET OR TIED.
MM INDICATES DATA IS MISSING.
T  INDICATES TRACE AMOUNT.

$$
