000
CDUS43 KJKL 060538
CLILOZ

CLIMATE REPORT
NATIONAL WEATHER SERVICE JACKSON KY
138 AM EDT SAT SEP 6 2014


...................................

...THE LONDON KY CLIMATE SUMMARY FOR SEPTEMBER 5 2014...

CLIMATE NORMAL PERIOD 1981 TO 2010
CLIMATE RECORD PERIOD 1954 TO 2014


WEATHER ITEM   OBSERVED TIME   RECORD YEAR NORMAL DEPARTURE LAST
                VALUE   (LST)  VALUE       VALUE  FROM      YEAR
                                                  NORMAL
..................................................................
TEMPERATURE (F)
 YESTERDAY
  MAXIMUM         85    347 PM  97    2007  83      2       83
  MINIMUM         68    540 AM  44    1997  61      7       55
  AVERAGE         77                        72      5       69

PRECIPITATION (IN)
  YESTERDAY        0.00          1.81 2011   0.10  -0.10     0.00
  MONTH TO DATE    0.59                      0.53   0.06     0.67
  SINCE SEP 1      0.59                      0.53   0.06     0.67
  SINCE JAN 1     35.39                     33.21   2.18    41.71

SNOWFALL (IN)
  YESTERDAY       MM
  MONTH TO DATE   MM
  SINCE SEP 1     MM
  SINCE JUL 1     MM
  SNOW DEPTH      MM

DEGREE DAYS
 HEATING
  YESTERDAY        0                         0      0        0
  MONTH TO DATE    0                         0      0        0
  SINCE SEP 1      0                         0      0        0
  SINCE JUL 1      0                         1     -1        0

COOLING
  YESTERDAY       12                         7      5        4
  MONTH TO DATE   67                        39     28       41
  SINCE SEP 1     67                        39     28       41
  SINCE JAN 1   1121                      1063     58      933
..................................................................


WIND (MPH)
  HIGHEST WIND SPEED    13   HIGHEST WIND DIRECTION    SW (240)
  HIGHEST GUST SPEED    16   HIGHEST GUST DIRECTION    SW (240)
  AVERAGE WIND SPEED     2.2


SKY COVER
  POSSIBLE SUNSHINE  MM
  AVERAGE SKY COVER 0.1


WEATHER CONDITIONS
 THE FOLLOWING WEATHER WAS RECORDED YESTERDAY.
  FOG


RELATIVE HUMIDITY (PERCENT)
 HIGHEST    97           100 AM
 LOWEST     61           400 PM
 AVERAGE    79

..........................................................


THE LONDON KY CLIMATE NORMALS FOR TODAY
                         NORMAL    RECORD    YEAR
 MAXIMUM TEMPERATURE (F)   83        95      1998
 MINIMUM TEMPERATURE (F)   61        45      1988


SUNRISE AND SUNSET
SEPTEMBER  6 2014.....SUNRISE   711 AM EDT   SUNSET   758 PM EDT
SEPTEMBER  7 2014.....SUNRISE   712 AM EDT   SUNSET   756 PM EDT


-  INDICATES NEGATIVE NUMBERS.
R  INDICATES RECORD WAS SET OR TIED.
MM INDICATES DATA IS MISSING.
T  INDICATES TRACE AMOUNT.

$$
