000
CDUS43 KJKL 230546
CLILOZ

CLIMATE REPORT
NATIONAL WEATHER SERVICE JACKSON KY
145 AM EDT SUN AUG 23 2015

...................................

...THE LONDON KY CLIMATE SUMMARY FOR AUGUST 22 2015...

CLIMATE NORMAL PERIOD 1981 TO 2010
CLIMATE RECORD PERIOD 1954 TO 2015

WEATHER ITEM   OBSERVED TIME   RECORD YEAR NORMAL DEPARTURE LAST
                VALUE   (LST)  VALUE       VALUE  FROM      YEAR
                                                  NORMAL
..................................................................
TEMPERATURE (F)
 YESTERDAY
  MAXIMUM         85    445 PM  98    1983  86     -1       90
  MINIMUM         59    622 AM  46    1956  64     -5       71
  AVERAGE         72                        75     -3       81

PRECIPITATION (IN)
  YESTERDAY        0.00          1.00 1984   0.11  -0.11     0.00
  MONTH TO DATE    2.76                      2.74   0.02     3.51
  SINCE JUN 1     18.96                     11.18   7.78    13.22
  SINCE JAN 1     38.88                     31.71   7.17    32.21

SNOWFALL (IN)
  YESTERDAY       MM
  MONTH TO DATE   MM
  SINCE JUN 1     MM
  SINCE JUL 1     MM
  SNOW DEPTH      MM

DEGREE DAYS
 HEATING
  YESTERDAY        0                         0      0        0
  MONTH TO DATE    0                         0      0        0
  SINCE JUN 1      2                         9     -7        0
  SINCE JUL 1      0                         0      0        0

 COOLING
  YESTERDAY        7                        10     -3       16
  MONTH TO DATE  219                       235    -16      210
  SINCE JUN 1    916                       828     88      767
  SINCE JAN 1   1110                       942    168      933
..................................................................

WIND (MPH)
  HIGHEST WIND SPEED     9   HIGHEST WIND DIRECTION     W (270)
  HIGHEST GUST SPEED    11   HIGHEST GUST DIRECTION     W (260)
  AVERAGE WIND SPEED     1.7

SKY COVER
  POSSIBLE SUNSHINE  MM
  AVERAGE SKY COVER 0.0

WEATHER CONDITIONS
 THE FOLLOWING WEATHER WAS RECORDED YESTERDAY.
  NO SIGNIFICANT WEATHER WAS OBSERVED.

RELATIVE HUMIDITY (PERCENT)
 HIGHEST    84          1200 AM
 LOWEST     43           400 PM
 AVERAGE    64
..........................................................

THE LONDON KY CLIMATE NORMALS FOR TODAY
                         NORMAL    RECORD    YEAR
 MAXIMUM TEMPERATURE (F)   86       101      2007
 MINIMUM TEMPERATURE (F)   64        48      1956

SUNRISE AND SUNSET
AUGUST 23 2015........SUNRISE   659 AM EDT   SUNSET   818 PM EDT
AUGUST 24 2015........SUNRISE   700 AM EDT   SUNSET   817 PM EDT

-  INDICATES NEGATIVE NUMBERS.
R  INDICATES RECORD WAS SET OR TIED.
MM INDICATES DATA IS MISSING.
T  INDICATES TRACE AMOUNT.

$$
GREIF
