000
CDUS43 KJKL 142036
CLILOZ

CLIMATE REPORT
NATIONAL WEATHER SERVICE JACKSON KY
436 PM EDT THU AUG 14 2014

...................................

...THE LONDON KY CLIMATE SUMMARY FOR AUGUST 14 2014...
VALID TODAY AS OF 0400 PM LOCAL TIME.

CLIMATE NORMAL PERIOD 1981 TO 2010
CLIMATE RECORD PERIOD 1954 TO 2014


WEATHER ITEM   OBSERVED TIME   RECORD YEAR NORMAL DEPARTURE LAST
                VALUE   (LST)  VALUE       VALUE  FROM      YEAR
                                                  NORMAL
..................................................................
TEMPERATURE (F)
 TODAY
  MAXIMUM         81    253 PM  94    2007  86     -5       73
                                      1988
  MINIMUM         56    650 AM  48    1964  65     -9       57
  AVERAGE         69                        76     -7       65

PRECIPITATION (IN)
  TODAY            0.00          1.23 2010   0.12  -0.12     0.00
  MONTH TO DATE    2.06                      1.79   0.27     2.47
  SINCE JUN 1        MM                     10.23     MM    16.90
  SINCE JAN 1        MM                     30.76     MM    39.91

SNOWFALL (IN)
  TODAY           MM
  MONTH TO DATE   MM
  SINCE JUN 1     MM
  SINCE JUL 1     MM
  SNOW DEPTH      MM

DEGREE DAYS
 HEATING
  TODAY            0                         0      0        0
  MONTH TO DATE    0                         0      0        0
  SINCE JUN 1      0                         9     -9        0
  SINCE JUL 1      0                         0      0        0

 COOLING
  TODAY            4                        11     -7        0
  MONTH TO DATE  120                       154    -34      122
  SINCE JUN 1     MM                       747     MM      624
  SINCE JAN 1     MM                       861     MM      724
..................................................................

WIND (MPH)
  HIGHEST WIND SPEED     9   HIGHEST WIND DIRECTION     W (290)
  HIGHEST GUST SPEED    14   HIGHEST GUST DIRECTION    SW (240)
  AVERAGE WIND SPEED     1.5


SKY COVER
  POSSIBLE SUNSHINE  MM
  AVERAGE SKY COVER 0.4


WEATHER CONDITIONS
 THE FOLLOWING WEATHER WAS RECORDED TODAY.
  FOG
  FOG W/VISIBILITY <= 1/4 MILE


RELATIVE HUMIDITY (PERCENT)
 HIGHEST    93           300 AM
 LOWEST     51           300 PM
 AVERAGE    72

..........................................................


THE LONDON KY CLIMATE NORMALS FOR TOMORROW
                         NORMAL    RECORD    YEAR
 MAXIMUM TEMPERATURE (F)   86        99      2007
 MINIMUM TEMPERATURE (F)   65        49      1964


SUNRISE AND SUNSET
AUGUST 14 2014........SUNRISE   652 AM EDT   SUNSET   829 PM EDT
AUGUST 15 2014........SUNRISE   653 AM EDT   SUNSET   828 PM EDT


-  INDICATES NEGATIVE NUMBERS.
R  INDICATES RECORD WAS SET OR TIED.
MM INDICATES DATA IS MISSING.
T  INDICATES TRACE AMOUNT.

$$

JVM
