000
CDUS43 KJKL 210547
CLILOZ

CLIMATE REPORT
NATIONAL WEATHER SERVICE JACKSON KY
1247 AM EST SAT FEB 21 2015
..................................

...THE LONDON KY CLIMATE SUMMARY FOR FEBRUARY 20 2015...

CLIMATE NORMAL PERIOD 1981 TO 2010
CLIMATE RECORD PERIOD 1954 TO 2015

WEATHER ITEM   OBSERVED TIME   RECORD YEAR NORMAL DEPARTURE LAST
                VALUE   (LST)  VALUE       VALUE  FROM      YEAR
                                                  NORMAL
..................................................................
TEMPERATURE (F)
 YESTERDAY
  MAXIMUM         28   1103 PM  74    1986  51    -23       72
  MINIMUM        -17R   750 AM  -6    1960  30    -47       42
  AVERAGE          6                        41    -35       57

PRECIPITATION (IN)
  YESTERDAY        0.03          0.61 1967   0.13  -0.10     0.00
  MONTH TO DATE    2.12                      2.61  -0.49     3.23
  SINCE DEC 1      8.31                     10.39  -2.08    11.95
  SINCE JAN 1      4.50                      6.15  -1.65     5.51

SNOWFALL (IN)
  YESTERDAY       MM
  MONTH TO DATE   MM
  SINCE DEC 1     MM
  SINCE JUL 1     MM
  SNOW DEPTH      MM

DEGREE DAYS
 HEATING
  YESTERDAY       59                        24     35        8
  MONTH TO DATE  725                       527    198      564
  SINCE DEC 1   2390                      2260    130     2428
  SINCE JUL 1   3334                      3090    244     3295

 COOLING
  YESTERDAY        0                         0      0        0
  MONTH TO DATE    0                         0      0        0
  SINCE DEC 1      0                         1     -1        0
  SINCE JAN 1      0                         0      0        0
..................................................................

WIND (MPH)
  HIGHEST WIND SPEED    12   HIGHEST WIND DIRECTION     S (190)
  HIGHEST GUST SPEED    15   HIGHEST GUST DIRECTION     S (190)
  AVERAGE WIND SPEED     3.0

SKY COVER
  POSSIBLE SUNSHINE  MM
  AVERAGE SKY COVER 0.3

WEATHER CONDITIONS
 THE FOLLOWING WEATHER WAS RECORDED YESTERDAY.
  LIGHT SNOW
  HAZE

RELATIVE HUMIDITY (PERCENT)
 HIGHEST    72           800 AM
 LOWEST     25           500 PM
 AVERAGE    49
..........................................................

THE LONDON KY CLIMATE NORMALS FOR TODAY
                         NORMAL    RECORD    YEAR
 MAXIMUM TEMPERATURE (F)   51        70      1980
 MINIMUM TEMPERATURE (F)   31         3      1963

SUNRISE AND SUNSET
FEBRUARY 21 2015......SUNRISE   718 AM EST   SUNSET   622 PM EST
FEBRUARY 22 2015......SUNRISE   717 AM EST   SUNSET   623 PM EST

-  INDICATES NEGATIVE NUMBERS.
R  INDICATES RECORD WAS SET OR TIED.
MM INDICATES DATA IS MISSING.
T  INDICATES TRACE AMOUNT.

$$
