000
CDUS43 KJKL 050542
CLILOZ

CLIMATE REPORT
NATIONAL WEATHER SERVICE JACKSON KY
142 AM EDT FRI SEP 5 2014


...................................

...THE LONDON KY CLIMATE SUMMARY FOR SEPTEMBER 4 2014...

CLIMATE NORMAL PERIOD 1981 TO 2010
CLIMATE RECORD PERIOD 1954 TO 2014


WEATHER ITEM   OBSERVED TIME   RECORD YEAR NORMAL DEPARTURE LAST
                VALUE   (LST)  VALUE       VALUE  FROM      YEAR
                                                  NORMAL
..................................................................
TEMPERATURE (F)
 YESTERDAY
  MAXIMUM         84   1210 PM  94    2007  83      1       81
  MINIMUM         70    651 AM  49    1997  61      9       58
  AVERAGE         77                        72      5       70

PRECIPITATION (IN)
  YESTERDAY        0.22          1.72 2003   0.12   0.10     0.00
  MONTH TO DATE    0.59                      0.43   0.16     0.67
  SINCE SEP 1        MM                      0.43     MM     0.67
  SINCE JAN 1        MM                     33.11     MM    41.71

SNOWFALL (IN)
  YESTERDAY       MM
  MONTH TO DATE   MM
  SINCE SEP 1     MM
  SINCE JUL 1     MM
  SNOW DEPTH      MM

DEGREE DAYS
 HEATING
  YESTERDAY        0                         0      0        0
  MONTH TO DATE    0                         0      0        0
  SINCE SEP 1      0                         0      0        0
  SINCE JUL 1      0                         1     -1        0

COOLING
  YESTERDAY       12                         8      4        5
  MONTH TO DATE   55                        32     23       37
  SINCE SEP 1     MM                        32     MM       37
  SINCE JAN 1     MM                      1056     MM      929
..................................................................


WIND (MPH)
  HIGHEST WIND SPEED    15   HIGHEST WIND DIRECTION     S (160)
  HIGHEST GUST SPEED    22   HIGHEST GUST DIRECTION     S (160)
  AVERAGE WIND SPEED     2.8


SKY COVER
  POSSIBLE SUNSHINE  MM
  AVERAGE SKY COVER 0.4


WEATHER CONDITIONS
 THE FOLLOWING WEATHER WAS RECORDED YESTERDAY.
  THUNDERSTORM
  HEAVY RAIN
  LIGHT RAIN
  FOG
  FOG W/VISIBILITY <= 1/4 MILE


RELATIVE HUMIDITY (PERCENT)
 HIGHEST    97           300 AM
 LOWEST     65          1100 AM
 AVERAGE    81

..........................................................


THE LONDON KY CLIMATE NORMALS FOR TODAY
                         NORMAL    RECORD    YEAR
 MAXIMUM TEMPERATURE (F)   83        97      2007
 MINIMUM TEMPERATURE (F)   61        44      1997


SUNRISE AND SUNSET
SEPTEMBER  5 2014.....SUNRISE   710 AM EDT   SUNSET   759 PM EDT
SEPTEMBER  6 2014.....SUNRISE   711 AM EDT   SUNSET   758 PM EDT


-  INDICATES NEGATIVE NUMBERS.
R  INDICATES RECORD WAS SET OR TIED.
MM INDICATES DATA IS MISSING.
T  INDICATES TRACE AMOUNT.

$$
