000
CDUS43 KJKL 052021
CLILOZ

CLIMATE REPORT
NATIONAL WEATHER SERVICE JACKSON KY
420 PM EDT FRI MAY 5 2017


...................................

...THE LONDON KY CLIMATE SUMMARY FOR MAY 5 2017...
VALID TODAY AS OF 0400 PM LOCAL TIME.

CLIMATE NORMAL PERIOD 1981 TO 2010
CLIMATE RECORD PERIOD 1954 TO 2017


WEATHER ITEM   OBSERVED TIME   RECORD YEAR NORMAL DEPARTURE LAST
                VALUE   (LST)  VALUE       VALUE  FROM      YEAR
                                                  NORMAL
..................................................................
TEMPERATURE (F)
 TODAY
  MAXIMUM         57   1219 PM  90    1959  74    -17       54
  MINIMUM         49    440 AM  33    2011  50     -1       41
                                      1957
  AVERAGE         53                        62     -9       48

PRECIPITATION (IN)
  TODAY            0.32          1.51 2013   0.16   0.16     0.09
  MONTH TO DATE    2.17                      0.78   1.39     0.49
  SINCE MAR 1     12.53                      8.88   3.65     5.52

SNOWFALL (IN)
  TODAY           MM
  MONTH TO DATE   MM
  SINCE MAR 1     MM
  SINCE JUL 1     MM
  SNOW DEPTH      MM

DEGREE DAYS
 HEATING
  TODAY           12                         4      8       17
  MONTH TO DATE   22                        24     -2       33
  SINCE MAR 1    659                       849   -190      663
  SINCE JUL 1   3254                      4125   -871     3579

 COOLING
  TODAY            0                         1     -1        0
  MONTH TO DATE    0                         5     -5        6
  SINCE MAR 1     57                        31     26       28
  SINCE JAN 1     57                        31     26       28
..................................................................


WIND (MPH)
  HIGHEST WIND SPEED    15   HIGHEST WIND DIRECTION    NW (300)
  HIGHEST GUST SPEED    20   HIGHEST GUST DIRECTION     W (290)
  AVERAGE WIND SPEED     5.8


SKY COVER
  POSSIBLE SUNSHINE  MM
  AVERAGE SKY COVER 0.9


WEATHER CONDITIONS
 THE FOLLOWING WEATHER WAS RECORDED TODAY.
  RAIN
  LIGHT RAIN
  FOG


RELATIVE HUMIDITY (PERCENT)
 HIGHEST    96           700 AM
 LOWEST     86          1200 AM
 AVERAGE    91

..........................................................


THE LONDON KY CLIMATE NORMALS FOR TOMORROW
                         NORMAL    RECORD    YEAR
 MAXIMUM TEMPERATURE (F)   74        88      1959
 MINIMUM TEMPERATURE (F)   51        31      1968


SUNRISE AND SUNSET
MAY  5 2017...........SUNRISE   637 AM EDT   SUNSET   829 PM EDT
MAY  6 2017...........SUNRISE   636 AM EDT   SUNSET   830 PM EDT


-  INDICATES NEGATIVE NUMBERS.
R  INDICATES RECORD WAS SET OR TIED.
MM INDICATES DATA IS MISSING.
T  INDICATES TRACE AMOUNT.




$$
