625
CDUS43 KJKL 080608
CLILOZ

CLIMATE REPORT
NATIONAL WEATHER SERVICE JACKSON KY
1245 AM EST WED FEB 8 2017

...................................

...THE LONDON KY CLIMATE SUMMARY FOR FEBRUARY 7 2017...

CLIMATE NORMAL PERIOD 1981 TO 2010
CLIMATE RECORD PERIOD 1954 TO 2017

WEATHER ITEM   OBSERVED TIME   RECORD YEAR NORMAL DEPARTURE LAST
                VALUE   (LST)  VALUE       VALUE  FROM      YEAR
                                                  NORMAL
..................................................................
TEMPERATURE (F)
 YESTERDAY
  MAXIMUM         68R  1230 PM  67    2009  48     20       53
  MINIMUM         51   1149 PM -10    1978  28     23       23
  AVERAGE         60                        38     22       38

PRECIPITATION (IN)
  YESTERDAY        0.14          0.65 1991   0.13   0.01     0.00
  MONTH TO DATE    0.18                      0.90  -0.72     1.48
  SINCE DEC 1     10.56                      8.68   1.88     9.01
  SINCE JAN 1      4.26                      4.44  -0.18     3.56

SNOWFALL (IN)
  YESTERDAY       MM
  MONTH TO DATE   MM
  SINCE DEC 1     MM
  SINCE JUL 1     MM
  SNOW DEPTH      MM

DEGREE DAYS
 HEATING
  YESTERDAY        5                        27    -22       27
  MONTH TO DATE  166                       194    -28      152
  SINCE DEC 1   1652                      1927   -275     1658
  SINCE JUL 1   2243                      2757   -514     2323

 COOLING
  YESTERDAY        0                         0      0        0
  MONTH TO DATE    0                         0      0        0
  SINCE DEC 1      0                         1     -1        0
  SINCE JAN 1      0                         0      0        0
..................................................................

WIND (MPH)
  HIGHEST WIND SPEED    28   HIGHEST WIND DIRECTION    SW (220)
  HIGHEST GUST SPEED    42   HIGHEST GUST DIRECTION     S (200)
  AVERAGE WIND SPEED    11.2

SKY COVER
  POSSIBLE SUNSHINE  MM
  AVERAGE SKY COVER 0.8

WEATHER CONDITIONS
 THE FOLLOWING WEATHER WAS RECORDED YESTERDAY.
  THUNDERSTORM
  RAIN
  LIGHT RAIN
  FOG

RELATIVE HUMIDITY (PERCENT)
 HIGHEST    89          1100 PM
 LOWEST     44           800 AM
 AVERAGE    67
..........................................................

THE LONDON KY CLIMATE NORMALS FOR TODAY
                         NORMAL    RECORD    YEAR
 MAXIMUM TEMPERATURE (F)   48        70      2009
 MINIMUM TEMPERATURE (F)   28        -3      1967

SUNRISE AND SUNSET
FEBRUARY  8 2017......SUNRISE   732 AM EST   SUNSET   609 PM EST
FEBRUARY  9 2017......SUNRISE   731 AM EST   SUNSET   610 PM EST

-  INDICATES NEGATIVE NUMBERS.
R  INDICATES RECORD WAS SET OR TIED.
MM INDICATES DATA IS MISSING.
T  INDICATES TRACE AMOUNT.

$$

SHALLENBERGER
