000
CDUS43 KJKL 132020
CLILOZ

CLIMATE REPORT
NATIONAL WEATHER SERVICE JACKSON KY
420 PM EDT THU JUL 13 2017

...................................

...THE LONDON KY CLIMATE SUMMARY FOR JULY 13 2017...
VALID TODAY AS OF 0400 PM LOCAL TIME.

CLIMATE NORMAL PERIOD 1981 TO 2010
CLIMATE RECORD PERIOD 1954 TO 2017

WEATHER ITEM   OBSERVED TIME   RECORD YEAR NORMAL DEPARTURE LAST
                VALUE   (LST)  VALUE       VALUE  FROM      YEAR
                                                  NORMAL
..................................................................
TEMPERATURE (F)
 TODAY
  MAXIMUM         88    253 PM  95    1966  87      1       89
  MINIMUM         72    429 AM  55    1974  66      6       69
  AVERAGE         80                        76      4       79

PRECIPITATION (IN)
  TODAY            0.02          1.23 1956   0.12  -0.10     0.00
  MONTH TO DATE    3.40                      1.71   1.69     5.33
  SINCE JUN 1      7.88                      6.11   1.77     7.66

SNOWFALL (IN)
  TODAY           MM
  MONTH TO DATE   MM
  SINCE JUN 1     MM
  SINCE JUL 1     MM
  SNOW DEPTH      MM

DEGREE DAYS
 HEATING
  TODAY            0                         0      0        0
  MONTH TO DATE    0                         0      0        0
  SINCE JUN 1      3                         9     -6        2
  SINCE JUL 1      0                         0      0        0

 COOLING
  TODAY           15                        11      4       14
  MONTH TO DATE  149                       143      6      157
  SINCE JUN 1    336                       386    -50      456
  SINCE JAN 1    487                       500    -13      558
..................................................................

WIND (MPH)
  HIGHEST WIND SPEED    20   HIGHEST WIND DIRECTION     W (270)
  HIGHEST GUST SPEED    26   HIGHEST GUST DIRECTION     W (260)
  AVERAGE WIND SPEED     6.0

SKY COVER
  POSSIBLE SUNSHINE  MM
  AVERAGE SKY COVER 0.2

WEATHER CONDITIONS
 THE FOLLOWING WEATHER WAS RECORDED TODAY.
  THUNDERSTORM
  LIGHT RAIN

RELATIVE HUMIDITY (PERCENT)
 HIGHEST    87           200 AM
 LOWEST     57          1100 AM
 AVERAGE    72

..........................................................

THE LONDON KY CLIMATE NORMALS FOR TOMORROW
                         NORMAL    RECORD    YEAR
 MAXIMUM TEMPERATURE (F)   87        96      1966
 MINIMUM TEMPERATURE (F)   66        52      1964

SUNRISE AND SUNSET
JULY 13 2017..........SUNRISE   627 AM EDT   SUNSET   857 PM EDT
JULY 14 2017..........SUNRISE   628 AM EDT   SUNSET   856 PM EDT

-  INDICATES NEGATIVE NUMBERS.
R  INDICATES RECORD WAS SET OR TIED.
MM INDICATES DATA IS MISSING.
T  INDICATES TRACE AMOUNT.

$$

CARICO
